{"id":31890,"date":"2018-01-14T14:47:24","date_gmt":"2018-01-14T14:47:24","guid":{"rendered":"https:\/\/www.urlaubcornwall.de\/blog\/?page_id=31890"},"modified":"2024-04-15T15:42:05","modified_gmt":"2024-04-15T15:42:05","slug":"die-besten-ferienhaeuser-sussex-historische-kueste-wunderschoenen-south-downs","status":"publish","type":"page","link":"https:\/\/www.urlaubcornwall.de\/blog\/die-besten-ferienhaeuser-sussex-historische-kueste-wunderschoenen-south-downs\/","title":{"rendered":"Die besten Ferienh\u00e4user in Sussex &#8211; historische K\u00fcste &#038; wundersch\u00f6nen South Downs"},"content":{"rendered":"<p><img loading=\"lazy\" class=\"aligncenter size-full wp-image-31892\" src=\"https:\/\/www.urlaubcornwall.de\/blog\/wp-content\/uploads\/2018\/01\/besten-ferienhaus-sussex.jpg\" alt=\"besten ferienhaus sussex\" width=\"746\" height=\"488\" srcset=\"https:\/\/www.urlaubcornwall.de\/blog\/wp-content\/uploads\/2018\/01\/besten-ferienhaus-sussex.jpg 744w, https:\/\/www.urlaubcornwall.de\/blog\/wp-content\/uploads\/2018\/01\/besten-ferienhaus-sussex-300x197.jpg 300w\" sizes=\"(max-width: 746px) 100vw, 746px\" \/><\/p>\n<p>W\u00e4hrend Ihres Urlaubs in Sussex k\u00f6nnen Sie in einem der zahlreichen Stile an Cottages unterkommen, die f\u00fcr die Gegend einzigartig sind; doch kann es schwierig sein, die perfekte Unterkunft online zu finden. Wir haben eine Liste unserer 5 Favoriten zusammengestellt, um bei der Probleml\u00f6sung zu helfen.<\/p>\n<p>Traditionelle Sussex Cottages werden aus \u00f6rtlich vorhandenen Materialien erbaut, und oftmals wird f\u00fcr Geb\u00e4ude um die South Downs herum Feuerstein benutzt. Im gesamten Sussex wurden zahlreiche Cottages mit Holzrahmen und Ziegeln aus \u00f6rtlich vorhandenem Ton errichtet. \u00dcbernachten Sie in einem der vielen quintessentiellen Sussex Cottages oder in einem modernen zeitgen\u00f6ssischen Ferienhaus f\u00fcr einen perfekten Urlaub in S\u00fcdengland; es gibt jede Menge Auswahl.<\/p>\n<h1><strong><a href=\"https:\/\/www.urlaubcornwall.de\/ferienhaeuser-fewos\/eng\/sussex\/battle.html\">The Thatched Cottage \u2013 Hastings und Battle<\/a><\/strong><\/h1>\n<p>Dieses wundersch\u00f6ne reetgedeckte Ferienhaus des 17. Jahrhunderts in der N\u00e4he der Stadt Battle bietet Ihnen w\u00e4hrend Ihres Urlaubs in Sussex all den Komfort des modernen Lebens. Dieses quintessentielle englische Cottage befindet sich in wundervollen G\u00e4rten in sehr privater Lage, die im Hintergrund in einen Wald \u00fcbergehen.<\/p>\n<p><img loading=\"lazy\" class=\"aligncenter size-full wp-image-31893\" src=\"https:\/\/www.urlaubcornwall.de\/blog\/wp-content\/uploads\/2018\/01\/landhaus-sussex.jpg\" alt=\"landhaus sussex\" width=\"746\" height=\"406\" srcset=\"https:\/\/www.urlaubcornwall.de\/blog\/wp-content\/uploads\/2018\/01\/landhaus-sussex.jpg 744w, https:\/\/www.urlaubcornwall.de\/blog\/wp-content\/uploads\/2018\/01\/landhaus-sussex-300x164.jpg 300w\" sizes=\"(max-width: 746px) 100vw, 746px\" \/><\/p>\n<h1><strong>&nbsp;<a href=\"https:\/\/www.urlaubcornwall.de\/ferienhaeuser-fewos\/eng\/sussex\/sussex.html\">The Water Tower \u2013 Sussex Weald<\/a><\/strong><\/h1>\n<p>The Water Tower ist ein einzigartiges Ferienhaus, f\u00fcr Paare ein perfekter R\u00fcckzugsort auf dem Lande. Im Sussex Weald gelegen, in unmittelbarer N\u00e4he zum Ashdown Forest, ist es eine ideale Lage zum Wandern und um die Umgebung zu genie\u00dfen. The Water Tower bietet fabelhaften Blick \u00fcber die Landschaft.<\/p>\n<p><img loading=\"lazy\" class=\"aligncenter size-full wp-image-31894\" src=\"https:\/\/www.urlaubcornwall.de\/blog\/wp-content\/uploads\/2018\/01\/492690.jpg\" alt=\"ferienhaus sussex\" width=\"746\" height=\"404\" srcset=\"https:\/\/www.urlaubcornwall.de\/blog\/wp-content\/uploads\/2018\/01\/492690.jpg 744w, https:\/\/www.urlaubcornwall.de\/blog\/wp-content\/uploads\/2018\/01\/492690-300x163.jpg 300w\" sizes=\"(max-width: 746px) 100vw, 746px\" \/><\/p>\n<h1><a href=\"https:\/\/www.urlaubcornwall.de\/ferienhaeuser-fewos\/eng\/sussex\/sussex.html\"><strong>The Vane Cottage \u2013 The Sussex Downs<\/strong><\/a><\/h1>\n<p>Ein traditionelles &nbsp;Sussex Landcottage in den South Downs und lediglich etwas mehr als 3km von Lewes entfernt. Auf dem Grundst\u00fcck des Besitzers gelegen, bietet Ihnen dieses wundervolle Cottage alles, was Sie brauchen k\u00f6nnten f\u00fcr einen entspannenden und erholsamen Urlaub in S\u00fcdengland.<\/p>\n<p><img loading=\"lazy\" class=\"aligncenter size-full wp-image-31895\" src=\"https:\/\/www.urlaubcornwall.de\/blog\/wp-content\/uploads\/2018\/01\/cottage-sussex.jpg\" alt=\"cottage sussex\" width=\"744\" height=\"408\" srcset=\"https:\/\/www.urlaubcornwall.de\/blog\/wp-content\/uploads\/2018\/01\/cottage-sussex.jpg 744w, https:\/\/www.urlaubcornwall.de\/blog\/wp-content\/uploads\/2018\/01\/cottage-sussex-300x165.jpg 300w\" sizes=\"(max-width: 744px) 100vw, 744px\" \/><\/p>\n<h1><a href=\"https:\/\/www.urlaubcornwall.de\/ferienhaeuser-fewos\/eng\/sussex\/rye.html\"><strong>Whitebeam \u2013 Camber Sands<\/strong><\/a><\/h1>\n<p>Whitebeam ist ein luxuri\u00f6ses, modernes, hundefreundliches Feriencottage im Badeort Camber. Das Haus ist im traditionellen Sussex Stil erbaut mit wei\u00dfem Bretterverschlag und befindet sich lediglich einen 5min\u00fctigen Spaziergang vom Sandstrand bei Camber entfernt und lediglich 4,8km von der historischen Stadt Rye.<\/p>\n<p><img loading=\"lazy\" class=\"aligncenter size-full wp-image-31896\" src=\"https:\/\/www.urlaubcornwall.de\/blog\/wp-content\/uploads\/2018\/01\/ferienhaus-am-meer-sussex.jpg\" alt=\"ferienhaus am meer sussex\" width=\"746\" height=\"424\" srcset=\"https:\/\/www.urlaubcornwall.de\/blog\/wp-content\/uploads\/2018\/01\/ferienhaus-am-meer-sussex.jpg 745w, https:\/\/www.urlaubcornwall.de\/blog\/wp-content\/uploads\/2018\/01\/ferienhaus-am-meer-sussex-300x171.jpg 300w\" sizes=\"(max-width: 746px) 100vw, 746px\" \/><\/p>\n<h1><a href=\"https:\/\/www.urlaubcornwall.de\/ferienhaeuser-fewos\/eng\/sussex\/sussex-am-meer.html\"><strong>Sea Pinks \u2013 Die Sussex k\u00fcste<\/strong><\/a><\/h1>\n<p>Ein traditionelles Cottage des 17. Jahrhunderts an der K\u00fcste von Sussex; lediglich Momente von den wundersch\u00f6nen Str\u00e4nden von Selsey Bill entfernt. Sea Pinks ist aus dem traditionellen Sussex Feuerstein errichtet und bietet Ihnen ein komfortables und zur Entspannung einladendes Feriencottage, wo Sie im Garten sitzen und entspannen und das Meeresrauschen und den Gesang der Meeresv\u00f6gel genie\u00dfen k\u00f6nnen.<\/p>\n<p><img loading=\"lazy\" class=\"aligncenter size-full wp-image-31898\" src=\"https:\/\/www.urlaubcornwall.de\/blog\/wp-content\/uploads\/2018\/01\/1564663.jpg\" alt=\"\" width=\"745\" height=\"422\" srcset=\"https:\/\/www.urlaubcornwall.de\/blog\/wp-content\/uploads\/2018\/01\/1564663.jpg 745w, https:\/\/www.urlaubcornwall.de\/blog\/wp-content\/uploads\/2018\/01\/1564663-300x170.jpg 300w\" sizes=\"(max-width: 745px) 100vw, 745px\" \/><\/p>\n<div class=\"snippet\"> <a class=\"featured-item\" href=\"https:\/\/www.urlaubcornwall.de\/ferienhaeuser\/sussex.php\"> <span class=\"image-holder\" style=\"background-image: url(' https:\/\/www.urlaubcornwall.de\/blog\/wp-content\/uploads\/2018\/12\/ferienhaus-cornwall-mit-hund.jpg ');\"><\/span> <span class=\"featured-content\"> \n<h2 class=\"featured-title\">Ferienh\u00e4user in Sussex zum Verlieben!<\/h2>\n<p class=\"featured-body\">Die K\u00fcste von Sussex beinhaltet hervorragenden Blick, wie zu den Seven Sisters hin und klassische Urlaubsorte am Meer wie Eastbourne, Worthing und Bognor Regis&#8230;..<\/p><\/span> <span class=\"featured-link-holder\"> <span class=\"featured-extra-info\"> \n<p>F\u00fcr Paare, Familien &#038; Gruppen<\/p>\n<\/span> \n<p class=\"featured-link\">DETAILS<\/p>\n<\/span> <\/a><\/div>\n<p style=\"text-align: center;\">UrlaubCornwall verf\u00fcgt Ferienh\u00e4user und Ferienwohnungen f\u00fcr Ihren <a href=\"https:\/\/www.urlaubcornwall.de\/reiseziel\/suedengland.php\">Urlaub in Sudengland<\/a>. Unterk\u00fcnfte der Spitzenklasse f\u00fcr 2 Personen, Familien und Gruppen mit 6, 8, 10 oder 12 G\u00e4sten.<\/p>\n","protected":false},"excerpt":{"rendered":"<p>W\u00e4hrend Ihres Urlaubs in Sussex k\u00f6nnen Sie in einem der zahlreichen Stile an Cottages unterkommen, die f\u00fcr die Gegend einzigartig sind; doch kann es schwierig sein, die perfekte Unterkunft online zu finden. Wir haben eine Liste unserer 5 Favoriten zusammengestellt, um bei der Probleml\u00f6sung zu helfen. Traditionelle Sussex Cottages werden aus \u00f6rtlich vorhandenen Materialien erbaut, [&hellip;]<\/p>\n","protected":false},"author":1,"featured_media":0,"parent":0,"menu_order":0,"comment_status":"closed","ping_status":"closed","template":"single-four.php","meta":[],"acf":[],"yoast_head":"<!-- This site is optimized with the Yoast SEO plugin v19.4 - https:\/\/yoast.com\/wordpress\/plugins\/seo\/ -->\n<title>Die besten Ferienh\u00e4user in Sussex - historische K\u00fcste &amp; wundersch\u00f6nen South Downs - Urlaub &amp; Reisen<\/title>\n<meta name=\"robots\" content=\"index, follow, max-snippet:-1, max-image-preview:large, max-video-preview:-1\" \/>\n<link rel=\"canonical\" href=\"https:\/\/www.urlaubcornwall.de\/blog\/die-besten-ferienhaeuser-sussex-historische-kueste-wunderschoenen-south-downs\/\" \/>\n<meta property=\"og:locale\" content=\"en_US\" \/>\n<meta property=\"og:type\" content=\"article\" \/>\n<meta property=\"og:title\" content=\"Die besten Ferienh\u00e4user in Sussex - historische K\u00fcste &amp; wundersch\u00f6nen South Downs - Urlaub &amp; Reisen\" \/>\n<meta property=\"og:description\" content=\"W\u00e4hrend Ihres Urlaubs in Sussex k\u00f6nnen Sie in einem der zahlreichen Stile an Cottages unterkommen, die f\u00fcr die Gegend einzigartig sind; doch kann es schwierig sein, die perfekte Unterkunft online zu finden. Wir haben eine Liste unserer 5 Favoriten zusammengestellt, um bei der Probleml\u00f6sung zu helfen. Traditionelle Sussex Cottages werden aus \u00f6rtlich vorhandenen Materialien erbaut, [&hellip;]\" \/>\n<meta property=\"og:url\" content=\"https:\/\/www.urlaubcornwall.de\/blog\/die-besten-ferienhaeuser-sussex-historische-kueste-wunderschoenen-south-downs\/\" \/>\n<meta property=\"og:site_name\" content=\"Urlaub &amp; Reisen\" \/>\n<meta property=\"article:modified_time\" content=\"2024-04-15T15:42:05+00:00\" \/>\n<meta property=\"og:image\" content=\"https:\/\/www.urlaubcornwall.de\/blog\/wp-content\/uploads\/2018\/01\/besten-ferienhaus-sussex.jpg\" \/>\n<meta name=\"twitter:card\" content=\"summary\" \/>\n<meta name=\"twitter:label1\" content=\"Est. reading time\" \/>\n\t<meta name=\"twitter:data1\" content=\"4 minutes\" \/>\n<script type=\"application\/ld+json\" class=\"yoast-schema-graph\">{\"@context\":\"https:\/\/schema.org\",\"@graph\":[{\"@type\":\"WebSite\",\"@id\":\"https:\/\/www.urlaubcornwall.de\/blog\/#website\",\"url\":\"https:\/\/www.urlaubcornwall.de\/blog\/\",\"name\":\"Urlaub &amp; Reisen\",\"description\":\"Urlaub, Reisen, Cornwall und S\u00fcdengland: eine perfekte Kombination\",\"potentialAction\":[{\"@type\":\"SearchAction\",\"target\":{\"@type\":\"EntryPoint\",\"urlTemplate\":\"https:\/\/www.urlaubcornwall.de\/blog\/?s={search_term_string}\"},\"query-input\":\"required name=search_term_string\"}],\"inLanguage\":\"en-US\"},{\"@type\":\"WebPage\",\"@id\":\"https:\/\/www.urlaubcornwall.de\/blog\/die-besten-ferienhaeuser-sussex-historische-kueste-wunderschoenen-south-downs\/\",\"url\":\"https:\/\/www.urlaubcornwall.de\/blog\/die-besten-ferienhaeuser-sussex-historische-kueste-wunderschoenen-south-downs\/\",\"name\":\"Die besten Ferienh\u00e4user in Sussex - historische K\u00fcste & wundersch\u00f6nen South Downs - Urlaub &amp; Reisen\",\"isPartOf\":{\"@id\":\"https:\/\/www.urlaubcornwall.de\/blog\/#website\"},\"datePublished\":\"2018-01-14T14:47:24+00:00\",\"dateModified\":\"2024-04-15T15:42:05+00:00\",\"breadcrumb\":{\"@id\":\"https:\/\/www.urlaubcornwall.de\/blog\/die-besten-ferienhaeuser-sussex-historische-kueste-wunderschoenen-south-downs\/#breadcrumb\"},\"inLanguage\":\"en-US\",\"potentialAction\":[{\"@type\":\"ReadAction\",\"target\":[\"https:\/\/www.urlaubcornwall.de\/blog\/die-besten-ferienhaeuser-sussex-historische-kueste-wunderschoenen-south-downs\/\"]}]},{\"@type\":\"BreadcrumbList\",\"@id\":\"https:\/\/www.urlaubcornwall.de\/blog\/die-besten-ferienhaeuser-sussex-historische-kueste-wunderschoenen-south-downs\/#breadcrumb\",\"itemListElement\":[{\"@type\":\"ListItem\",\"position\":1,\"name\":\"Home\",\"item\":\"https:\/\/www.urlaubcornwall.de\/blog\/\"},{\"@type\":\"ListItem\",\"position\":2,\"name\":\"Die besten Ferienh\u00e4user in Sussex &#8211; historische K\u00fcste &#038; wundersch\u00f6nen South Downs\"}]}]}<\/script>\n<!-- \/ Yoast SEO plugin. -->","yoast_head_json":{"title":"Die besten Ferienh\u00e4user in Sussex - historische K\u00fcste & wundersch\u00f6nen South Downs - Urlaub &amp; Reisen","robots":{"index":"index","follow":"follow","max-snippet":"max-snippet:-1","max-image-preview":"max-image-preview:large","max-video-preview":"max-video-preview:-1"},"canonical":"https:\/\/www.urlaubcornwall.de\/blog\/die-besten-ferienhaeuser-sussex-historische-kueste-wunderschoenen-south-downs\/","og_locale":"en_US","og_type":"article","og_title":"Die besten Ferienh\u00e4user in Sussex - historische K\u00fcste & wundersch\u00f6nen South Downs - Urlaub &amp; Reisen","og_description":"W\u00e4hrend Ihres Urlaubs in Sussex k\u00f6nnen Sie in einem der zahlreichen Stile an Cottages unterkommen, die f\u00fcr die Gegend einzigartig sind; doch kann es schwierig sein, die perfekte Unterkunft online zu finden. Wir haben eine Liste unserer 5 Favoriten zusammengestellt, um bei der Probleml\u00f6sung zu helfen. Traditionelle Sussex Cottages werden aus \u00f6rtlich vorhandenen Materialien erbaut, [&hellip;]","og_url":"https:\/\/www.urlaubcornwall.de\/blog\/die-besten-ferienhaeuser-sussex-historische-kueste-wunderschoenen-south-downs\/","og_site_name":"Urlaub &amp; Reisen","article_modified_time":"2024-04-15T15:42:05+00:00","og_image":[{"url":"https:\/\/www.urlaubcornwall.de\/blog\/wp-content\/uploads\/2018\/01\/besten-ferienhaus-sussex.jpg"}],"twitter_card":"summary","twitter_misc":{"Est. reading time":"4 minutes"},"schema":{"@context":"https:\/\/schema.org","@graph":[{"@type":"WebSite","@id":"https:\/\/www.urlaubcornwall.de\/blog\/#website","url":"https:\/\/www.urlaubcornwall.de\/blog\/","name":"Urlaub &amp; Reisen","description":"Urlaub, Reisen, Cornwall und S\u00fcdengland: eine perfekte Kombination","potentialAction":[{"@type":"SearchAction","target":{"@type":"EntryPoint","urlTemplate":"https:\/\/www.urlaubcornwall.de\/blog\/?s={search_term_string}"},"query-input":"required name=search_term_string"}],"inLanguage":"en-US"},{"@type":"WebPage","@id":"https:\/\/www.urlaubcornwall.de\/blog\/die-besten-ferienhaeuser-sussex-historische-kueste-wunderschoenen-south-downs\/","url":"https:\/\/www.urlaubcornwall.de\/blog\/die-besten-ferienhaeuser-sussex-historische-kueste-wunderschoenen-south-downs\/","name":"Die besten Ferienh\u00e4user in Sussex - historische K\u00fcste & wundersch\u00f6nen South Downs - Urlaub &amp; Reisen","isPartOf":{"@id":"https:\/\/www.urlaubcornwall.de\/blog\/#website"},"datePublished":"2018-01-14T14:47:24+00:00","dateModified":"2024-04-15T15:42:05+00:00","breadcrumb":{"@id":"https:\/\/www.urlaubcornwall.de\/blog\/die-besten-ferienhaeuser-sussex-historische-kueste-wunderschoenen-south-downs\/#breadcrumb"},"inLanguage":"en-US","potentialAction":[{"@type":"ReadAction","target":["https:\/\/www.urlaubcornwall.de\/blog\/die-besten-ferienhaeuser-sussex-historische-kueste-wunderschoenen-south-downs\/"]}]},{"@type":"BreadcrumbList","@id":"https:\/\/www.urlaubcornwall.de\/blog\/die-besten-ferienhaeuser-sussex-historische-kueste-wunderschoenen-south-downs\/#breadcrumb","itemListElement":[{"@type":"ListItem","position":1,"name":"Home","item":"https:\/\/www.urlaubcornwall.de\/blog\/"},{"@type":"ListItem","position":2,"name":"Die besten Ferienh\u00e4user in Sussex &#8211; historische K\u00fcste &#038; wundersch\u00f6nen South Downs"}]}]}},"_links":{"self":[{"href":"https:\/\/www.urlaubcornwall.de\/blog\/wp-json\/wp\/v2\/pages\/31890"}],"collection":[{"href":"https:\/\/www.urlaubcornwall.de\/blog\/wp-json\/wp\/v2\/pages"}],"about":[{"href":"https:\/\/www.urlaubcornwall.de\/blog\/wp-json\/wp\/v2\/types\/page"}],"author":[{"embeddable":true,"href":"https:\/\/www.urlaubcornwall.de\/blog\/wp-json\/wp\/v2\/users\/1"}],"replies":[{"embeddable":true,"href":"https:\/\/www.urlaubcornwall.de\/blog\/wp-json\/wp\/v2\/comments?post=31890"}],"version-history":[{"count":9,"href":"https:\/\/www.urlaubcornwall.de\/blog\/wp-json\/wp\/v2\/pages\/31890\/revisions"}],"predecessor-version":[{"id":49721,"href":"https:\/\/www.urlaubcornwall.de\/blog\/wp-json\/wp\/v2\/pages\/31890\/revisions\/49721"}],"wp:attachment":[{"href":"https:\/\/www.urlaubcornwall.de\/blog\/wp-json\/wp\/v2\/media?parent=31890"}],"curies":[{"name":"wp","href":"https:\/\/api.w.org\/{rel}","templated":true}]}}