{"id":31780,"date":"2018-01-04T15:18:22","date_gmt":"2018-01-04T15:18:22","guid":{"rendered":"https:\/\/www.urlaubcornwall.de\/blog\/?page_id=31780"},"modified":"2022-11-24T12:14:07","modified_gmt":"2022-11-24T12:14:07","slug":"5-sterne-luxus-hotel-strand-st-helier-urlaub-jersey-meer","status":"publish","type":"page","link":"https:\/\/www.urlaubcornwall.de\/blog\/5-sterne-luxus-hotel-strand-st-helier-urlaub-jersey-meer\/","title":{"rendered":"5 Sterne Luxushotel am Strand St Helier &#8211; Urlaub in Jersey am Meer"},"content":{"rendered":"<p><img loading=\"lazy\" class=\"aligncenter size-full wp-image-31781\" src=\"https:\/\/www.urlaubcornwall.de\/blog\/wp-content\/uploads\/2018\/01\/Grand-Jersey-Hotel-wellness-Spa-zimmer-mit-meerblick.jpg\" alt=\"Grand Jersey Hotel wellness Spa zimmer mit meerblick\" width=\"748\" height=\"421\" srcset=\"https:\/\/www.urlaubcornwall.de\/blog\/wp-content\/uploads\/2018\/01\/Grand-Jersey-Hotel-wellness-Spa-zimmer-mit-meerblick.jpg 748w, https:\/\/www.urlaubcornwall.de\/blog\/wp-content\/uploads\/2018\/01\/Grand-Jersey-Hotel-wellness-Spa-zimmer-mit-meerblick-300x169.jpg 300w\" sizes=\"(max-width: 748px) 100vw, 748px\" \/><br \/>\nDie gr\u00f6\u00dfte der <a href=\"https:\/\/www.urlaubcornwall.de\/reiseziel\/kanalinseln\/\">Kanalinseln<\/a> ist <a href=\"https:\/\/www.urlaubcornwall.de\/reiseziel\/kanalinseln\/jersey.php\">Jersey<\/a>. Ihre Landschaft ist vielf\u00e4ltig und atemberaubend und reicht von schimmernden einsamen Buchten und h\u00fcgeligem Ackerland bis hin zu herrlichem Blick von den Klippen aus. Dies ist der Ort, um ruhige Landwege entlang zu radeln, sich stundenlang an wundersch\u00f6nen Str\u00e4nden aufzuhalten und das ruhige Leben.<\/p>\n<h1><a href=\"https:\/\/www.booking.com\/hotel\/gb\/grand-jersey.html?aid=1320750&amp;no_rooms=1&amp;group_adults=2&amp;room1=A%2CA\" rel=\"nofollow\"><strong>Grand Jersey Luxus Hotel &amp; Spa<\/strong><\/a><\/h1>\n<p><strong>Lage<\/strong><\/p>\n<p>Dieses Hotel am Strand liegt im Stadtzentrum und ist dank der hervorragenden Lage (St-Helier) zu Fu\u00df gerade mal 15 Minuten entfernt von: Jersey Opera House, Jersey Museum und Elizabeth Castle. Ebenfalls nur 5 km entfernt: Jersey War Tunnels &#8211; German Underground Hospital und La Hougue Bie.<\/p>\n<p><strong>Hotelausstattung<\/strong><\/p>\n<p>Dieses Hotel verf\u00fcgt \u00fcber 2 Restaurants, die f\u00fcr Ihr kulinarisches Wohlergehen sorgen. Dar\u00fcber hinaus bietet Ihnen Grand Jersey Hotel &amp; Spa vielf\u00e4ltige M\u00f6glichkeiten f\u00fcr einen unvergesslichen Urlaub. Genie\u00dfen Sie die warmen Sonnenstrahlen am Strand oder verw\u00f6hnen Sie K\u00f6rper, Geist und Seele im Wellnessbereich.<\/p>\n<p><strong>Zimmerausstattung<\/strong><\/p>\n<p>Alle 123 individuell ausgestatteten Zimmer bieten Ihnen kostenloses WLAN und einen Zimmerservice (rund um die Uhr). F\u00fcr Unterhaltung ist durch LCD-Fernseher, Kabelempfang und DVD-Player bestens gesorgt und die Zimmer verf\u00fcgen \u00fcber Ausstattungshighlights wie Badem\u00e4ntel und Hausschuhe.<\/p>\n<h2>Suche Hotels in Jersey\n<p><ins class=\"bookingaff\" data-aid=\"2294396\" data-target_aid=\"2294396\" data-prod=\"map\" data-width=\"100%\" data-height=\"590\" data-lang=\"ualng\" data-dest_id=\"0\" data-dest_type=\"landmark\" data-latitude=\"49.1805019\" data-longitude=\"-2.103233\" data-landmark_name=\"St Helier\" data-mwhsb=\"0\" data-address=\"St Helier, Jersey\"><br \/>\n    <!-- Anything inside will go away once widget is loaded. --><br \/>\n        <a href=\"\/\/www.booking.com?aid=2294396\">Booking.com<\/a><br \/>\n<\/ins><br \/>\n<script type=\"text\/javascript\">\n    (function(d, sc, u) {\n      var s = d.createElement(sc), p = d.getElementsByTagName(sc)[0];\n      s.type = 'text\/javascript';\n      s.async = true;\n      s.src = u + '?v=' + (+new Date());\n      p.parentNode.insertBefore(s,p);\n      })(document, 'script', '\/\/cf.bstatic.com\/static\/affiliate_base\/js\/flexiproduct.js');\n<\/script><\/p>\n<p style=\"text-align: center;\"><a class=\"tidycta\" href=\"https:\/\/www.urlaubcornwall.de\/reiseziel\/kanalinseln\/\">Urlaubsinspiration &#8211; zu den Kanalinseln Angeboten<\/a><\/p>\n<\/h2>","protected":false},"excerpt":{"rendered":"<p>Die gr\u00f6\u00dfte der Kanalinseln ist Jersey. Ihre Landschaft ist vielf\u00e4ltig und atemberaubend und reicht von schimmernden einsamen Buchten und h\u00fcgeligem Ackerland bis hin zu herrlichem Blick von den Klippen aus. Dies ist der Ort, um ruhige Landwege entlang zu radeln, sich stundenlang an wundersch\u00f6nen Str\u00e4nden aufzuhalten und das ruhige Leben. Grand Jersey Luxus Hotel &amp; [&hellip;]<\/p>\n","protected":false},"author":1,"featured_media":0,"parent":0,"menu_order":0,"comment_status":"closed","ping_status":"closed","template":"single-four.php","meta":[],"acf":[],"yoast_head":"<!-- This site is optimized with the Yoast SEO plugin v19.4 - https:\/\/yoast.com\/wordpress\/plugins\/seo\/ -->\n<title>5 Sterne Luxushotel am Strand St Helier - Urlaub in Jersey am Meer - Urlaub &amp; Reisen<\/title>\n<meta name=\"robots\" content=\"index, follow, max-snippet:-1, max-image-preview:large, max-video-preview:-1\" \/>\n<link rel=\"canonical\" href=\"https:\/\/www.urlaubcornwall.de\/blog\/5-sterne-luxus-hotel-strand-st-helier-urlaub-jersey-meer\/\" \/>\n<meta property=\"og:locale\" content=\"en_US\" \/>\n<meta property=\"og:type\" content=\"article\" \/>\n<meta property=\"og:title\" content=\"5 Sterne Luxushotel am Strand St Helier - Urlaub in Jersey am Meer - Urlaub &amp; Reisen\" \/>\n<meta property=\"og:description\" content=\"Die gr\u00f6\u00dfte der Kanalinseln ist Jersey. Ihre Landschaft ist vielf\u00e4ltig und atemberaubend und reicht von schimmernden einsamen Buchten und h\u00fcgeligem Ackerland bis hin zu herrlichem Blick von den Klippen aus. Dies ist der Ort, um ruhige Landwege entlang zu radeln, sich stundenlang an wundersch\u00f6nen Str\u00e4nden aufzuhalten und das ruhige Leben. Grand Jersey Luxus Hotel &amp; [&hellip;]\" \/>\n<meta property=\"og:url\" content=\"https:\/\/www.urlaubcornwall.de\/blog\/5-sterne-luxus-hotel-strand-st-helier-urlaub-jersey-meer\/\" \/>\n<meta property=\"og:site_name\" content=\"Urlaub &amp; Reisen\" \/>\n<meta property=\"article:modified_time\" content=\"2022-11-24T12:14:07+00:00\" \/>\n<meta property=\"og:image\" content=\"https:\/\/www.urlaubcornwall.de\/blog\/wp-content\/uploads\/2018\/01\/Grand-Jersey-Hotel-wellness-Spa-zimmer-mit-meerblick.jpg\" \/>\n<meta name=\"twitter:card\" content=\"summary\" \/>\n<meta name=\"twitter:label1\" content=\"Est. reading time\" \/>\n\t<meta name=\"twitter:data1\" content=\"2 minutes\" \/>\n<script type=\"application\/ld+json\" class=\"yoast-schema-graph\">{\"@context\":\"https:\/\/schema.org\",\"@graph\":[{\"@type\":\"WebSite\",\"@id\":\"https:\/\/www.urlaubcornwall.de\/blog\/#website\",\"url\":\"https:\/\/www.urlaubcornwall.de\/blog\/\",\"name\":\"Urlaub &amp; Reisen\",\"description\":\"Urlaub, Reisen, Cornwall und S\u00fcdengland: eine perfekte Kombination\",\"potentialAction\":[{\"@type\":\"SearchAction\",\"target\":{\"@type\":\"EntryPoint\",\"urlTemplate\":\"https:\/\/www.urlaubcornwall.de\/blog\/?s={search_term_string}\"},\"query-input\":\"required name=search_term_string\"}],\"inLanguage\":\"en-US\"},{\"@type\":\"WebPage\",\"@id\":\"https:\/\/www.urlaubcornwall.de\/blog\/5-sterne-luxus-hotel-strand-st-helier-urlaub-jersey-meer\/\",\"url\":\"https:\/\/www.urlaubcornwall.de\/blog\/5-sterne-luxus-hotel-strand-st-helier-urlaub-jersey-meer\/\",\"name\":\"5 Sterne Luxushotel am Strand St Helier - Urlaub in Jersey am Meer - Urlaub &amp; Reisen\",\"isPartOf\":{\"@id\":\"https:\/\/www.urlaubcornwall.de\/blog\/#website\"},\"datePublished\":\"2018-01-04T15:18:22+00:00\",\"dateModified\":\"2022-11-24T12:14:07+00:00\",\"breadcrumb\":{\"@id\":\"https:\/\/www.urlaubcornwall.de\/blog\/5-sterne-luxus-hotel-strand-st-helier-urlaub-jersey-meer\/#breadcrumb\"},\"inLanguage\":\"en-US\",\"potentialAction\":[{\"@type\":\"ReadAction\",\"target\":[\"https:\/\/www.urlaubcornwall.de\/blog\/5-sterne-luxus-hotel-strand-st-helier-urlaub-jersey-meer\/\"]}]},{\"@type\":\"BreadcrumbList\",\"@id\":\"https:\/\/www.urlaubcornwall.de\/blog\/5-sterne-luxus-hotel-strand-st-helier-urlaub-jersey-meer\/#breadcrumb\",\"itemListElement\":[{\"@type\":\"ListItem\",\"position\":1,\"name\":\"Home\",\"item\":\"https:\/\/www.urlaubcornwall.de\/blog\/\"},{\"@type\":\"ListItem\",\"position\":2,\"name\":\"5 Sterne Luxushotel am Strand St Helier &#8211; Urlaub in Jersey am Meer\"}]}]}<\/script>\n<!-- \/ Yoast SEO plugin. -->","yoast_head_json":{"title":"5 Sterne Luxushotel am Strand St Helier - Urlaub in Jersey am Meer - Urlaub &amp; Reisen","robots":{"index":"index","follow":"follow","max-snippet":"max-snippet:-1","max-image-preview":"max-image-preview:large","max-video-preview":"max-video-preview:-1"},"canonical":"https:\/\/www.urlaubcornwall.de\/blog\/5-sterne-luxus-hotel-strand-st-helier-urlaub-jersey-meer\/","og_locale":"en_US","og_type":"article","og_title":"5 Sterne Luxushotel am Strand St Helier - Urlaub in Jersey am Meer - Urlaub &amp; Reisen","og_description":"Die gr\u00f6\u00dfte der Kanalinseln ist Jersey. Ihre Landschaft ist vielf\u00e4ltig und atemberaubend und reicht von schimmernden einsamen Buchten und h\u00fcgeligem Ackerland bis hin zu herrlichem Blick von den Klippen aus. Dies ist der Ort, um ruhige Landwege entlang zu radeln, sich stundenlang an wundersch\u00f6nen Str\u00e4nden aufzuhalten und das ruhige Leben. Grand Jersey Luxus Hotel &amp; [&hellip;]","og_url":"https:\/\/www.urlaubcornwall.de\/blog\/5-sterne-luxus-hotel-strand-st-helier-urlaub-jersey-meer\/","og_site_name":"Urlaub &amp; Reisen","article_modified_time":"2022-11-24T12:14:07+00:00","og_image":[{"url":"https:\/\/www.urlaubcornwall.de\/blog\/wp-content\/uploads\/2018\/01\/Grand-Jersey-Hotel-wellness-Spa-zimmer-mit-meerblick.jpg"}],"twitter_card":"summary","twitter_misc":{"Est. reading time":"2 minutes"},"schema":{"@context":"https:\/\/schema.org","@graph":[{"@type":"WebSite","@id":"https:\/\/www.urlaubcornwall.de\/blog\/#website","url":"https:\/\/www.urlaubcornwall.de\/blog\/","name":"Urlaub &amp; Reisen","description":"Urlaub, Reisen, Cornwall und S\u00fcdengland: eine perfekte Kombination","potentialAction":[{"@type":"SearchAction","target":{"@type":"EntryPoint","urlTemplate":"https:\/\/www.urlaubcornwall.de\/blog\/?s={search_term_string}"},"query-input":"required name=search_term_string"}],"inLanguage":"en-US"},{"@type":"WebPage","@id":"https:\/\/www.urlaubcornwall.de\/blog\/5-sterne-luxus-hotel-strand-st-helier-urlaub-jersey-meer\/","url":"https:\/\/www.urlaubcornwall.de\/blog\/5-sterne-luxus-hotel-strand-st-helier-urlaub-jersey-meer\/","name":"5 Sterne Luxushotel am Strand St Helier - Urlaub in Jersey am Meer - Urlaub &amp; Reisen","isPartOf":{"@id":"https:\/\/www.urlaubcornwall.de\/blog\/#website"},"datePublished":"2018-01-04T15:18:22+00:00","dateModified":"2022-11-24T12:14:07+00:00","breadcrumb":{"@id":"https:\/\/www.urlaubcornwall.de\/blog\/5-sterne-luxus-hotel-strand-st-helier-urlaub-jersey-meer\/#breadcrumb"},"inLanguage":"en-US","potentialAction":[{"@type":"ReadAction","target":["https:\/\/www.urlaubcornwall.de\/blog\/5-sterne-luxus-hotel-strand-st-helier-urlaub-jersey-meer\/"]}]},{"@type":"BreadcrumbList","@id":"https:\/\/www.urlaubcornwall.de\/blog\/5-sterne-luxus-hotel-strand-st-helier-urlaub-jersey-meer\/#breadcrumb","itemListElement":[{"@type":"ListItem","position":1,"name":"Home","item":"https:\/\/www.urlaubcornwall.de\/blog\/"},{"@type":"ListItem","position":2,"name":"5 Sterne Luxushotel am Strand St Helier &#8211; Urlaub in Jersey am Meer"}]}]}},"_links":{"self":[{"href":"https:\/\/www.urlaubcornwall.de\/blog\/wp-json\/wp\/v2\/pages\/31780"}],"collection":[{"href":"https:\/\/www.urlaubcornwall.de\/blog\/wp-json\/wp\/v2\/pages"}],"about":[{"href":"https:\/\/www.urlaubcornwall.de\/blog\/wp-json\/wp\/v2\/types\/page"}],"author":[{"embeddable":true,"href":"https:\/\/www.urlaubcornwall.de\/blog\/wp-json\/wp\/v2\/users\/1"}],"replies":[{"embeddable":true,"href":"https:\/\/www.urlaubcornwall.de\/blog\/wp-json\/wp\/v2\/comments?post=31780"}],"version-history":[{"count":12,"href":"https:\/\/www.urlaubcornwall.de\/blog\/wp-json\/wp\/v2\/pages\/31780\/revisions"}],"predecessor-version":[{"id":45414,"href":"https:\/\/www.urlaubcornwall.de\/blog\/wp-json\/wp\/v2\/pages\/31780\/revisions\/45414"}],"wp:attachment":[{"href":"https:\/\/www.urlaubcornwall.de\/blog\/wp-json\/wp\/v2\/media?parent=31780"}],"curies":[{"name":"wp","href":"https:\/\/api.w.org\/{rel}","templated":true}]}}