{"id":31750,"date":"2018-01-03T17:18:44","date_gmt":"2018-01-03T17:18:44","guid":{"rendered":"https:\/\/www.urlaubcornwall.de\/blog\/?page_id=31750"},"modified":"2021-09-17T10:23:50","modified_gmt":"2021-09-17T10:23:50","slug":"ferienhaus-meer-camber-sands-kueste-sussex","status":"publish","type":"page","link":"https:\/\/www.urlaubcornwall.de\/blog\/ferienhaus-meer-camber-sands-kueste-sussex\/","title":{"rendered":"Ferienhaus am Meer in Camber Sands &#8211; K\u00fcste Sussex"},"content":{"rendered":"<p><img loading=\"lazy\" class=\"aligncenter size-full wp-image-31751\" src=\"https:\/\/www.urlaubcornwall.de\/blog\/wp-content\/uploads\/2018\/01\/ferienhaus-camber-sands-am-meer-mit-kindern.jpg\" alt=\"ferienhaus camber sands am meer mit kindern\" width=\"749\" height=\"447\"\/><br \/>\n<strong>Ferienhaus in Camber mit 4 Schlafzimmern, Schlafgelegenheiten 8<\/strong><\/p>\n<p>Familienurlaub am Strand in Sussex &#8211; Dieses gro\u00dfe Ferienhaus liegt nur wenige Minuten vom beliebten Strand Camber Sands entfernt. Hier k\u00f6nnen Sie stundenlang den langen, goldgelben Sand entlang laufen, die dahinter liegenden D\u00fcnen erkunden oder im Meer schwimmen gehen. Nehmen Sie das Auto oder Fahrrad und besuchen Sie die nahegelegene Stadt Rye, wo gepflasterte Stra\u00dfen mit ausgezeichneten Restaurants, Teestuben und Antiquit\u00e4tenl\u00e4den ges\u00e4umt sind. Innerhalb der Untergeschosswohnung ist offen, um das Beste aus den fabelhaften Bi-Faltt\u00fcren zu machen, die die lange Wand s\u00e4umen und zum Garten hin \u00f6ffnen. Im Zentrum befindet sich eine moderne K\u00fcche mit Elektroherd, Mikrowelle und einer zentralen Insel mit Barhockern&#8230;.<\/p>\n<p style=\"text-align: center;\"><a class=\"tidycta\" href=\"https:\/\/www.urlaubcornwall.de\/ferienhaeuser-fewos\/eng\/sussex\/sussex-am-meer.html\">Suche Ferienh\u00e4user am Meer<\/a><\/p>\n<p style=\"text-align: center;\">Pers\u00f6nlich inspizierte Ferienh\u00e4user und Ferienwohnungen in Sussex f\u00fcr Ihren Urlaub.<\/p>\n<p style=\"text-align: center;\"><a href=\"https:\/\/www.urlaubcornwall.de\/ferienhaeuser-fewos\/eng\/sussex\/sussex.html\"><strong>Ferienh\u00e4user, Cottages &amp; Ferienwohnungen in Sussex. <\/strong><\/a><\/p>\n","protected":false},"excerpt":{"rendered":"<p>Ferienhaus in Camber mit 4 Schlafzimmern, Schlafgelegenheiten 8 Familienurlaub am Strand in Sussex &#8211; Dieses gro\u00dfe Ferienhaus liegt nur wenige Minuten vom beliebten Strand Camber Sands entfernt. Hier k\u00f6nnen Sie stundenlang den langen, goldgelben Sand entlang laufen, die dahinter liegenden D\u00fcnen erkunden oder im Meer schwimmen gehen. Nehmen Sie das Auto oder Fahrrad und besuchen [&hellip;]<\/p>\n","protected":false},"author":1,"featured_media":0,"parent":0,"menu_order":0,"comment_status":"closed","ping_status":"closed","template":"single-four.php","meta":[],"acf":[],"yoast_head":"<!-- This site is optimized with the Yoast SEO plugin v19.4 - https:\/\/yoast.com\/wordpress\/plugins\/seo\/ -->\n<title>Ferienhaus am Meer in Camber Sands - K\u00fcste Sussex - Urlaub &amp; Reisen<\/title>\n<meta name=\"description\" content=\"Familienurlaub am Strand in Sussex - Dieses gro\u00dfe Ferienhaus liegt nur wenige Minuten vom beliebten Strand Camber Sands entfernt. Hier k\u00f6nnen Sie stundenlang den langen, goldgelben Sand entlang laufen, die dahinter liegenden D\u00fcnen erkunden oder im Meer schwimmen gehen. Nehmen Sie das Auto oder Fahrrad\" \/>\n<meta name=\"robots\" content=\"index, follow, max-snippet:-1, max-image-preview:large, max-video-preview:-1\" \/>\n<link rel=\"canonical\" href=\"https:\/\/www.urlaubcornwall.de\/blog\/ferienhaus-meer-camber-sands-kueste-sussex\/\" \/>\n<meta property=\"og:locale\" content=\"en_US\" \/>\n<meta property=\"og:type\" content=\"article\" \/>\n<meta property=\"og:title\" content=\"Ferienhaus am Meer in Camber Sands - K\u00fcste Sussex - Urlaub &amp; Reisen\" \/>\n<meta property=\"og:description\" content=\"Familienurlaub am Strand in Sussex - Dieses gro\u00dfe Ferienhaus liegt nur wenige Minuten vom beliebten Strand Camber Sands entfernt. Hier k\u00f6nnen Sie stundenlang den langen, goldgelben Sand entlang laufen, die dahinter liegenden D\u00fcnen erkunden oder im Meer schwimmen gehen. Nehmen Sie das Auto oder Fahrrad\" \/>\n<meta property=\"og:url\" content=\"https:\/\/www.urlaubcornwall.de\/blog\/ferienhaus-meer-camber-sands-kueste-sussex\/\" \/>\n<meta property=\"og:site_name\" content=\"Urlaub &amp; Reisen\" \/>\n<meta property=\"article:modified_time\" content=\"2021-09-17T10:23:50+00:00\" \/>\n<meta property=\"og:image\" content=\"https:\/\/www.urlaubcornwall.de\/blog\/wp-content\/uploads\/2018\/01\/ferienhaus-camber-sands-am-meer-mit-kindern.jpg\" \/>\n<meta name=\"twitter:card\" content=\"summary\" \/>\n<meta name=\"twitter:label1\" content=\"Est. reading time\" \/>\n\t<meta name=\"twitter:data1\" content=\"1 minute\" \/>\n<script type=\"application\/ld+json\" class=\"yoast-schema-graph\">{\"@context\":\"https:\/\/schema.org\",\"@graph\":[{\"@type\":\"WebSite\",\"@id\":\"https:\/\/www.urlaubcornwall.de\/blog\/#website\",\"url\":\"https:\/\/www.urlaubcornwall.de\/blog\/\",\"name\":\"Urlaub &amp; Reisen\",\"description\":\"Urlaub, Reisen, Cornwall und S\u00fcdengland: eine perfekte Kombination\",\"potentialAction\":[{\"@type\":\"SearchAction\",\"target\":{\"@type\":\"EntryPoint\",\"urlTemplate\":\"https:\/\/www.urlaubcornwall.de\/blog\/?s={search_term_string}\"},\"query-input\":\"required name=search_term_string\"}],\"inLanguage\":\"en-US\"},{\"@type\":\"WebPage\",\"@id\":\"https:\/\/www.urlaubcornwall.de\/blog\/ferienhaus-meer-camber-sands-kueste-sussex\/\",\"url\":\"https:\/\/www.urlaubcornwall.de\/blog\/ferienhaus-meer-camber-sands-kueste-sussex\/\",\"name\":\"Ferienhaus am Meer in Camber Sands - K\u00fcste Sussex - Urlaub &amp; Reisen\",\"isPartOf\":{\"@id\":\"https:\/\/www.urlaubcornwall.de\/blog\/#website\"},\"datePublished\":\"2018-01-03T17:18:44+00:00\",\"dateModified\":\"2021-09-17T10:23:50+00:00\",\"description\":\"Familienurlaub am Strand in Sussex - Dieses gro\u00dfe Ferienhaus liegt nur wenige Minuten vom beliebten Strand Camber Sands entfernt. Hier k\u00f6nnen Sie stundenlang den langen, goldgelben Sand entlang laufen, die dahinter liegenden D\u00fcnen erkunden oder im Meer schwimmen gehen. Nehmen Sie das Auto oder Fahrrad\",\"breadcrumb\":{\"@id\":\"https:\/\/www.urlaubcornwall.de\/blog\/ferienhaus-meer-camber-sands-kueste-sussex\/#breadcrumb\"},\"inLanguage\":\"en-US\",\"potentialAction\":[{\"@type\":\"ReadAction\",\"target\":[\"https:\/\/www.urlaubcornwall.de\/blog\/ferienhaus-meer-camber-sands-kueste-sussex\/\"]}]},{\"@type\":\"BreadcrumbList\",\"@id\":\"https:\/\/www.urlaubcornwall.de\/blog\/ferienhaus-meer-camber-sands-kueste-sussex\/#breadcrumb\",\"itemListElement\":[{\"@type\":\"ListItem\",\"position\":1,\"name\":\"Home\",\"item\":\"https:\/\/www.urlaubcornwall.de\/blog\/\"},{\"@type\":\"ListItem\",\"position\":2,\"name\":\"Ferienhaus am Meer in Camber Sands &#8211; K\u00fcste Sussex\"}]}]}<\/script>\n<!-- \/ Yoast SEO plugin. -->","yoast_head_json":{"title":"Ferienhaus am Meer in Camber Sands - K\u00fcste Sussex - Urlaub &amp; Reisen","description":"Familienurlaub am Strand in Sussex - Dieses gro\u00dfe Ferienhaus liegt nur wenige Minuten vom beliebten Strand Camber Sands entfernt. Hier k\u00f6nnen Sie stundenlang den langen, goldgelben Sand entlang laufen, die dahinter liegenden D\u00fcnen erkunden oder im Meer schwimmen gehen. Nehmen Sie das Auto oder Fahrrad","robots":{"index":"index","follow":"follow","max-snippet":"max-snippet:-1","max-image-preview":"max-image-preview:large","max-video-preview":"max-video-preview:-1"},"canonical":"https:\/\/www.urlaubcornwall.de\/blog\/ferienhaus-meer-camber-sands-kueste-sussex\/","og_locale":"en_US","og_type":"article","og_title":"Ferienhaus am Meer in Camber Sands - K\u00fcste Sussex - Urlaub &amp; Reisen","og_description":"Familienurlaub am Strand in Sussex - Dieses gro\u00dfe Ferienhaus liegt nur wenige Minuten vom beliebten Strand Camber Sands entfernt. Hier k\u00f6nnen Sie stundenlang den langen, goldgelben Sand entlang laufen, die dahinter liegenden D\u00fcnen erkunden oder im Meer schwimmen gehen. Nehmen Sie das Auto oder Fahrrad","og_url":"https:\/\/www.urlaubcornwall.de\/blog\/ferienhaus-meer-camber-sands-kueste-sussex\/","og_site_name":"Urlaub &amp; Reisen","article_modified_time":"2021-09-17T10:23:50+00:00","og_image":[{"url":"https:\/\/www.urlaubcornwall.de\/blog\/wp-content\/uploads\/2018\/01\/ferienhaus-camber-sands-am-meer-mit-kindern.jpg"}],"twitter_card":"summary","twitter_misc":{"Est. reading time":"1 minute"},"schema":{"@context":"https:\/\/schema.org","@graph":[{"@type":"WebSite","@id":"https:\/\/www.urlaubcornwall.de\/blog\/#website","url":"https:\/\/www.urlaubcornwall.de\/blog\/","name":"Urlaub &amp; Reisen","description":"Urlaub, Reisen, Cornwall und S\u00fcdengland: eine perfekte Kombination","potentialAction":[{"@type":"SearchAction","target":{"@type":"EntryPoint","urlTemplate":"https:\/\/www.urlaubcornwall.de\/blog\/?s={search_term_string}"},"query-input":"required name=search_term_string"}],"inLanguage":"en-US"},{"@type":"WebPage","@id":"https:\/\/www.urlaubcornwall.de\/blog\/ferienhaus-meer-camber-sands-kueste-sussex\/","url":"https:\/\/www.urlaubcornwall.de\/blog\/ferienhaus-meer-camber-sands-kueste-sussex\/","name":"Ferienhaus am Meer in Camber Sands - K\u00fcste Sussex - Urlaub &amp; Reisen","isPartOf":{"@id":"https:\/\/www.urlaubcornwall.de\/blog\/#website"},"datePublished":"2018-01-03T17:18:44+00:00","dateModified":"2021-09-17T10:23:50+00:00","description":"Familienurlaub am Strand in Sussex - Dieses gro\u00dfe Ferienhaus liegt nur wenige Minuten vom beliebten Strand Camber Sands entfernt. Hier k\u00f6nnen Sie stundenlang den langen, goldgelben Sand entlang laufen, die dahinter liegenden D\u00fcnen erkunden oder im Meer schwimmen gehen. Nehmen Sie das Auto oder Fahrrad","breadcrumb":{"@id":"https:\/\/www.urlaubcornwall.de\/blog\/ferienhaus-meer-camber-sands-kueste-sussex\/#breadcrumb"},"inLanguage":"en-US","potentialAction":[{"@type":"ReadAction","target":["https:\/\/www.urlaubcornwall.de\/blog\/ferienhaus-meer-camber-sands-kueste-sussex\/"]}]},{"@type":"BreadcrumbList","@id":"https:\/\/www.urlaubcornwall.de\/blog\/ferienhaus-meer-camber-sands-kueste-sussex\/#breadcrumb","itemListElement":[{"@type":"ListItem","position":1,"name":"Home","item":"https:\/\/www.urlaubcornwall.de\/blog\/"},{"@type":"ListItem","position":2,"name":"Ferienhaus am Meer in Camber Sands &#8211; K\u00fcste Sussex"}]}]}},"_links":{"self":[{"href":"https:\/\/www.urlaubcornwall.de\/blog\/wp-json\/wp\/v2\/pages\/31750"}],"collection":[{"href":"https:\/\/www.urlaubcornwall.de\/blog\/wp-json\/wp\/v2\/pages"}],"about":[{"href":"https:\/\/www.urlaubcornwall.de\/blog\/wp-json\/wp\/v2\/types\/page"}],"author":[{"embeddable":true,"href":"https:\/\/www.urlaubcornwall.de\/blog\/wp-json\/wp\/v2\/users\/1"}],"replies":[{"embeddable":true,"href":"https:\/\/www.urlaubcornwall.de\/blog\/wp-json\/wp\/v2\/comments?post=31750"}],"version-history":[{"count":4,"href":"https:\/\/www.urlaubcornwall.de\/blog\/wp-json\/wp\/v2\/pages\/31750\/revisions"}],"predecessor-version":[{"id":42823,"href":"https:\/\/www.urlaubcornwall.de\/blog\/wp-json\/wp\/v2\/pages\/31750\/revisions\/42823"}],"wp:attachment":[{"href":"https:\/\/www.urlaubcornwall.de\/blog\/wp-json\/wp\/v2\/media?parent=31750"}],"curies":[{"name":"wp","href":"https:\/\/api.w.org\/{rel}","templated":true}]}}