{"id":31726,"date":"2018-01-03T13:38:22","date_gmt":"2018-01-03T13:38:22","guid":{"rendered":"https:\/\/www.urlaubcornwall.de\/blog\/?page_id=31726"},"modified":"2021-09-17T12:10:09","modified_gmt":"2021-09-17T12:10:09","slug":"ferienhaus-meer-rye-strandurlaub-sussex","status":"publish","type":"page","link":"https:\/\/www.urlaubcornwall.de\/blog\/ferienhaus-meer-rye-strandurlaub-sussex\/","title":{"rendered":"Ferienhaus in Rye am Meer &#8211; Strandurlaub Sussex"},"content":{"rendered":"<p><img loading=\"lazy\" class=\"aligncenter size-full wp-image-31727\" src=\"https:\/\/www.urlaubcornwall.de\/blog\/wp-content\/uploads\/2018\/01\/ferienhaus-am-meer-rye.jpg\" alt=\"ferienhaus am meer rye\" width=\"749\" height=\"498\"\/><br \/>\n<strong>Ferienhaus in Rye mit 2 Schlafzimmern, Schlafgelegenheiten 4 <\/strong><\/p>\n<p>Das sch\u00f6ne Ferienhaus liegt in der High Weald Gegend von Sussex. Es gibt viele charmante D\u00f6rfer zu entdecken, umgeben von kilometerlangen offenen Landschaften f\u00fcr begeisterte Wanderer mit oder ohne Hunde. Die K\u00fcste ist auch leicht zu erreichen, wo die G\u00e4ste Sand- und Kiesstr\u00e4nde mit gesch\u00e4ftigen K\u00fcstenst\u00e4dten und D\u00f6rfern finden. Im Flur \u00f6ffnet sich eine sehr einladende Lounge. Mit einer niedrigen Decke, sch\u00f6nen Fenstern und einem gro\u00dfen Kamin ist dies ein gem\u00fctlicher Ort, um sich auf einem der bequemen Sofas zu entspannen.<\/p>\n<p style=\"text-align: center;\"><a class=\"tidycta\" href=\"https:\/\/www.urlaubcornwall.de\/ferienhaeuser-fewos\/eng\/sussex\/rye.html\">Suche Ferienh\u00e4user Rye<\/a><\/p>\n<p style=\"text-align: center;\">Pers\u00f6nlich inspizierte Ferienh\u00e4user und Ferienwohnungen in Sussex f\u00fcr Ihren Urlaub.<\/p>\n<p style=\"text-align: center;\"><a href=\"https:\/\/www.urlaubcornwall.de\/ferienhaeuser-fewos\/eng\/sussex\/sussex.html\"><strong>Ferienh\u00e4user, Cottages &amp; Ferienwohnungen in Sussex. <\/strong><\/a><\/p>\n","protected":false},"excerpt":{"rendered":"<p>Ferienhaus in Rye mit 2 Schlafzimmern, Schlafgelegenheiten 4 Das sch\u00f6ne Ferienhaus liegt in der High Weald Gegend von Sussex. Es gibt viele charmante D\u00f6rfer zu entdecken, umgeben von kilometerlangen offenen Landschaften f\u00fcr begeisterte Wanderer mit oder ohne Hunde. Die K\u00fcste ist auch leicht zu erreichen, wo die G\u00e4ste Sand- und Kiesstr\u00e4nde mit gesch\u00e4ftigen K\u00fcstenst\u00e4dten und [&hellip;]<\/p>\n","protected":false},"author":1,"featured_media":0,"parent":0,"menu_order":0,"comment_status":"closed","ping_status":"closed","template":"single-four.php","meta":[],"acf":[],"yoast_head":"<!-- This site is optimized with the Yoast SEO plugin v19.4 - https:\/\/yoast.com\/wordpress\/plugins\/seo\/ -->\n<title>Ferienhaus in Rye am Meer - Strandurlaub Sussex - Urlaub &amp; Reisen<\/title>\n<meta name=\"description\" content=\"as sch\u00f6ne Ferienhaus liegt in der High Weald Gegend von Sussex. Es gibt viele charmante D\u00f6rfer zu entdecken, umgeben von kilometerlangen offenen Landschaften f\u00fcr begeisterte Wanderer mit oder ohne Hunde. Die K\u00fcste ist auch leicht zu erreichen, wo die G\u00e4ste Sand- und Kiesstr\u00e4nde mit gesch\u00e4ftigen K\u00fcstenst\u00e4dten und D\u00f6rfern finden\" \/>\n<meta name=\"robots\" content=\"index, follow, max-snippet:-1, max-image-preview:large, max-video-preview:-1\" \/>\n<link rel=\"canonical\" href=\"https:\/\/www.urlaubcornwall.de\/blog\/ferienhaus-meer-rye-strandurlaub-sussex\/\" \/>\n<meta property=\"og:locale\" content=\"en_US\" \/>\n<meta property=\"og:type\" content=\"article\" \/>\n<meta property=\"og:title\" content=\"Ferienhaus in Rye am Meer - Strandurlaub Sussex - Urlaub &amp; Reisen\" \/>\n<meta property=\"og:description\" content=\"as sch\u00f6ne Ferienhaus liegt in der High Weald Gegend von Sussex. Es gibt viele charmante D\u00f6rfer zu entdecken, umgeben von kilometerlangen offenen Landschaften f\u00fcr begeisterte Wanderer mit oder ohne Hunde. Die K\u00fcste ist auch leicht zu erreichen, wo die G\u00e4ste Sand- und Kiesstr\u00e4nde mit gesch\u00e4ftigen K\u00fcstenst\u00e4dten und D\u00f6rfern finden\" \/>\n<meta property=\"og:url\" content=\"https:\/\/www.urlaubcornwall.de\/blog\/ferienhaus-meer-rye-strandurlaub-sussex\/\" \/>\n<meta property=\"og:site_name\" content=\"Urlaub &amp; Reisen\" \/>\n<meta property=\"article:modified_time\" content=\"2021-09-17T12:10:09+00:00\" \/>\n<meta property=\"og:image\" content=\"https:\/\/www.urlaubcornwall.de\/blog\/wp-content\/uploads\/2018\/01\/ferienhaus-am-meer-rye.jpg\" \/>\n<meta name=\"twitter:card\" content=\"summary\" \/>\n<meta name=\"twitter:label1\" content=\"Est. reading time\" \/>\n\t<meta name=\"twitter:data1\" content=\"1 minute\" \/>\n<script type=\"application\/ld+json\" class=\"yoast-schema-graph\">{\"@context\":\"https:\/\/schema.org\",\"@graph\":[{\"@type\":\"WebSite\",\"@id\":\"https:\/\/www.urlaubcornwall.de\/blog\/#website\",\"url\":\"https:\/\/www.urlaubcornwall.de\/blog\/\",\"name\":\"Urlaub &amp; Reisen\",\"description\":\"Urlaub, Reisen, Cornwall und S\u00fcdengland: eine perfekte Kombination\",\"potentialAction\":[{\"@type\":\"SearchAction\",\"target\":{\"@type\":\"EntryPoint\",\"urlTemplate\":\"https:\/\/www.urlaubcornwall.de\/blog\/?s={search_term_string}\"},\"query-input\":\"required name=search_term_string\"}],\"inLanguage\":\"en-US\"},{\"@type\":\"WebPage\",\"@id\":\"https:\/\/www.urlaubcornwall.de\/blog\/ferienhaus-meer-rye-strandurlaub-sussex\/\",\"url\":\"https:\/\/www.urlaubcornwall.de\/blog\/ferienhaus-meer-rye-strandurlaub-sussex\/\",\"name\":\"Ferienhaus in Rye am Meer - Strandurlaub Sussex - Urlaub &amp; Reisen\",\"isPartOf\":{\"@id\":\"https:\/\/www.urlaubcornwall.de\/blog\/#website\"},\"datePublished\":\"2018-01-03T13:38:22+00:00\",\"dateModified\":\"2021-09-17T12:10:09+00:00\",\"description\":\"as sch\u00f6ne Ferienhaus liegt in der High Weald Gegend von Sussex. Es gibt viele charmante D\u00f6rfer zu entdecken, umgeben von kilometerlangen offenen Landschaften f\u00fcr begeisterte Wanderer mit oder ohne Hunde. Die K\u00fcste ist auch leicht zu erreichen, wo die G\u00e4ste Sand- und Kiesstr\u00e4nde mit gesch\u00e4ftigen K\u00fcstenst\u00e4dten und D\u00f6rfern finden\",\"breadcrumb\":{\"@id\":\"https:\/\/www.urlaubcornwall.de\/blog\/ferienhaus-meer-rye-strandurlaub-sussex\/#breadcrumb\"},\"inLanguage\":\"en-US\",\"potentialAction\":[{\"@type\":\"ReadAction\",\"target\":[\"https:\/\/www.urlaubcornwall.de\/blog\/ferienhaus-meer-rye-strandurlaub-sussex\/\"]}]},{\"@type\":\"BreadcrumbList\",\"@id\":\"https:\/\/www.urlaubcornwall.de\/blog\/ferienhaus-meer-rye-strandurlaub-sussex\/#breadcrumb\",\"itemListElement\":[{\"@type\":\"ListItem\",\"position\":1,\"name\":\"Home\",\"item\":\"https:\/\/www.urlaubcornwall.de\/blog\/\"},{\"@type\":\"ListItem\",\"position\":2,\"name\":\"Ferienhaus in Rye am Meer &#8211; Strandurlaub Sussex\"}]}]}<\/script>\n<!-- \/ Yoast SEO plugin. -->","yoast_head_json":{"title":"Ferienhaus in Rye am Meer - Strandurlaub Sussex - Urlaub &amp; Reisen","description":"as sch\u00f6ne Ferienhaus liegt in der High Weald Gegend von Sussex. Es gibt viele charmante D\u00f6rfer zu entdecken, umgeben von kilometerlangen offenen Landschaften f\u00fcr begeisterte Wanderer mit oder ohne Hunde. Die K\u00fcste ist auch leicht zu erreichen, wo die G\u00e4ste Sand- und Kiesstr\u00e4nde mit gesch\u00e4ftigen K\u00fcstenst\u00e4dten und D\u00f6rfern finden","robots":{"index":"index","follow":"follow","max-snippet":"max-snippet:-1","max-image-preview":"max-image-preview:large","max-video-preview":"max-video-preview:-1"},"canonical":"https:\/\/www.urlaubcornwall.de\/blog\/ferienhaus-meer-rye-strandurlaub-sussex\/","og_locale":"en_US","og_type":"article","og_title":"Ferienhaus in Rye am Meer - Strandurlaub Sussex - Urlaub &amp; Reisen","og_description":"as sch\u00f6ne Ferienhaus liegt in der High Weald Gegend von Sussex. Es gibt viele charmante D\u00f6rfer zu entdecken, umgeben von kilometerlangen offenen Landschaften f\u00fcr begeisterte Wanderer mit oder ohne Hunde. Die K\u00fcste ist auch leicht zu erreichen, wo die G\u00e4ste Sand- und Kiesstr\u00e4nde mit gesch\u00e4ftigen K\u00fcstenst\u00e4dten und D\u00f6rfern finden","og_url":"https:\/\/www.urlaubcornwall.de\/blog\/ferienhaus-meer-rye-strandurlaub-sussex\/","og_site_name":"Urlaub &amp; Reisen","article_modified_time":"2021-09-17T12:10:09+00:00","og_image":[{"url":"https:\/\/www.urlaubcornwall.de\/blog\/wp-content\/uploads\/2018\/01\/ferienhaus-am-meer-rye.jpg"}],"twitter_card":"summary","twitter_misc":{"Est. reading time":"1 minute"},"schema":{"@context":"https:\/\/schema.org","@graph":[{"@type":"WebSite","@id":"https:\/\/www.urlaubcornwall.de\/blog\/#website","url":"https:\/\/www.urlaubcornwall.de\/blog\/","name":"Urlaub &amp; Reisen","description":"Urlaub, Reisen, Cornwall und S\u00fcdengland: eine perfekte Kombination","potentialAction":[{"@type":"SearchAction","target":{"@type":"EntryPoint","urlTemplate":"https:\/\/www.urlaubcornwall.de\/blog\/?s={search_term_string}"},"query-input":"required name=search_term_string"}],"inLanguage":"en-US"},{"@type":"WebPage","@id":"https:\/\/www.urlaubcornwall.de\/blog\/ferienhaus-meer-rye-strandurlaub-sussex\/","url":"https:\/\/www.urlaubcornwall.de\/blog\/ferienhaus-meer-rye-strandurlaub-sussex\/","name":"Ferienhaus in Rye am Meer - Strandurlaub Sussex - Urlaub &amp; Reisen","isPartOf":{"@id":"https:\/\/www.urlaubcornwall.de\/blog\/#website"},"datePublished":"2018-01-03T13:38:22+00:00","dateModified":"2021-09-17T12:10:09+00:00","description":"as sch\u00f6ne Ferienhaus liegt in der High Weald Gegend von Sussex. Es gibt viele charmante D\u00f6rfer zu entdecken, umgeben von kilometerlangen offenen Landschaften f\u00fcr begeisterte Wanderer mit oder ohne Hunde. Die K\u00fcste ist auch leicht zu erreichen, wo die G\u00e4ste Sand- und Kiesstr\u00e4nde mit gesch\u00e4ftigen K\u00fcstenst\u00e4dten und D\u00f6rfern finden","breadcrumb":{"@id":"https:\/\/www.urlaubcornwall.de\/blog\/ferienhaus-meer-rye-strandurlaub-sussex\/#breadcrumb"},"inLanguage":"en-US","potentialAction":[{"@type":"ReadAction","target":["https:\/\/www.urlaubcornwall.de\/blog\/ferienhaus-meer-rye-strandurlaub-sussex\/"]}]},{"@type":"BreadcrumbList","@id":"https:\/\/www.urlaubcornwall.de\/blog\/ferienhaus-meer-rye-strandurlaub-sussex\/#breadcrumb","itemListElement":[{"@type":"ListItem","position":1,"name":"Home","item":"https:\/\/www.urlaubcornwall.de\/blog\/"},{"@type":"ListItem","position":2,"name":"Ferienhaus in Rye am Meer &#8211; Strandurlaub Sussex"}]}]}},"_links":{"self":[{"href":"https:\/\/www.urlaubcornwall.de\/blog\/wp-json\/wp\/v2\/pages\/31726"}],"collection":[{"href":"https:\/\/www.urlaubcornwall.de\/blog\/wp-json\/wp\/v2\/pages"}],"about":[{"href":"https:\/\/www.urlaubcornwall.de\/blog\/wp-json\/wp\/v2\/types\/page"}],"author":[{"embeddable":true,"href":"https:\/\/www.urlaubcornwall.de\/blog\/wp-json\/wp\/v2\/users\/1"}],"replies":[{"embeddable":true,"href":"https:\/\/www.urlaubcornwall.de\/blog\/wp-json\/wp\/v2\/comments?post=31726"}],"version-history":[{"count":5,"href":"https:\/\/www.urlaubcornwall.de\/blog\/wp-json\/wp\/v2\/pages\/31726\/revisions"}],"predecessor-version":[{"id":42890,"href":"https:\/\/www.urlaubcornwall.de\/blog\/wp-json\/wp\/v2\/pages\/31726\/revisions\/42890"}],"wp:attachment":[{"href":"https:\/\/www.urlaubcornwall.de\/blog\/wp-json\/wp\/v2\/media?parent=31726"}],"curies":[{"name":"wp","href":"https:\/\/api.w.org\/{rel}","templated":true}]}}