{"id":31670,"date":"2018-01-01T15:48:10","date_gmt":"2018-01-01T15:48:10","guid":{"rendered":"https:\/\/www.urlaubcornwall.de\/blog\/?page_id=31670"},"modified":"2021-09-17T12:17:02","modified_gmt":"2021-09-17T12:17:02","slug":"ferienhaus-salcombe-meer-luxus-unterkuenfte-devon","status":"publish","type":"page","link":"https:\/\/www.urlaubcornwall.de\/blog\/ferienhaus-salcombe-meer-luxus-unterkuenfte-devon\/","title":{"rendered":"Ferienhaus in Salcombe am Meer &#8211; Luxus-Unterk\u00fcnfte in Devon"},"content":{"rendered":"<p><img loading=\"lazy\" class=\"aligncenter size-full wp-image-31671\" src=\"https:\/\/www.urlaubcornwall.de\/blog\/wp-content\/uploads\/2018\/01\/luxus-ferienhaus-am-meer-salcombe.jpg\" alt=\"luxus ferienhaus am meer salcombe\" width=\"749\" height=\"442\"\/><br \/>\n<strong> Ferienhaus in Salcombe mit 4 Schlafzimmern, Schlafgelegenheiten 8<\/strong><\/p>\n<p>Dieses Ferienhaus ist ein neues, luxuri\u00f6ses, modernes Haus, das nach den besten Standards eingerichtet wurde und nur einen kurzen Spaziergang den H\u00fcgel hinunter zum Zentrum von Salcombe liegt. Das dreist\u00f6ckige Anwesen ist wundersch\u00f6n gestaltet. Die handgefertigte N-K\u00fcche, luxuri\u00f6se Bad- und Duschr\u00e4ume, Eichenparkett, hochwertige Bettw\u00e4sche, ein tolles Soundsystem sind nur einige der luxuri\u00f6sen Eigenschaften, die diese Eigenschaft als etwas wirklich Besonderes kennzeichnen.<\/p>\n<p style=\"text-align: center;\"><a class=\"tidycta\" href=\"https:\/\/www.urlaubcornwall.de\/ferienhaeuser-fewos\/eng\/sued-devon\/salcombe.html\">Suche Ferienh\u00e4user Salcombe<\/a><\/p>\n<p><strong>Pers\u00f6nlich inspizierte Ferienh\u00e4user und Ferienwohnungen in Devon f\u00fcr Ihren Urlaub.<\/strong><\/p>\n<p><a href=\"https:\/\/www.urlaubcornwall.de\/ferienhaeuser-fewos\/eng\/sued-devon\/sued-devon.html\"><strong>Ferienh\u00e4user, Cottages &amp; Ferienwohnungen in Devon am Meer. <\/strong><\/a><\/p>\n","protected":false},"excerpt":{"rendered":"<p>Ferienhaus in Salcombe mit 4 Schlafzimmern, Schlafgelegenheiten 8 Dieses Ferienhaus ist ein neues, luxuri\u00f6ses, modernes Haus, das nach den besten Standards eingerichtet wurde und nur einen kurzen Spaziergang den H\u00fcgel hinunter zum Zentrum von Salcombe liegt. Das dreist\u00f6ckige Anwesen ist wundersch\u00f6n gestaltet. Die handgefertigte N-K\u00fcche, luxuri\u00f6se Bad- und Duschr\u00e4ume, Eichenparkett, hochwertige Bettw\u00e4sche, ein tolles Soundsystem [&hellip;]<\/p>\n","protected":false},"author":1,"featured_media":0,"parent":0,"menu_order":0,"comment_status":"closed","ping_status":"closed","template":"single-four.php","meta":[],"acf":[],"yoast_head":"<!-- This site is optimized with the Yoast SEO plugin v19.4 - https:\/\/yoast.com\/wordpress\/plugins\/seo\/ -->\n<title>Ferienhaus in Salcombe am Meer - Luxus-Unterk\u00fcnfte in Devon - Urlaub &amp; Reisen<\/title>\n<meta name=\"description\" content=\"Dieses Ferienhaus ist ein neues, luxuri\u00f6ses, modernes Haus, das nach den besten Standards eingerichtet wurde und nur einen kurzen Spaziergang den H\u00fcgel hinunter zum Zentrum von Salcombe liegt. Das dreist\u00f6ckige Anwesen ist wundersch\u00f6n gestaltet. Die handgefertigte N-K\u00fcche, luxuri\u00f6se Bad- und Duschr\u00e4ume, Eichenparkett\" \/>\n<meta name=\"robots\" content=\"index, follow, max-snippet:-1, max-image-preview:large, max-video-preview:-1\" \/>\n<link rel=\"canonical\" href=\"https:\/\/www.urlaubcornwall.de\/blog\/ferienhaus-salcombe-meer-luxus-unterkuenfte-devon\/\" \/>\n<meta property=\"og:locale\" content=\"en_US\" \/>\n<meta property=\"og:type\" content=\"article\" \/>\n<meta property=\"og:title\" content=\"Ferienhaus in Salcombe am Meer - Luxus-Unterk\u00fcnfte in Devon - Urlaub &amp; Reisen\" \/>\n<meta property=\"og:description\" content=\"Dieses Ferienhaus ist ein neues, luxuri\u00f6ses, modernes Haus, das nach den besten Standards eingerichtet wurde und nur einen kurzen Spaziergang den H\u00fcgel hinunter zum Zentrum von Salcombe liegt. Das dreist\u00f6ckige Anwesen ist wundersch\u00f6n gestaltet. Die handgefertigte N-K\u00fcche, luxuri\u00f6se Bad- und Duschr\u00e4ume, Eichenparkett\" \/>\n<meta property=\"og:url\" content=\"https:\/\/www.urlaubcornwall.de\/blog\/ferienhaus-salcombe-meer-luxus-unterkuenfte-devon\/\" \/>\n<meta property=\"og:site_name\" content=\"Urlaub &amp; Reisen\" \/>\n<meta property=\"article:modified_time\" content=\"2021-09-17T12:17:02+00:00\" \/>\n<meta property=\"og:image\" content=\"https:\/\/www.urlaubcornwall.de\/blog\/wp-content\/uploads\/2018\/01\/luxus-ferienhaus-am-meer-salcombe.jpg\" \/>\n<meta name=\"twitter:card\" content=\"summary\" \/>\n<meta name=\"twitter:label1\" content=\"Est. reading time\" \/>\n\t<meta name=\"twitter:data1\" content=\"1 minute\" \/>\n<script type=\"application\/ld+json\" class=\"yoast-schema-graph\">{\"@context\":\"https:\/\/schema.org\",\"@graph\":[{\"@type\":\"WebSite\",\"@id\":\"https:\/\/www.urlaubcornwall.de\/blog\/#website\",\"url\":\"https:\/\/www.urlaubcornwall.de\/blog\/\",\"name\":\"Urlaub &amp; Reisen\",\"description\":\"Urlaub, Reisen, Cornwall und S\u00fcdengland: eine perfekte Kombination\",\"potentialAction\":[{\"@type\":\"SearchAction\",\"target\":{\"@type\":\"EntryPoint\",\"urlTemplate\":\"https:\/\/www.urlaubcornwall.de\/blog\/?s={search_term_string}\"},\"query-input\":\"required name=search_term_string\"}],\"inLanguage\":\"en-US\"},{\"@type\":\"WebPage\",\"@id\":\"https:\/\/www.urlaubcornwall.de\/blog\/ferienhaus-salcombe-meer-luxus-unterkuenfte-devon\/\",\"url\":\"https:\/\/www.urlaubcornwall.de\/blog\/ferienhaus-salcombe-meer-luxus-unterkuenfte-devon\/\",\"name\":\"Ferienhaus in Salcombe am Meer - Luxus-Unterk\u00fcnfte in Devon - Urlaub &amp; Reisen\",\"isPartOf\":{\"@id\":\"https:\/\/www.urlaubcornwall.de\/blog\/#website\"},\"datePublished\":\"2018-01-01T15:48:10+00:00\",\"dateModified\":\"2021-09-17T12:17:02+00:00\",\"description\":\"Dieses Ferienhaus ist ein neues, luxuri\u00f6ses, modernes Haus, das nach den besten Standards eingerichtet wurde und nur einen kurzen Spaziergang den H\u00fcgel hinunter zum Zentrum von Salcombe liegt. Das dreist\u00f6ckige Anwesen ist wundersch\u00f6n gestaltet. Die handgefertigte N-K\u00fcche, luxuri\u00f6se Bad- und Duschr\u00e4ume, Eichenparkett\",\"breadcrumb\":{\"@id\":\"https:\/\/www.urlaubcornwall.de\/blog\/ferienhaus-salcombe-meer-luxus-unterkuenfte-devon\/#breadcrumb\"},\"inLanguage\":\"en-US\",\"potentialAction\":[{\"@type\":\"ReadAction\",\"target\":[\"https:\/\/www.urlaubcornwall.de\/blog\/ferienhaus-salcombe-meer-luxus-unterkuenfte-devon\/\"]}]},{\"@type\":\"BreadcrumbList\",\"@id\":\"https:\/\/www.urlaubcornwall.de\/blog\/ferienhaus-salcombe-meer-luxus-unterkuenfte-devon\/#breadcrumb\",\"itemListElement\":[{\"@type\":\"ListItem\",\"position\":1,\"name\":\"Home\",\"item\":\"https:\/\/www.urlaubcornwall.de\/blog\/\"},{\"@type\":\"ListItem\",\"position\":2,\"name\":\"Ferienhaus in Salcombe am Meer &#8211; Luxus-Unterk\u00fcnfte in Devon\"}]}]}<\/script>\n<!-- \/ Yoast SEO plugin. -->","yoast_head_json":{"title":"Ferienhaus in Salcombe am Meer - Luxus-Unterk\u00fcnfte in Devon - Urlaub &amp; Reisen","description":"Dieses Ferienhaus ist ein neues, luxuri\u00f6ses, modernes Haus, das nach den besten Standards eingerichtet wurde und nur einen kurzen Spaziergang den H\u00fcgel hinunter zum Zentrum von Salcombe liegt. Das dreist\u00f6ckige Anwesen ist wundersch\u00f6n gestaltet. Die handgefertigte N-K\u00fcche, luxuri\u00f6se Bad- und Duschr\u00e4ume, Eichenparkett","robots":{"index":"index","follow":"follow","max-snippet":"max-snippet:-1","max-image-preview":"max-image-preview:large","max-video-preview":"max-video-preview:-1"},"canonical":"https:\/\/www.urlaubcornwall.de\/blog\/ferienhaus-salcombe-meer-luxus-unterkuenfte-devon\/","og_locale":"en_US","og_type":"article","og_title":"Ferienhaus in Salcombe am Meer - Luxus-Unterk\u00fcnfte in Devon - Urlaub &amp; Reisen","og_description":"Dieses Ferienhaus ist ein neues, luxuri\u00f6ses, modernes Haus, das nach den besten Standards eingerichtet wurde und nur einen kurzen Spaziergang den H\u00fcgel hinunter zum Zentrum von Salcombe liegt. Das dreist\u00f6ckige Anwesen ist wundersch\u00f6n gestaltet. Die handgefertigte N-K\u00fcche, luxuri\u00f6se Bad- und Duschr\u00e4ume, Eichenparkett","og_url":"https:\/\/www.urlaubcornwall.de\/blog\/ferienhaus-salcombe-meer-luxus-unterkuenfte-devon\/","og_site_name":"Urlaub &amp; Reisen","article_modified_time":"2021-09-17T12:17:02+00:00","og_image":[{"url":"https:\/\/www.urlaubcornwall.de\/blog\/wp-content\/uploads\/2018\/01\/luxus-ferienhaus-am-meer-salcombe.jpg"}],"twitter_card":"summary","twitter_misc":{"Est. reading time":"1 minute"},"schema":{"@context":"https:\/\/schema.org","@graph":[{"@type":"WebSite","@id":"https:\/\/www.urlaubcornwall.de\/blog\/#website","url":"https:\/\/www.urlaubcornwall.de\/blog\/","name":"Urlaub &amp; Reisen","description":"Urlaub, Reisen, Cornwall und S\u00fcdengland: eine perfekte Kombination","potentialAction":[{"@type":"SearchAction","target":{"@type":"EntryPoint","urlTemplate":"https:\/\/www.urlaubcornwall.de\/blog\/?s={search_term_string}"},"query-input":"required name=search_term_string"}],"inLanguage":"en-US"},{"@type":"WebPage","@id":"https:\/\/www.urlaubcornwall.de\/blog\/ferienhaus-salcombe-meer-luxus-unterkuenfte-devon\/","url":"https:\/\/www.urlaubcornwall.de\/blog\/ferienhaus-salcombe-meer-luxus-unterkuenfte-devon\/","name":"Ferienhaus in Salcombe am Meer - Luxus-Unterk\u00fcnfte in Devon - Urlaub &amp; Reisen","isPartOf":{"@id":"https:\/\/www.urlaubcornwall.de\/blog\/#website"},"datePublished":"2018-01-01T15:48:10+00:00","dateModified":"2021-09-17T12:17:02+00:00","description":"Dieses Ferienhaus ist ein neues, luxuri\u00f6ses, modernes Haus, das nach den besten Standards eingerichtet wurde und nur einen kurzen Spaziergang den H\u00fcgel hinunter zum Zentrum von Salcombe liegt. Das dreist\u00f6ckige Anwesen ist wundersch\u00f6n gestaltet. Die handgefertigte N-K\u00fcche, luxuri\u00f6se Bad- und Duschr\u00e4ume, Eichenparkett","breadcrumb":{"@id":"https:\/\/www.urlaubcornwall.de\/blog\/ferienhaus-salcombe-meer-luxus-unterkuenfte-devon\/#breadcrumb"},"inLanguage":"en-US","potentialAction":[{"@type":"ReadAction","target":["https:\/\/www.urlaubcornwall.de\/blog\/ferienhaus-salcombe-meer-luxus-unterkuenfte-devon\/"]}]},{"@type":"BreadcrumbList","@id":"https:\/\/www.urlaubcornwall.de\/blog\/ferienhaus-salcombe-meer-luxus-unterkuenfte-devon\/#breadcrumb","itemListElement":[{"@type":"ListItem","position":1,"name":"Home","item":"https:\/\/www.urlaubcornwall.de\/blog\/"},{"@type":"ListItem","position":2,"name":"Ferienhaus in Salcombe am Meer &#8211; Luxus-Unterk\u00fcnfte in Devon"}]}]}},"_links":{"self":[{"href":"https:\/\/www.urlaubcornwall.de\/blog\/wp-json\/wp\/v2\/pages\/31670"}],"collection":[{"href":"https:\/\/www.urlaubcornwall.de\/blog\/wp-json\/wp\/v2\/pages"}],"about":[{"href":"https:\/\/www.urlaubcornwall.de\/blog\/wp-json\/wp\/v2\/types\/page"}],"author":[{"embeddable":true,"href":"https:\/\/www.urlaubcornwall.de\/blog\/wp-json\/wp\/v2\/users\/1"}],"replies":[{"embeddable":true,"href":"https:\/\/www.urlaubcornwall.de\/blog\/wp-json\/wp\/v2\/comments?post=31670"}],"version-history":[{"count":4,"href":"https:\/\/www.urlaubcornwall.de\/blog\/wp-json\/wp\/v2\/pages\/31670\/revisions"}],"predecessor-version":[{"id":42891,"href":"https:\/\/www.urlaubcornwall.de\/blog\/wp-json\/wp\/v2\/pages\/31670\/revisions\/42891"}],"wp:attachment":[{"href":"https:\/\/www.urlaubcornwall.de\/blog\/wp-json\/wp\/v2\/media?parent=31670"}],"curies":[{"name":"wp","href":"https:\/\/api.w.org\/{rel}","templated":true}]}}