{"id":31652,"date":"2017-12-31T16:11:22","date_gmt":"2017-12-31T16:11:22","guid":{"rendered":"https:\/\/www.urlaubcornwall.de\/blog\/?page_id=31652"},"modified":"2021-09-02T10:41:46","modified_gmt":"2021-09-02T10:41:46","slug":"ferienhaus-meer-shaldon-strandurlaub-devon","status":"publish","type":"page","link":"https:\/\/www.urlaubcornwall.de\/blog\/ferienhaus-meer-shaldon-strandurlaub-devon\/","title":{"rendered":"Ferienhaus am Meer Shaldon &#8211; Strandurlaub Devon"},"content":{"rendered":"<p><img loading=\"lazy\" class=\"aligncenter size-full wp-image-31653\" src=\"https:\/\/www.urlaubcornwall.de\/blog\/wp-content\/uploads\/2017\/12\/ferienhaus-am-meer-shaldon.jpg\" alt=\"ferienhaus am meer shaldon\" width=\"746\" height=\"398\"\/><br \/>\n<strong>Ferienhaus mit Meerblick Shaldon, S\u00fcd-Devon.<\/strong><\/p>\n<p>2 Schlafzimmer, hundefreundlich, Schlafplatz f\u00fcr 4 + Kinderbett , Preis pro Woche \u00a3412 &#8211; \u00a3975<\/p>\n<p>Am Rande des Teign Estuary, mit dem Wasser 10 Meter vor dem Haus, Sailaway ist der perfekte Ort, um einen Urlaub zu genie\u00dfen. Shaldon hat alles, was man sich w\u00fcnschen kann: einen Strand, Restaurants, Caf\u00e9s und eine gute Auswahl an Gesch\u00e4ften. \u00dcber einen Schmugglertunnel am Ness Head und einen 10 Gehminuten entfernten Pub ist es nicht weit zu einem hundefreundlichen Strand. Dieses Ferienhaus ist ein charmantes Zweibett-Cottage mit Blick auf das Wasser von den vorderen Fenstern; Das Wohn- \/ Esszimmer verf\u00fcgt \u00fcber weiche Sofas zum Entspannen und neben einer gut ausgestatteten K\u00fcche gibt es eine Terrasse hinter dem Haus. Warum also nicht das Auto parken und diesen besonderen Ort erkunden?<\/p>\n<p style=\"text-align: center;\"><a class=\"tidycta\" href=\"https:\/\/www.urlaubcornwall.de\/ferienhaeuser-fewos\/eng\/sued-devon\/shaldon-am-meer.html\">Suche Ferienh\u00e4user Shaldon<\/a><\/p>\n<p>Um UrlaubCornwall.de einzigartige Kollektion nach Ihrem idealen Ferienhaus zu durchsuchen. <a href=\"https:\/\/www.urlaubcornwall.de\/ferienhaeuser\/suedwesten-englands.php\"><span style=\"text-decoration: underline;\">Klicken Sie hier<\/span> &gt;&gt;<\/a><\/p>\n","protected":false},"excerpt":{"rendered":"<p>Ferienhaus mit Meerblick Shaldon, S\u00fcd-Devon. 2 Schlafzimmer, hundefreundlich, Schlafplatz f\u00fcr 4 + Kinderbett , Preis pro Woche \u00a3412 &#8211; \u00a3975 Am Rande des Teign Estuary, mit dem Wasser 10 Meter vor dem Haus, Sailaway ist der perfekte Ort, um einen Urlaub zu genie\u00dfen. Shaldon hat alles, was man sich w\u00fcnschen kann: einen Strand, Restaurants, Caf\u00e9s [&hellip;]<\/p>\n","protected":false},"author":1,"featured_media":0,"parent":0,"menu_order":0,"comment_status":"closed","ping_status":"closed","template":"single-four.php","meta":[],"acf":[],"yoast_head":"<!-- This site is optimized with the Yoast SEO plugin v19.4 - https:\/\/yoast.com\/wordpress\/plugins\/seo\/ -->\n<title>Ferienhaus am Meer Shaldon - Strandurlaub Devon - Urlaub &amp; Reisen<\/title>\n<meta name=\"robots\" content=\"index, follow, max-snippet:-1, max-image-preview:large, max-video-preview:-1\" \/>\n<link rel=\"canonical\" href=\"https:\/\/www.urlaubcornwall.de\/blog\/ferienhaus-meer-shaldon-strandurlaub-devon\/\" \/>\n<meta property=\"og:locale\" content=\"en_US\" \/>\n<meta property=\"og:type\" content=\"article\" \/>\n<meta property=\"og:title\" content=\"Ferienhaus am Meer Shaldon - Strandurlaub Devon - Urlaub &amp; Reisen\" \/>\n<meta property=\"og:description\" content=\"Ferienhaus mit Meerblick Shaldon, S\u00fcd-Devon. 2 Schlafzimmer, hundefreundlich, Schlafplatz f\u00fcr 4 + Kinderbett , Preis pro Woche \u00a3412 &#8211; \u00a3975 Am Rande des Teign Estuary, mit dem Wasser 10 Meter vor dem Haus, Sailaway ist der perfekte Ort, um einen Urlaub zu genie\u00dfen. Shaldon hat alles, was man sich w\u00fcnschen kann: einen Strand, Restaurants, Caf\u00e9s [&hellip;]\" \/>\n<meta property=\"og:url\" content=\"https:\/\/www.urlaubcornwall.de\/blog\/ferienhaus-meer-shaldon-strandurlaub-devon\/\" \/>\n<meta property=\"og:site_name\" content=\"Urlaub &amp; Reisen\" \/>\n<meta property=\"article:modified_time\" content=\"2021-09-02T10:41:46+00:00\" \/>\n<meta property=\"og:image\" content=\"https:\/\/www.urlaubcornwall.de\/blog\/wp-content\/uploads\/2017\/12\/ferienhaus-am-meer-shaldon.jpg\" \/>\n<meta name=\"twitter:card\" content=\"summary\" \/>\n<meta name=\"twitter:label1\" content=\"Est. reading time\" \/>\n\t<meta name=\"twitter:data1\" content=\"1 minute\" \/>\n<script type=\"application\/ld+json\" class=\"yoast-schema-graph\">{\"@context\":\"https:\/\/schema.org\",\"@graph\":[{\"@type\":\"WebSite\",\"@id\":\"https:\/\/www.urlaubcornwall.de\/blog\/#website\",\"url\":\"https:\/\/www.urlaubcornwall.de\/blog\/\",\"name\":\"Urlaub &amp; Reisen\",\"description\":\"Urlaub, Reisen, Cornwall und S\u00fcdengland: eine perfekte Kombination\",\"potentialAction\":[{\"@type\":\"SearchAction\",\"target\":{\"@type\":\"EntryPoint\",\"urlTemplate\":\"https:\/\/www.urlaubcornwall.de\/blog\/?s={search_term_string}\"},\"query-input\":\"required name=search_term_string\"}],\"inLanguage\":\"en-US\"},{\"@type\":\"WebPage\",\"@id\":\"https:\/\/www.urlaubcornwall.de\/blog\/ferienhaus-meer-shaldon-strandurlaub-devon\/\",\"url\":\"https:\/\/www.urlaubcornwall.de\/blog\/ferienhaus-meer-shaldon-strandurlaub-devon\/\",\"name\":\"Ferienhaus am Meer Shaldon - Strandurlaub Devon - Urlaub &amp; Reisen\",\"isPartOf\":{\"@id\":\"https:\/\/www.urlaubcornwall.de\/blog\/#website\"},\"datePublished\":\"2017-12-31T16:11:22+00:00\",\"dateModified\":\"2021-09-02T10:41:46+00:00\",\"breadcrumb\":{\"@id\":\"https:\/\/www.urlaubcornwall.de\/blog\/ferienhaus-meer-shaldon-strandurlaub-devon\/#breadcrumb\"},\"inLanguage\":\"en-US\",\"potentialAction\":[{\"@type\":\"ReadAction\",\"target\":[\"https:\/\/www.urlaubcornwall.de\/blog\/ferienhaus-meer-shaldon-strandurlaub-devon\/\"]}]},{\"@type\":\"BreadcrumbList\",\"@id\":\"https:\/\/www.urlaubcornwall.de\/blog\/ferienhaus-meer-shaldon-strandurlaub-devon\/#breadcrumb\",\"itemListElement\":[{\"@type\":\"ListItem\",\"position\":1,\"name\":\"Home\",\"item\":\"https:\/\/www.urlaubcornwall.de\/blog\/\"},{\"@type\":\"ListItem\",\"position\":2,\"name\":\"Ferienhaus am Meer Shaldon &#8211; Strandurlaub Devon\"}]}]}<\/script>\n<!-- \/ Yoast SEO plugin. -->","yoast_head_json":{"title":"Ferienhaus am Meer Shaldon - Strandurlaub Devon - Urlaub &amp; Reisen","robots":{"index":"index","follow":"follow","max-snippet":"max-snippet:-1","max-image-preview":"max-image-preview:large","max-video-preview":"max-video-preview:-1"},"canonical":"https:\/\/www.urlaubcornwall.de\/blog\/ferienhaus-meer-shaldon-strandurlaub-devon\/","og_locale":"en_US","og_type":"article","og_title":"Ferienhaus am Meer Shaldon - Strandurlaub Devon - Urlaub &amp; Reisen","og_description":"Ferienhaus mit Meerblick Shaldon, S\u00fcd-Devon. 2 Schlafzimmer, hundefreundlich, Schlafplatz f\u00fcr 4 + Kinderbett , Preis pro Woche \u00a3412 &#8211; \u00a3975 Am Rande des Teign Estuary, mit dem Wasser 10 Meter vor dem Haus, Sailaway ist der perfekte Ort, um einen Urlaub zu genie\u00dfen. Shaldon hat alles, was man sich w\u00fcnschen kann: einen Strand, Restaurants, Caf\u00e9s [&hellip;]","og_url":"https:\/\/www.urlaubcornwall.de\/blog\/ferienhaus-meer-shaldon-strandurlaub-devon\/","og_site_name":"Urlaub &amp; Reisen","article_modified_time":"2021-09-02T10:41:46+00:00","og_image":[{"url":"https:\/\/www.urlaubcornwall.de\/blog\/wp-content\/uploads\/2017\/12\/ferienhaus-am-meer-shaldon.jpg"}],"twitter_card":"summary","twitter_misc":{"Est. reading time":"1 minute"},"schema":{"@context":"https:\/\/schema.org","@graph":[{"@type":"WebSite","@id":"https:\/\/www.urlaubcornwall.de\/blog\/#website","url":"https:\/\/www.urlaubcornwall.de\/blog\/","name":"Urlaub &amp; Reisen","description":"Urlaub, Reisen, Cornwall und S\u00fcdengland: eine perfekte Kombination","potentialAction":[{"@type":"SearchAction","target":{"@type":"EntryPoint","urlTemplate":"https:\/\/www.urlaubcornwall.de\/blog\/?s={search_term_string}"},"query-input":"required name=search_term_string"}],"inLanguage":"en-US"},{"@type":"WebPage","@id":"https:\/\/www.urlaubcornwall.de\/blog\/ferienhaus-meer-shaldon-strandurlaub-devon\/","url":"https:\/\/www.urlaubcornwall.de\/blog\/ferienhaus-meer-shaldon-strandurlaub-devon\/","name":"Ferienhaus am Meer Shaldon - Strandurlaub Devon - Urlaub &amp; Reisen","isPartOf":{"@id":"https:\/\/www.urlaubcornwall.de\/blog\/#website"},"datePublished":"2017-12-31T16:11:22+00:00","dateModified":"2021-09-02T10:41:46+00:00","breadcrumb":{"@id":"https:\/\/www.urlaubcornwall.de\/blog\/ferienhaus-meer-shaldon-strandurlaub-devon\/#breadcrumb"},"inLanguage":"en-US","potentialAction":[{"@type":"ReadAction","target":["https:\/\/www.urlaubcornwall.de\/blog\/ferienhaus-meer-shaldon-strandurlaub-devon\/"]}]},{"@type":"BreadcrumbList","@id":"https:\/\/www.urlaubcornwall.de\/blog\/ferienhaus-meer-shaldon-strandurlaub-devon\/#breadcrumb","itemListElement":[{"@type":"ListItem","position":1,"name":"Home","item":"https:\/\/www.urlaubcornwall.de\/blog\/"},{"@type":"ListItem","position":2,"name":"Ferienhaus am Meer Shaldon &#8211; Strandurlaub Devon"}]}]}},"_links":{"self":[{"href":"https:\/\/www.urlaubcornwall.de\/blog\/wp-json\/wp\/v2\/pages\/31652"}],"collection":[{"href":"https:\/\/www.urlaubcornwall.de\/blog\/wp-json\/wp\/v2\/pages"}],"about":[{"href":"https:\/\/www.urlaubcornwall.de\/blog\/wp-json\/wp\/v2\/types\/page"}],"author":[{"embeddable":true,"href":"https:\/\/www.urlaubcornwall.de\/blog\/wp-json\/wp\/v2\/users\/1"}],"replies":[{"embeddable":true,"href":"https:\/\/www.urlaubcornwall.de\/blog\/wp-json\/wp\/v2\/comments?post=31652"}],"version-history":[{"count":2,"href":"https:\/\/www.urlaubcornwall.de\/blog\/wp-json\/wp\/v2\/pages\/31652\/revisions"}],"predecessor-version":[{"id":42475,"href":"https:\/\/www.urlaubcornwall.de\/blog\/wp-json\/wp\/v2\/pages\/31652\/revisions\/42475"}],"wp:attachment":[{"href":"https:\/\/www.urlaubcornwall.de\/blog\/wp-json\/wp\/v2\/media?parent=31652"}],"curies":[{"name":"wp","href":"https:\/\/api.w.org\/{rel}","templated":true}]}}