{"id":31624,"date":"2017-12-30T16:30:49","date_gmt":"2017-12-30T16:30:49","guid":{"rendered":"https:\/\/www.urlaubcornwall.de\/blog\/?page_id=31624"},"modified":"2021-09-02T11:41:00","modified_gmt":"2021-09-02T11:41:00","slug":"ferienhaus-kingsbridge-meer-south-hams-devon","status":"publish","type":"page","link":"https:\/\/www.urlaubcornwall.de\/blog\/ferienhaus-kingsbridge-meer-south-hams-devon\/","title":{"rendered":"Ferienhaus Kingsbridge am Meer &#8211; South Hams Devon"},"content":{"rendered":"<p><img loading=\"lazy\" class=\"aligncenter size-full wp-image-31625\" src=\"https:\/\/www.urlaubcornwall.de\/blog\/wp-content\/uploads\/2017\/12\/ferienhaus-am-Meer-kingsbridge.jpg\" alt=\"ferienhaus am Meer kingsbridge\" width=\"746\" height=\"440\"\/><br \/>\n<strong>Ferienhaus mit Meerblick Kingsbridge, S\u00fcd-Devon.<\/strong><\/p>\n<p>5 Schlafzimmer, leider keine Haustiere erlaubt, Schlafplatz f\u00fcr 10 + 2 Kinderbetten, An-\/Abreisetag am Samstag<\/p>\n<p>Preis pro Woche \u00a31044 &#8211; \u00a32448<\/p>\n<p>Dieses wunderbar ger\u00e4umige Ferienhaus liegt am Rande des Strandes Sedgewell in Bigbury-on-Sea. Die Lage dieses Hauses ist einzigartig und liegt in der N\u00e4he eines der sch\u00f6nsten Str\u00e4nde von South Devon, aber es hat auch einen fabelhaften offenen Grundriss, gepaart mit der sch\u00f6nsten Terrasse mit weitem Blick auf das Meer. Dieses Ferienhaus wird Ihnen helfen, unvergessliche Urlaubserinnerungen zu schaffen.<\/p>\n<p style=\"text-align: center;\"><a class=\"tidycta\" href=\"https:\/\/www.urlaubcornwall.de\/ferienhaeuser-fewos\/eng\/sued-devon\/kingsbridge-am-meer.html\">Suche Ferienh\u00e4user Kingsbridge<\/a><\/p>\n<p>Um UrlaubCornwall.de einzigartige Kollektion nach Ihrem idealen Ferienhaus zu durchsuchen. <a href=\"https:\/\/www.urlaubcornwall.de\/ferienhaeuser\/devon.php\"><span style=\"text-decoration: underline;\">Klicken Sie hier<\/span> &gt;&gt;<\/a><\/p>\n","protected":false},"excerpt":{"rendered":"<p>Ferienhaus mit Meerblick Kingsbridge, S\u00fcd-Devon. 5 Schlafzimmer, leider keine Haustiere erlaubt, Schlafplatz f\u00fcr 10 + 2 Kinderbetten, An-\/Abreisetag am Samstag Preis pro Woche \u00a31044 &#8211; \u00a32448 Dieses wunderbar ger\u00e4umige Ferienhaus liegt am Rande des Strandes Sedgewell in Bigbury-on-Sea. Die Lage dieses Hauses ist einzigartig und liegt in der N\u00e4he eines der sch\u00f6nsten Str\u00e4nde von South [&hellip;]<\/p>\n","protected":false},"author":1,"featured_media":0,"parent":0,"menu_order":0,"comment_status":"closed","ping_status":"closed","template":"single-four.php","meta":[],"acf":[],"yoast_head":"<!-- This site is optimized with the Yoast SEO plugin v19.4 - https:\/\/yoast.com\/wordpress\/plugins\/seo\/ -->\n<title>Ferienhaus Kingsbridge am Meer - South Hams Devon - Urlaub &amp; Reisen<\/title>\n<meta name=\"robots\" content=\"index, follow, max-snippet:-1, max-image-preview:large, max-video-preview:-1\" \/>\n<link rel=\"canonical\" href=\"https:\/\/www.urlaubcornwall.de\/blog\/ferienhaus-kingsbridge-meer-south-hams-devon\/\" \/>\n<meta property=\"og:locale\" content=\"en_US\" \/>\n<meta property=\"og:type\" content=\"article\" \/>\n<meta property=\"og:title\" content=\"Ferienhaus Kingsbridge am Meer - South Hams Devon - Urlaub &amp; Reisen\" \/>\n<meta property=\"og:description\" content=\"Ferienhaus mit Meerblick Kingsbridge, S\u00fcd-Devon. 5 Schlafzimmer, leider keine Haustiere erlaubt, Schlafplatz f\u00fcr 10 + 2 Kinderbetten, An-\/Abreisetag am Samstag Preis pro Woche \u00a31044 &#8211; \u00a32448 Dieses wunderbar ger\u00e4umige Ferienhaus liegt am Rande des Strandes Sedgewell in Bigbury-on-Sea. Die Lage dieses Hauses ist einzigartig und liegt in der N\u00e4he eines der sch\u00f6nsten Str\u00e4nde von South [&hellip;]\" \/>\n<meta property=\"og:url\" content=\"https:\/\/www.urlaubcornwall.de\/blog\/ferienhaus-kingsbridge-meer-south-hams-devon\/\" \/>\n<meta property=\"og:site_name\" content=\"Urlaub &amp; Reisen\" \/>\n<meta property=\"article:modified_time\" content=\"2021-09-02T11:41:00+00:00\" \/>\n<meta property=\"og:image\" content=\"https:\/\/www.urlaubcornwall.de\/blog\/wp-content\/uploads\/2017\/12\/ferienhaus-am-Meer-kingsbridge.jpg\" \/>\n<meta name=\"twitter:card\" content=\"summary\" \/>\n<meta name=\"twitter:label1\" content=\"Est. reading time\" \/>\n\t<meta name=\"twitter:data1\" content=\"1 minute\" \/>\n<script type=\"application\/ld+json\" class=\"yoast-schema-graph\">{\"@context\":\"https:\/\/schema.org\",\"@graph\":[{\"@type\":\"WebSite\",\"@id\":\"https:\/\/www.urlaubcornwall.de\/blog\/#website\",\"url\":\"https:\/\/www.urlaubcornwall.de\/blog\/\",\"name\":\"Urlaub &amp; Reisen\",\"description\":\"Urlaub, Reisen, Cornwall und S\u00fcdengland: eine perfekte Kombination\",\"potentialAction\":[{\"@type\":\"SearchAction\",\"target\":{\"@type\":\"EntryPoint\",\"urlTemplate\":\"https:\/\/www.urlaubcornwall.de\/blog\/?s={search_term_string}\"},\"query-input\":\"required name=search_term_string\"}],\"inLanguage\":\"en-US\"},{\"@type\":\"WebPage\",\"@id\":\"https:\/\/www.urlaubcornwall.de\/blog\/ferienhaus-kingsbridge-meer-south-hams-devon\/\",\"url\":\"https:\/\/www.urlaubcornwall.de\/blog\/ferienhaus-kingsbridge-meer-south-hams-devon\/\",\"name\":\"Ferienhaus Kingsbridge am Meer - South Hams Devon - Urlaub &amp; Reisen\",\"isPartOf\":{\"@id\":\"https:\/\/www.urlaubcornwall.de\/blog\/#website\"},\"datePublished\":\"2017-12-30T16:30:49+00:00\",\"dateModified\":\"2021-09-02T11:41:00+00:00\",\"breadcrumb\":{\"@id\":\"https:\/\/www.urlaubcornwall.de\/blog\/ferienhaus-kingsbridge-meer-south-hams-devon\/#breadcrumb\"},\"inLanguage\":\"en-US\",\"potentialAction\":[{\"@type\":\"ReadAction\",\"target\":[\"https:\/\/www.urlaubcornwall.de\/blog\/ferienhaus-kingsbridge-meer-south-hams-devon\/\"]}]},{\"@type\":\"BreadcrumbList\",\"@id\":\"https:\/\/www.urlaubcornwall.de\/blog\/ferienhaus-kingsbridge-meer-south-hams-devon\/#breadcrumb\",\"itemListElement\":[{\"@type\":\"ListItem\",\"position\":1,\"name\":\"Home\",\"item\":\"https:\/\/www.urlaubcornwall.de\/blog\/\"},{\"@type\":\"ListItem\",\"position\":2,\"name\":\"Ferienhaus Kingsbridge am Meer &#8211; South Hams Devon\"}]}]}<\/script>\n<!-- \/ Yoast SEO plugin. -->","yoast_head_json":{"title":"Ferienhaus Kingsbridge am Meer - South Hams Devon - Urlaub &amp; Reisen","robots":{"index":"index","follow":"follow","max-snippet":"max-snippet:-1","max-image-preview":"max-image-preview:large","max-video-preview":"max-video-preview:-1"},"canonical":"https:\/\/www.urlaubcornwall.de\/blog\/ferienhaus-kingsbridge-meer-south-hams-devon\/","og_locale":"en_US","og_type":"article","og_title":"Ferienhaus Kingsbridge am Meer - South Hams Devon - Urlaub &amp; Reisen","og_description":"Ferienhaus mit Meerblick Kingsbridge, S\u00fcd-Devon. 5 Schlafzimmer, leider keine Haustiere erlaubt, Schlafplatz f\u00fcr 10 + 2 Kinderbetten, An-\/Abreisetag am Samstag Preis pro Woche \u00a31044 &#8211; \u00a32448 Dieses wunderbar ger\u00e4umige Ferienhaus liegt am Rande des Strandes Sedgewell in Bigbury-on-Sea. Die Lage dieses Hauses ist einzigartig und liegt in der N\u00e4he eines der sch\u00f6nsten Str\u00e4nde von South [&hellip;]","og_url":"https:\/\/www.urlaubcornwall.de\/blog\/ferienhaus-kingsbridge-meer-south-hams-devon\/","og_site_name":"Urlaub &amp; Reisen","article_modified_time":"2021-09-02T11:41:00+00:00","og_image":[{"url":"https:\/\/www.urlaubcornwall.de\/blog\/wp-content\/uploads\/2017\/12\/ferienhaus-am-Meer-kingsbridge.jpg"}],"twitter_card":"summary","twitter_misc":{"Est. reading time":"1 minute"},"schema":{"@context":"https:\/\/schema.org","@graph":[{"@type":"WebSite","@id":"https:\/\/www.urlaubcornwall.de\/blog\/#website","url":"https:\/\/www.urlaubcornwall.de\/blog\/","name":"Urlaub &amp; Reisen","description":"Urlaub, Reisen, Cornwall und S\u00fcdengland: eine perfekte Kombination","potentialAction":[{"@type":"SearchAction","target":{"@type":"EntryPoint","urlTemplate":"https:\/\/www.urlaubcornwall.de\/blog\/?s={search_term_string}"},"query-input":"required name=search_term_string"}],"inLanguage":"en-US"},{"@type":"WebPage","@id":"https:\/\/www.urlaubcornwall.de\/blog\/ferienhaus-kingsbridge-meer-south-hams-devon\/","url":"https:\/\/www.urlaubcornwall.de\/blog\/ferienhaus-kingsbridge-meer-south-hams-devon\/","name":"Ferienhaus Kingsbridge am Meer - South Hams Devon - Urlaub &amp; Reisen","isPartOf":{"@id":"https:\/\/www.urlaubcornwall.de\/blog\/#website"},"datePublished":"2017-12-30T16:30:49+00:00","dateModified":"2021-09-02T11:41:00+00:00","breadcrumb":{"@id":"https:\/\/www.urlaubcornwall.de\/blog\/ferienhaus-kingsbridge-meer-south-hams-devon\/#breadcrumb"},"inLanguage":"en-US","potentialAction":[{"@type":"ReadAction","target":["https:\/\/www.urlaubcornwall.de\/blog\/ferienhaus-kingsbridge-meer-south-hams-devon\/"]}]},{"@type":"BreadcrumbList","@id":"https:\/\/www.urlaubcornwall.de\/blog\/ferienhaus-kingsbridge-meer-south-hams-devon\/#breadcrumb","itemListElement":[{"@type":"ListItem","position":1,"name":"Home","item":"https:\/\/www.urlaubcornwall.de\/blog\/"},{"@type":"ListItem","position":2,"name":"Ferienhaus Kingsbridge am Meer &#8211; South Hams Devon"}]}]}},"_links":{"self":[{"href":"https:\/\/www.urlaubcornwall.de\/blog\/wp-json\/wp\/v2\/pages\/31624"}],"collection":[{"href":"https:\/\/www.urlaubcornwall.de\/blog\/wp-json\/wp\/v2\/pages"}],"about":[{"href":"https:\/\/www.urlaubcornwall.de\/blog\/wp-json\/wp\/v2\/types\/page"}],"author":[{"embeddable":true,"href":"https:\/\/www.urlaubcornwall.de\/blog\/wp-json\/wp\/v2\/users\/1"}],"replies":[{"embeddable":true,"href":"https:\/\/www.urlaubcornwall.de\/blog\/wp-json\/wp\/v2\/comments?post=31624"}],"version-history":[{"count":2,"href":"https:\/\/www.urlaubcornwall.de\/blog\/wp-json\/wp\/v2\/pages\/31624\/revisions"}],"predecessor-version":[{"id":42490,"href":"https:\/\/www.urlaubcornwall.de\/blog\/wp-json\/wp\/v2\/pages\/31624\/revisions\/42490"}],"wp:attachment":[{"href":"https:\/\/www.urlaubcornwall.de\/blog\/wp-json\/wp\/v2\/media?parent=31624"}],"curies":[{"name":"wp","href":"https:\/\/api.w.org\/{rel}","templated":true}]}}