{"id":31620,"date":"2017-12-30T16:16:06","date_gmt":"2017-12-30T16:16:06","guid":{"rendered":"https:\/\/www.urlaubcornwall.de\/blog\/?page_id=31620"},"modified":"2021-09-02T09:59:05","modified_gmt":"2021-09-02T09:59:05","slug":"ferienhaus-kingsand-meer-kueste-cornwall","status":"publish","type":"page","link":"https:\/\/www.urlaubcornwall.de\/blog\/ferienhaus-kingsand-meer-kueste-cornwall\/","title":{"rendered":"Ferienhaus Kingsand am Meer &#8211; K\u00fcste Cornwall"},"content":{"rendered":"<p><img loading=\"lazy\" class=\"aligncenter size-full wp-image-31621\" src=\"https:\/\/www.urlaubcornwall.de\/blog\/wp-content\/uploads\/2017\/12\/ferienhaus-am-meer-kingsand.jpg\" alt=\"ferienhaus am meer kingsand\" width=\"746\" height=\"428\"\/><br \/>\n<strong>Ferienwohnung mit Meerblick 2.4 kilometern NO von Kingsand, S\u00fcdk\u00fcste Cornwall.<\/strong><\/p>\n<p>1 Schlafzimmer, leider keine Haustiere erlaubt, Schlafplatz f\u00fcr 2, An-\/Abreisetag am Freitag<\/p>\n<p>Preis pro Woche \u00a3355 &#8211; \u00a3785<\/p>\n<p>Mit einer atemberaubenden Lage direkt am Wasser und einem atemberaubenden Blick auf den <a href=\"https:\/\/www.urlaubcornwall.de\/blog\/urlaub-plymouth-unterkunft-sehenswuerdigkeiten-und-geschichte\/\">Plymouth Sound<\/a>, ist dieses Ferienhaus ein entz\u00fcckendes Apartment am Wasser im historischen Fort Picklecombe und ist genau das Richtige f\u00fcr diejenigen, die ein tolles kleines Refugium f\u00fcr zwei in einem ganz besonderen suchen Lage. Auf der Halbinsel Rame, wo die \u00fcppige H\u00fcgellandschaft auf die atemberaubende Sch\u00f6nheit der K\u00fcste trifft, werden Sie sicher viele Stunden mit Blick aufs Meer verbringen. Dieses offen geschnittene Apartment verf\u00fcgt \u00fcber gro\u00dfe Fenster, die auf den Balkon f\u00fchren und nur wenige Meter vom Wasser entfernt liegen. Ein Aufzug von der Tiefgarage f\u00fchrt zu dieser Wohnung im ersten Stock, die sogar von der Pantry-K\u00fcche und dem Schlafzimmer-Bereich einen herrlichen Blick bietet, so dass Sie sogar vom Bett aus aufs Meer blicken k\u00f6nnen.<\/p>\n<p style=\"text-align: center;\"><a class=\"tidycta\" href=\"https:\/\/www.urlaubcornwall.de\/ferienhaeuser-fewos\/kingsand-am-meer.html\">Suche Ferienh\u00e4user Kingsand<\/a><\/p>\n<p>Um UrlaubCornwall.de einzigartige Kollektion nach Ihrem idealen Ferienhaus zu durchsuchen. <a href=\"https:\/\/www.urlaubcornwall.de\/ferienhaeuser\/cornwall.php\"><span style=\"text-decoration: underline;\">Klicken Sie hier<\/span> &gt;&gt;<\/a><\/p>\n","protected":false},"excerpt":{"rendered":"<p>Ferienwohnung mit Meerblick 2.4 kilometern NO von Kingsand, S\u00fcdk\u00fcste Cornwall. 1 Schlafzimmer, leider keine Haustiere erlaubt, Schlafplatz f\u00fcr 2, An-\/Abreisetag am Freitag Preis pro Woche \u00a3355 &#8211; \u00a3785 Mit einer atemberaubenden Lage direkt am Wasser und einem atemberaubenden Blick auf den Plymouth Sound, ist dieses Ferienhaus ein entz\u00fcckendes Apartment am Wasser im historischen Fort Picklecombe [&hellip;]<\/p>\n","protected":false},"author":1,"featured_media":0,"parent":0,"menu_order":0,"comment_status":"closed","ping_status":"closed","template":"single-four.php","meta":[],"acf":[],"yoast_head":"<!-- This site is optimized with the Yoast SEO plugin v19.4 - https:\/\/yoast.com\/wordpress\/plugins\/seo\/ -->\n<title>Ferienhaus Kingsand am Meer - K\u00fcste Cornwall - Urlaub &amp; Reisen<\/title>\n<meta name=\"robots\" content=\"index, follow, max-snippet:-1, max-image-preview:large, max-video-preview:-1\" \/>\n<link rel=\"canonical\" href=\"https:\/\/www.urlaubcornwall.de\/blog\/ferienhaus-kingsand-meer-kueste-cornwall\/\" \/>\n<meta property=\"og:locale\" content=\"en_US\" \/>\n<meta property=\"og:type\" content=\"article\" \/>\n<meta property=\"og:title\" content=\"Ferienhaus Kingsand am Meer - K\u00fcste Cornwall - Urlaub &amp; Reisen\" \/>\n<meta property=\"og:description\" content=\"Ferienwohnung mit Meerblick 2.4 kilometern NO von Kingsand, S\u00fcdk\u00fcste Cornwall. 1 Schlafzimmer, leider keine Haustiere erlaubt, Schlafplatz f\u00fcr 2, An-\/Abreisetag am Freitag Preis pro Woche \u00a3355 &#8211; \u00a3785 Mit einer atemberaubenden Lage direkt am Wasser und einem atemberaubenden Blick auf den Plymouth Sound, ist dieses Ferienhaus ein entz\u00fcckendes Apartment am Wasser im historischen Fort Picklecombe [&hellip;]\" \/>\n<meta property=\"og:url\" content=\"https:\/\/www.urlaubcornwall.de\/blog\/ferienhaus-kingsand-meer-kueste-cornwall\/\" \/>\n<meta property=\"og:site_name\" content=\"Urlaub &amp; Reisen\" \/>\n<meta property=\"article:modified_time\" content=\"2021-09-02T09:59:05+00:00\" \/>\n<meta property=\"og:image\" content=\"https:\/\/www.urlaubcornwall.de\/blog\/wp-content\/uploads\/2017\/12\/ferienhaus-am-meer-kingsand.jpg\" \/>\n<meta name=\"twitter:card\" content=\"summary\" \/>\n<meta name=\"twitter:label1\" content=\"Est. reading time\" \/>\n\t<meta name=\"twitter:data1\" content=\"1 minute\" \/>\n<script type=\"application\/ld+json\" class=\"yoast-schema-graph\">{\"@context\":\"https:\/\/schema.org\",\"@graph\":[{\"@type\":\"WebSite\",\"@id\":\"https:\/\/www.urlaubcornwall.de\/blog\/#website\",\"url\":\"https:\/\/www.urlaubcornwall.de\/blog\/\",\"name\":\"Urlaub &amp; Reisen\",\"description\":\"Urlaub, Reisen, Cornwall und S\u00fcdengland: eine perfekte Kombination\",\"potentialAction\":[{\"@type\":\"SearchAction\",\"target\":{\"@type\":\"EntryPoint\",\"urlTemplate\":\"https:\/\/www.urlaubcornwall.de\/blog\/?s={search_term_string}\"},\"query-input\":\"required name=search_term_string\"}],\"inLanguage\":\"en-US\"},{\"@type\":\"WebPage\",\"@id\":\"https:\/\/www.urlaubcornwall.de\/blog\/ferienhaus-kingsand-meer-kueste-cornwall\/\",\"url\":\"https:\/\/www.urlaubcornwall.de\/blog\/ferienhaus-kingsand-meer-kueste-cornwall\/\",\"name\":\"Ferienhaus Kingsand am Meer - K\u00fcste Cornwall - Urlaub &amp; Reisen\",\"isPartOf\":{\"@id\":\"https:\/\/www.urlaubcornwall.de\/blog\/#website\"},\"datePublished\":\"2017-12-30T16:16:06+00:00\",\"dateModified\":\"2021-09-02T09:59:05+00:00\",\"breadcrumb\":{\"@id\":\"https:\/\/www.urlaubcornwall.de\/blog\/ferienhaus-kingsand-meer-kueste-cornwall\/#breadcrumb\"},\"inLanguage\":\"en-US\",\"potentialAction\":[{\"@type\":\"ReadAction\",\"target\":[\"https:\/\/www.urlaubcornwall.de\/blog\/ferienhaus-kingsand-meer-kueste-cornwall\/\"]}]},{\"@type\":\"BreadcrumbList\",\"@id\":\"https:\/\/www.urlaubcornwall.de\/blog\/ferienhaus-kingsand-meer-kueste-cornwall\/#breadcrumb\",\"itemListElement\":[{\"@type\":\"ListItem\",\"position\":1,\"name\":\"Home\",\"item\":\"https:\/\/www.urlaubcornwall.de\/blog\/\"},{\"@type\":\"ListItem\",\"position\":2,\"name\":\"Ferienhaus Kingsand am Meer &#8211; K\u00fcste Cornwall\"}]}]}<\/script>\n<!-- \/ Yoast SEO plugin. -->","yoast_head_json":{"title":"Ferienhaus Kingsand am Meer - K\u00fcste Cornwall - Urlaub &amp; Reisen","robots":{"index":"index","follow":"follow","max-snippet":"max-snippet:-1","max-image-preview":"max-image-preview:large","max-video-preview":"max-video-preview:-1"},"canonical":"https:\/\/www.urlaubcornwall.de\/blog\/ferienhaus-kingsand-meer-kueste-cornwall\/","og_locale":"en_US","og_type":"article","og_title":"Ferienhaus Kingsand am Meer - K\u00fcste Cornwall - Urlaub &amp; Reisen","og_description":"Ferienwohnung mit Meerblick 2.4 kilometern NO von Kingsand, S\u00fcdk\u00fcste Cornwall. 1 Schlafzimmer, leider keine Haustiere erlaubt, Schlafplatz f\u00fcr 2, An-\/Abreisetag am Freitag Preis pro Woche \u00a3355 &#8211; \u00a3785 Mit einer atemberaubenden Lage direkt am Wasser und einem atemberaubenden Blick auf den Plymouth Sound, ist dieses Ferienhaus ein entz\u00fcckendes Apartment am Wasser im historischen Fort Picklecombe [&hellip;]","og_url":"https:\/\/www.urlaubcornwall.de\/blog\/ferienhaus-kingsand-meer-kueste-cornwall\/","og_site_name":"Urlaub &amp; Reisen","article_modified_time":"2021-09-02T09:59:05+00:00","og_image":[{"url":"https:\/\/www.urlaubcornwall.de\/blog\/wp-content\/uploads\/2017\/12\/ferienhaus-am-meer-kingsand.jpg"}],"twitter_card":"summary","twitter_misc":{"Est. reading time":"1 minute"},"schema":{"@context":"https:\/\/schema.org","@graph":[{"@type":"WebSite","@id":"https:\/\/www.urlaubcornwall.de\/blog\/#website","url":"https:\/\/www.urlaubcornwall.de\/blog\/","name":"Urlaub &amp; Reisen","description":"Urlaub, Reisen, Cornwall und S\u00fcdengland: eine perfekte Kombination","potentialAction":[{"@type":"SearchAction","target":{"@type":"EntryPoint","urlTemplate":"https:\/\/www.urlaubcornwall.de\/blog\/?s={search_term_string}"},"query-input":"required name=search_term_string"}],"inLanguage":"en-US"},{"@type":"WebPage","@id":"https:\/\/www.urlaubcornwall.de\/blog\/ferienhaus-kingsand-meer-kueste-cornwall\/","url":"https:\/\/www.urlaubcornwall.de\/blog\/ferienhaus-kingsand-meer-kueste-cornwall\/","name":"Ferienhaus Kingsand am Meer - K\u00fcste Cornwall - Urlaub &amp; Reisen","isPartOf":{"@id":"https:\/\/www.urlaubcornwall.de\/blog\/#website"},"datePublished":"2017-12-30T16:16:06+00:00","dateModified":"2021-09-02T09:59:05+00:00","breadcrumb":{"@id":"https:\/\/www.urlaubcornwall.de\/blog\/ferienhaus-kingsand-meer-kueste-cornwall\/#breadcrumb"},"inLanguage":"en-US","potentialAction":[{"@type":"ReadAction","target":["https:\/\/www.urlaubcornwall.de\/blog\/ferienhaus-kingsand-meer-kueste-cornwall\/"]}]},{"@type":"BreadcrumbList","@id":"https:\/\/www.urlaubcornwall.de\/blog\/ferienhaus-kingsand-meer-kueste-cornwall\/#breadcrumb","itemListElement":[{"@type":"ListItem","position":1,"name":"Home","item":"https:\/\/www.urlaubcornwall.de\/blog\/"},{"@type":"ListItem","position":2,"name":"Ferienhaus Kingsand am Meer &#8211; K\u00fcste Cornwall"}]}]}},"_links":{"self":[{"href":"https:\/\/www.urlaubcornwall.de\/blog\/wp-json\/wp\/v2\/pages\/31620"}],"collection":[{"href":"https:\/\/www.urlaubcornwall.de\/blog\/wp-json\/wp\/v2\/pages"}],"about":[{"href":"https:\/\/www.urlaubcornwall.de\/blog\/wp-json\/wp\/v2\/types\/page"}],"author":[{"embeddable":true,"href":"https:\/\/www.urlaubcornwall.de\/blog\/wp-json\/wp\/v2\/users\/1"}],"replies":[{"embeddable":true,"href":"https:\/\/www.urlaubcornwall.de\/blog\/wp-json\/wp\/v2\/comments?post=31620"}],"version-history":[{"count":4,"href":"https:\/\/www.urlaubcornwall.de\/blog\/wp-json\/wp\/v2\/pages\/31620\/revisions"}],"predecessor-version":[{"id":42445,"href":"https:\/\/www.urlaubcornwall.de\/blog\/wp-json\/wp\/v2\/pages\/31620\/revisions\/42445"}],"wp:attachment":[{"href":"https:\/\/www.urlaubcornwall.de\/blog\/wp-json\/wp\/v2\/media?parent=31620"}],"curies":[{"name":"wp","href":"https:\/\/api.w.org\/{rel}","templated":true}]}}