{"id":31607,"date":"2017-12-30T15:37:40","date_gmt":"2017-12-30T15:37:40","guid":{"rendered":"https:\/\/www.urlaubcornwall.de\/blog\/?page_id=31607"},"modified":"2021-09-02T10:40:57","modified_gmt":"2021-09-02T10:40:57","slug":"ferienhaus-meer-dartmouth-sued-devon","status":"publish","type":"page","link":"https:\/\/www.urlaubcornwall.de\/blog\/ferienhaus-meer-dartmouth-sued-devon\/","title":{"rendered":"Ferienhaus am Meer Dartmouth, S\u00fcd-Devon"},"content":{"rendered":"<p><img loading=\"lazy\" class=\"aligncenter size-full wp-image-31608\" src=\"https:\/\/www.urlaubcornwall.de\/blog\/wp-content\/uploads\/2017\/12\/ferienhaus-am-meer-dartmouth-devon.jpg\" alt=\"ferienhaus am meer dartmouth devon\" width=\"746\" height=\"428\"\/><br \/>\n<strong>Ferienhaus 3.7 kilometern SW von Dartmouth, S\u00fcd-Devon.<\/strong><\/p>\n<p>3 Schlafzimmer, leider keine Haustiere erlaubt, Schlafplatz f\u00fcr 6 + 2 Kinderbetten, An-\/Abreisetag am Samtag<\/p>\n<p>Preis pro Woche \u00a3574 &#8211; \u00a31435<\/p>\n<p>Ein wundersch\u00f6nes Ferienhaus in der Ortschaft Embridge, 15 Gehminuten vom herrlichen Strand von Blackpool Sands und nicht weit von Dartmouth entfernt. Einige originale Elemente wurden in diesem entz\u00fcckenden und stilvollen Cottage beibehalten, einschlie\u00dflich Wendeltreppen mit einem niedrigen Sturz bis zur obersten Etage. Es gibt Fu\u00dfbodenheizung in der K\u00fcche und Badezimmer, einen Kamin in der Sitzecke, WLAN, drei Schlafzimmer und drei Dusche \/ Badezimmer. Der Garten hinter dem Haus ist der ideale Ort zum Entspannen, ideal f\u00fcr eine Familie oder eine Gruppe von Freunden.<\/p>\n<p style=\"text-align: center;\"><a class=\"tidycta\" href=\"https:\/\/www.urlaubcornwall.de\/ferienhaeuser-fewos\/eng\/sued-devon\/dartmouth-am-meer.html\">Suche Ferienh\u00e4user Dartmouth<\/a><\/p>\n<p>Um UrlaubCornwall.de einzigartige Kollektion nach Ihrem idealen Ferienhaus zu durchsuchen. <a href=\"https:\/\/www.urlaubcornwall.de\/ferienhaeuser\/suedwesten-englands.php\"><span style=\"text-decoration: underline;\">Klicken Sie hier<\/span> &gt;&gt;<\/a><\/p>\n","protected":false},"excerpt":{"rendered":"<p>Ferienhaus 3.7 kilometern SW von Dartmouth, S\u00fcd-Devon. 3 Schlafzimmer, leider keine Haustiere erlaubt, Schlafplatz f\u00fcr 6 + 2 Kinderbetten, An-\/Abreisetag am Samtag Preis pro Woche \u00a3574 &#8211; \u00a31435 Ein wundersch\u00f6nes Ferienhaus in der Ortschaft Embridge, 15 Gehminuten vom herrlichen Strand von Blackpool Sands und nicht weit von Dartmouth entfernt. Einige originale Elemente wurden in diesem [&hellip;]<\/p>\n","protected":false},"author":1,"featured_media":0,"parent":0,"menu_order":0,"comment_status":"closed","ping_status":"closed","template":"single-four.php","meta":[],"acf":[],"yoast_head":"<!-- This site is optimized with the Yoast SEO plugin v19.4 - https:\/\/yoast.com\/wordpress\/plugins\/seo\/ -->\n<title>Ferienhaus am Meer Dartmouth, S\u00fcd-Devon - Urlaub &amp; Reisen<\/title>\n<meta name=\"robots\" content=\"index, follow, max-snippet:-1, max-image-preview:large, max-video-preview:-1\" \/>\n<link rel=\"canonical\" href=\"https:\/\/www.urlaubcornwall.de\/blog\/ferienhaus-meer-dartmouth-sued-devon\/\" \/>\n<meta property=\"og:locale\" content=\"en_US\" \/>\n<meta property=\"og:type\" content=\"article\" \/>\n<meta property=\"og:title\" content=\"Ferienhaus am Meer Dartmouth, S\u00fcd-Devon - Urlaub &amp; Reisen\" \/>\n<meta property=\"og:description\" content=\"Ferienhaus 3.7 kilometern SW von Dartmouth, S\u00fcd-Devon. 3 Schlafzimmer, leider keine Haustiere erlaubt, Schlafplatz f\u00fcr 6 + 2 Kinderbetten, An-\/Abreisetag am Samtag Preis pro Woche \u00a3574 &#8211; \u00a31435 Ein wundersch\u00f6nes Ferienhaus in der Ortschaft Embridge, 15 Gehminuten vom herrlichen Strand von Blackpool Sands und nicht weit von Dartmouth entfernt. Einige originale Elemente wurden in diesem [&hellip;]\" \/>\n<meta property=\"og:url\" content=\"https:\/\/www.urlaubcornwall.de\/blog\/ferienhaus-meer-dartmouth-sued-devon\/\" \/>\n<meta property=\"og:site_name\" content=\"Urlaub &amp; Reisen\" \/>\n<meta property=\"article:modified_time\" content=\"2021-09-02T10:40:57+00:00\" \/>\n<meta property=\"og:image\" content=\"https:\/\/www.urlaubcornwall.de\/blog\/wp-content\/uploads\/2017\/12\/ferienhaus-am-meer-dartmouth-devon.jpg\" \/>\n<meta name=\"twitter:card\" content=\"summary\" \/>\n<meta name=\"twitter:label1\" content=\"Est. reading time\" \/>\n\t<meta name=\"twitter:data1\" content=\"1 minute\" \/>\n<script type=\"application\/ld+json\" class=\"yoast-schema-graph\">{\"@context\":\"https:\/\/schema.org\",\"@graph\":[{\"@type\":\"WebSite\",\"@id\":\"https:\/\/www.urlaubcornwall.de\/blog\/#website\",\"url\":\"https:\/\/www.urlaubcornwall.de\/blog\/\",\"name\":\"Urlaub &amp; Reisen\",\"description\":\"Urlaub, Reisen, Cornwall und S\u00fcdengland: eine perfekte Kombination\",\"potentialAction\":[{\"@type\":\"SearchAction\",\"target\":{\"@type\":\"EntryPoint\",\"urlTemplate\":\"https:\/\/www.urlaubcornwall.de\/blog\/?s={search_term_string}\"},\"query-input\":\"required name=search_term_string\"}],\"inLanguage\":\"en-US\"},{\"@type\":\"WebPage\",\"@id\":\"https:\/\/www.urlaubcornwall.de\/blog\/ferienhaus-meer-dartmouth-sued-devon\/\",\"url\":\"https:\/\/www.urlaubcornwall.de\/blog\/ferienhaus-meer-dartmouth-sued-devon\/\",\"name\":\"Ferienhaus am Meer Dartmouth, S\u00fcd-Devon - Urlaub &amp; Reisen\",\"isPartOf\":{\"@id\":\"https:\/\/www.urlaubcornwall.de\/blog\/#website\"},\"datePublished\":\"2017-12-30T15:37:40+00:00\",\"dateModified\":\"2021-09-02T10:40:57+00:00\",\"breadcrumb\":{\"@id\":\"https:\/\/www.urlaubcornwall.de\/blog\/ferienhaus-meer-dartmouth-sued-devon\/#breadcrumb\"},\"inLanguage\":\"en-US\",\"potentialAction\":[{\"@type\":\"ReadAction\",\"target\":[\"https:\/\/www.urlaubcornwall.de\/blog\/ferienhaus-meer-dartmouth-sued-devon\/\"]}]},{\"@type\":\"BreadcrumbList\",\"@id\":\"https:\/\/www.urlaubcornwall.de\/blog\/ferienhaus-meer-dartmouth-sued-devon\/#breadcrumb\",\"itemListElement\":[{\"@type\":\"ListItem\",\"position\":1,\"name\":\"Home\",\"item\":\"https:\/\/www.urlaubcornwall.de\/blog\/\"},{\"@type\":\"ListItem\",\"position\":2,\"name\":\"Ferienhaus am Meer Dartmouth, S\u00fcd-Devon\"}]}]}<\/script>\n<!-- \/ Yoast SEO plugin. -->","yoast_head_json":{"title":"Ferienhaus am Meer Dartmouth, S\u00fcd-Devon - Urlaub &amp; Reisen","robots":{"index":"index","follow":"follow","max-snippet":"max-snippet:-1","max-image-preview":"max-image-preview:large","max-video-preview":"max-video-preview:-1"},"canonical":"https:\/\/www.urlaubcornwall.de\/blog\/ferienhaus-meer-dartmouth-sued-devon\/","og_locale":"en_US","og_type":"article","og_title":"Ferienhaus am Meer Dartmouth, S\u00fcd-Devon - Urlaub &amp; Reisen","og_description":"Ferienhaus 3.7 kilometern SW von Dartmouth, S\u00fcd-Devon. 3 Schlafzimmer, leider keine Haustiere erlaubt, Schlafplatz f\u00fcr 6 + 2 Kinderbetten, An-\/Abreisetag am Samtag Preis pro Woche \u00a3574 &#8211; \u00a31435 Ein wundersch\u00f6nes Ferienhaus in der Ortschaft Embridge, 15 Gehminuten vom herrlichen Strand von Blackpool Sands und nicht weit von Dartmouth entfernt. Einige originale Elemente wurden in diesem [&hellip;]","og_url":"https:\/\/www.urlaubcornwall.de\/blog\/ferienhaus-meer-dartmouth-sued-devon\/","og_site_name":"Urlaub &amp; Reisen","article_modified_time":"2021-09-02T10:40:57+00:00","og_image":[{"url":"https:\/\/www.urlaubcornwall.de\/blog\/wp-content\/uploads\/2017\/12\/ferienhaus-am-meer-dartmouth-devon.jpg"}],"twitter_card":"summary","twitter_misc":{"Est. reading time":"1 minute"},"schema":{"@context":"https:\/\/schema.org","@graph":[{"@type":"WebSite","@id":"https:\/\/www.urlaubcornwall.de\/blog\/#website","url":"https:\/\/www.urlaubcornwall.de\/blog\/","name":"Urlaub &amp; Reisen","description":"Urlaub, Reisen, Cornwall und S\u00fcdengland: eine perfekte Kombination","potentialAction":[{"@type":"SearchAction","target":{"@type":"EntryPoint","urlTemplate":"https:\/\/www.urlaubcornwall.de\/blog\/?s={search_term_string}"},"query-input":"required name=search_term_string"}],"inLanguage":"en-US"},{"@type":"WebPage","@id":"https:\/\/www.urlaubcornwall.de\/blog\/ferienhaus-meer-dartmouth-sued-devon\/","url":"https:\/\/www.urlaubcornwall.de\/blog\/ferienhaus-meer-dartmouth-sued-devon\/","name":"Ferienhaus am Meer Dartmouth, S\u00fcd-Devon - Urlaub &amp; Reisen","isPartOf":{"@id":"https:\/\/www.urlaubcornwall.de\/blog\/#website"},"datePublished":"2017-12-30T15:37:40+00:00","dateModified":"2021-09-02T10:40:57+00:00","breadcrumb":{"@id":"https:\/\/www.urlaubcornwall.de\/blog\/ferienhaus-meer-dartmouth-sued-devon\/#breadcrumb"},"inLanguage":"en-US","potentialAction":[{"@type":"ReadAction","target":["https:\/\/www.urlaubcornwall.de\/blog\/ferienhaus-meer-dartmouth-sued-devon\/"]}]},{"@type":"BreadcrumbList","@id":"https:\/\/www.urlaubcornwall.de\/blog\/ferienhaus-meer-dartmouth-sued-devon\/#breadcrumb","itemListElement":[{"@type":"ListItem","position":1,"name":"Home","item":"https:\/\/www.urlaubcornwall.de\/blog\/"},{"@type":"ListItem","position":2,"name":"Ferienhaus am Meer Dartmouth, S\u00fcd-Devon"}]}]}},"_links":{"self":[{"href":"https:\/\/www.urlaubcornwall.de\/blog\/wp-json\/wp\/v2\/pages\/31607"}],"collection":[{"href":"https:\/\/www.urlaubcornwall.de\/blog\/wp-json\/wp\/v2\/pages"}],"about":[{"href":"https:\/\/www.urlaubcornwall.de\/blog\/wp-json\/wp\/v2\/types\/page"}],"author":[{"embeddable":true,"href":"https:\/\/www.urlaubcornwall.de\/blog\/wp-json\/wp\/v2\/users\/1"}],"replies":[{"embeddable":true,"href":"https:\/\/www.urlaubcornwall.de\/blog\/wp-json\/wp\/v2\/comments?post=31607"}],"version-history":[{"count":3,"href":"https:\/\/www.urlaubcornwall.de\/blog\/wp-json\/wp\/v2\/pages\/31607\/revisions"}],"predecessor-version":[{"id":42474,"href":"https:\/\/www.urlaubcornwall.de\/blog\/wp-json\/wp\/v2\/pages\/31607\/revisions\/42474"}],"wp:attachment":[{"href":"https:\/\/www.urlaubcornwall.de\/blog\/wp-json\/wp\/v2\/media?parent=31607"}],"curies":[{"name":"wp","href":"https:\/\/api.w.org\/{rel}","templated":true}]}}