{"id":31592,"date":"2017-12-29T16:18:56","date_gmt":"2017-12-29T16:18:56","guid":{"rendered":"https:\/\/www.urlaubcornwall.de\/blog\/?page_id=31592"},"modified":"2021-09-02T11:46:06","modified_gmt":"2021-09-02T11:46:06","slug":"ferienwohnung-strand-combe-martin-urlaub-devon-meer","status":"publish","type":"page","link":"https:\/\/www.urlaubcornwall.de\/blog\/ferienwohnung-strand-combe-martin-urlaub-devon-meer\/","title":{"rendered":"Ferienwohnung am Strand Combe Martin &#8211; Urlaub in Devon am Meer"},"content":{"rendered":"<p><img loading=\"lazy\" class=\"aligncenter size-full wp-image-31593\" src=\"https:\/\/www.urlaubcornwall.de\/blog\/wp-content\/uploads\/2017\/12\/Ferienwohnung-am-meer-combe-martin-devon.jpg\" alt=\"Ferienwohnung am meer combe martin devon\" width=\"746\" height=\"396\"\/><br \/>\n<strong>Ferienwohnung 7.4 kilometern O von Ilfracombe, Nord-Devon.<\/strong><\/p>\n<p>2 Schlafzimmer, hundefreundlich, Schlafplatz f\u00fcr 4 + Kinderbett, An-\/Abreisetag am Freitag<\/p>\n<p>Preis pro Woche \u00a3329 &#8211; \u00a3771<\/p>\n<p>Diese makellose Erdgeschoss Ferienwohnung-eine von einer sehr kleinen Gruppe-ist in einer ruhigen privaten Umgebung in der North Devon K\u00fcstendorf Combe Martin mit seiner sandigen Bucht und wunderbare clifftop Wanderungen. Dies ist ein sch\u00f6ner Ausgangspunkt f\u00fcr Paare, die den South West Coast Path und Familien, die einen Urlaub am Meer suchen, gehen wollen. Combe View ist sch\u00f6n mit einem ger\u00e4umigen offenen Wohnbereich, der auf einen vollst\u00e4ndig geschlossenen Garten \u00f6ffnet. Es gibt zwei Schlafzimmer-eines mit einem Kingsize-Bett und das andere mit zwei Einzelbetten-und ein sch\u00f6nes modernes Badezimmer mit Badewanne und Dusche zu.<\/p>\n<p style=\"text-align: center;\"><a class=\"tidycta\" href=\"https:\/\/www.urlaubcornwall.de\/ferienhaeuser-fewos\/eng\/nord-devon\/combe-martin-am-meer.html\">Suche Ferienh\u00e4user Combe Martin<\/a><\/p>\n<p>Um UrlaubCornwall.de einzigartige Kollektion nach Ihrem idealen Ferienhaus zu durchsuchen. <a href=\"https:\/\/www.urlaubcornwall.de\/ferienhaeuser\/devon.php\"><span style=\"text-decoration: underline;\">Klicken Sie hier<\/span> &gt;&gt;<\/a><\/p>\n","protected":false},"excerpt":{"rendered":"<p>Ferienwohnung 7.4 kilometern O von Ilfracombe, Nord-Devon. 2 Schlafzimmer, hundefreundlich, Schlafplatz f\u00fcr 4 + Kinderbett, An-\/Abreisetag am Freitag Preis pro Woche \u00a3329 &#8211; \u00a3771 Diese makellose Erdgeschoss Ferienwohnung-eine von einer sehr kleinen Gruppe-ist in einer ruhigen privaten Umgebung in der North Devon K\u00fcstendorf Combe Martin mit seiner sandigen Bucht und wunderbare clifftop Wanderungen. Dies ist [&hellip;]<\/p>\n","protected":false},"author":1,"featured_media":0,"parent":0,"menu_order":0,"comment_status":"closed","ping_status":"closed","template":"single-four.php","meta":[],"acf":[],"yoast_head":"<!-- This site is optimized with the Yoast SEO plugin v19.4 - https:\/\/yoast.com\/wordpress\/plugins\/seo\/ -->\n<title>Ferienwohnung am Strand Combe Martin - Urlaub in Devon am Meer - Urlaub &amp; Reisen<\/title>\n<meta name=\"robots\" content=\"index, follow, max-snippet:-1, max-image-preview:large, max-video-preview:-1\" \/>\n<link rel=\"canonical\" href=\"https:\/\/www.urlaubcornwall.de\/blog\/ferienwohnung-strand-combe-martin-urlaub-devon-meer\/\" \/>\n<meta property=\"og:locale\" content=\"en_US\" \/>\n<meta property=\"og:type\" content=\"article\" \/>\n<meta property=\"og:title\" content=\"Ferienwohnung am Strand Combe Martin - Urlaub in Devon am Meer - Urlaub &amp; Reisen\" \/>\n<meta property=\"og:description\" content=\"Ferienwohnung 7.4 kilometern O von Ilfracombe, Nord-Devon. 2 Schlafzimmer, hundefreundlich, Schlafplatz f\u00fcr 4 + Kinderbett, An-\/Abreisetag am Freitag Preis pro Woche \u00a3329 &#8211; \u00a3771 Diese makellose Erdgeschoss Ferienwohnung-eine von einer sehr kleinen Gruppe-ist in einer ruhigen privaten Umgebung in der North Devon K\u00fcstendorf Combe Martin mit seiner sandigen Bucht und wunderbare clifftop Wanderungen. Dies ist [&hellip;]\" \/>\n<meta property=\"og:url\" content=\"https:\/\/www.urlaubcornwall.de\/blog\/ferienwohnung-strand-combe-martin-urlaub-devon-meer\/\" \/>\n<meta property=\"og:site_name\" content=\"Urlaub &amp; Reisen\" \/>\n<meta property=\"article:modified_time\" content=\"2021-09-02T11:46:06+00:00\" \/>\n<meta property=\"og:image\" content=\"https:\/\/www.urlaubcornwall.de\/blog\/wp-content\/uploads\/2017\/12\/Ferienwohnung-am-meer-combe-martin-devon.jpg\" \/>\n<meta name=\"twitter:card\" content=\"summary\" \/>\n<meta name=\"twitter:label1\" content=\"Est. reading time\" \/>\n\t<meta name=\"twitter:data1\" content=\"1 minute\" \/>\n<script type=\"application\/ld+json\" class=\"yoast-schema-graph\">{\"@context\":\"https:\/\/schema.org\",\"@graph\":[{\"@type\":\"WebSite\",\"@id\":\"https:\/\/www.urlaubcornwall.de\/blog\/#website\",\"url\":\"https:\/\/www.urlaubcornwall.de\/blog\/\",\"name\":\"Urlaub &amp; Reisen\",\"description\":\"Urlaub, Reisen, Cornwall und S\u00fcdengland: eine perfekte Kombination\",\"potentialAction\":[{\"@type\":\"SearchAction\",\"target\":{\"@type\":\"EntryPoint\",\"urlTemplate\":\"https:\/\/www.urlaubcornwall.de\/blog\/?s={search_term_string}\"},\"query-input\":\"required name=search_term_string\"}],\"inLanguage\":\"en-US\"},{\"@type\":\"WebPage\",\"@id\":\"https:\/\/www.urlaubcornwall.de\/blog\/ferienwohnung-strand-combe-martin-urlaub-devon-meer\/\",\"url\":\"https:\/\/www.urlaubcornwall.de\/blog\/ferienwohnung-strand-combe-martin-urlaub-devon-meer\/\",\"name\":\"Ferienwohnung am Strand Combe Martin - Urlaub in Devon am Meer - Urlaub &amp; Reisen\",\"isPartOf\":{\"@id\":\"https:\/\/www.urlaubcornwall.de\/blog\/#website\"},\"datePublished\":\"2017-12-29T16:18:56+00:00\",\"dateModified\":\"2021-09-02T11:46:06+00:00\",\"breadcrumb\":{\"@id\":\"https:\/\/www.urlaubcornwall.de\/blog\/ferienwohnung-strand-combe-martin-urlaub-devon-meer\/#breadcrumb\"},\"inLanguage\":\"en-US\",\"potentialAction\":[{\"@type\":\"ReadAction\",\"target\":[\"https:\/\/www.urlaubcornwall.de\/blog\/ferienwohnung-strand-combe-martin-urlaub-devon-meer\/\"]}]},{\"@type\":\"BreadcrumbList\",\"@id\":\"https:\/\/www.urlaubcornwall.de\/blog\/ferienwohnung-strand-combe-martin-urlaub-devon-meer\/#breadcrumb\",\"itemListElement\":[{\"@type\":\"ListItem\",\"position\":1,\"name\":\"Home\",\"item\":\"https:\/\/www.urlaubcornwall.de\/blog\/\"},{\"@type\":\"ListItem\",\"position\":2,\"name\":\"Ferienwohnung am Strand Combe Martin &#8211; Urlaub in Devon am Meer\"}]}]}<\/script>\n<!-- \/ Yoast SEO plugin. -->","yoast_head_json":{"title":"Ferienwohnung am Strand Combe Martin - Urlaub in Devon am Meer - Urlaub &amp; Reisen","robots":{"index":"index","follow":"follow","max-snippet":"max-snippet:-1","max-image-preview":"max-image-preview:large","max-video-preview":"max-video-preview:-1"},"canonical":"https:\/\/www.urlaubcornwall.de\/blog\/ferienwohnung-strand-combe-martin-urlaub-devon-meer\/","og_locale":"en_US","og_type":"article","og_title":"Ferienwohnung am Strand Combe Martin - Urlaub in Devon am Meer - Urlaub &amp; Reisen","og_description":"Ferienwohnung 7.4 kilometern O von Ilfracombe, Nord-Devon. 2 Schlafzimmer, hundefreundlich, Schlafplatz f\u00fcr 4 + Kinderbett, An-\/Abreisetag am Freitag Preis pro Woche \u00a3329 &#8211; \u00a3771 Diese makellose Erdgeschoss Ferienwohnung-eine von einer sehr kleinen Gruppe-ist in einer ruhigen privaten Umgebung in der North Devon K\u00fcstendorf Combe Martin mit seiner sandigen Bucht und wunderbare clifftop Wanderungen. Dies ist [&hellip;]","og_url":"https:\/\/www.urlaubcornwall.de\/blog\/ferienwohnung-strand-combe-martin-urlaub-devon-meer\/","og_site_name":"Urlaub &amp; Reisen","article_modified_time":"2021-09-02T11:46:06+00:00","og_image":[{"url":"https:\/\/www.urlaubcornwall.de\/blog\/wp-content\/uploads\/2017\/12\/Ferienwohnung-am-meer-combe-martin-devon.jpg"}],"twitter_card":"summary","twitter_misc":{"Est. reading time":"1 minute"},"schema":{"@context":"https:\/\/schema.org","@graph":[{"@type":"WebSite","@id":"https:\/\/www.urlaubcornwall.de\/blog\/#website","url":"https:\/\/www.urlaubcornwall.de\/blog\/","name":"Urlaub &amp; Reisen","description":"Urlaub, Reisen, Cornwall und S\u00fcdengland: eine perfekte Kombination","potentialAction":[{"@type":"SearchAction","target":{"@type":"EntryPoint","urlTemplate":"https:\/\/www.urlaubcornwall.de\/blog\/?s={search_term_string}"},"query-input":"required name=search_term_string"}],"inLanguage":"en-US"},{"@type":"WebPage","@id":"https:\/\/www.urlaubcornwall.de\/blog\/ferienwohnung-strand-combe-martin-urlaub-devon-meer\/","url":"https:\/\/www.urlaubcornwall.de\/blog\/ferienwohnung-strand-combe-martin-urlaub-devon-meer\/","name":"Ferienwohnung am Strand Combe Martin - Urlaub in Devon am Meer - Urlaub &amp; Reisen","isPartOf":{"@id":"https:\/\/www.urlaubcornwall.de\/blog\/#website"},"datePublished":"2017-12-29T16:18:56+00:00","dateModified":"2021-09-02T11:46:06+00:00","breadcrumb":{"@id":"https:\/\/www.urlaubcornwall.de\/blog\/ferienwohnung-strand-combe-martin-urlaub-devon-meer\/#breadcrumb"},"inLanguage":"en-US","potentialAction":[{"@type":"ReadAction","target":["https:\/\/www.urlaubcornwall.de\/blog\/ferienwohnung-strand-combe-martin-urlaub-devon-meer\/"]}]},{"@type":"BreadcrumbList","@id":"https:\/\/www.urlaubcornwall.de\/blog\/ferienwohnung-strand-combe-martin-urlaub-devon-meer\/#breadcrumb","itemListElement":[{"@type":"ListItem","position":1,"name":"Home","item":"https:\/\/www.urlaubcornwall.de\/blog\/"},{"@type":"ListItem","position":2,"name":"Ferienwohnung am Strand Combe Martin &#8211; Urlaub in Devon am Meer"}]}]}},"_links":{"self":[{"href":"https:\/\/www.urlaubcornwall.de\/blog\/wp-json\/wp\/v2\/pages\/31592"}],"collection":[{"href":"https:\/\/www.urlaubcornwall.de\/blog\/wp-json\/wp\/v2\/pages"}],"about":[{"href":"https:\/\/www.urlaubcornwall.de\/blog\/wp-json\/wp\/v2\/types\/page"}],"author":[{"embeddable":true,"href":"https:\/\/www.urlaubcornwall.de\/blog\/wp-json\/wp\/v2\/users\/1"}],"replies":[{"embeddable":true,"href":"https:\/\/www.urlaubcornwall.de\/blog\/wp-json\/wp\/v2\/comments?post=31592"}],"version-history":[{"count":4,"href":"https:\/\/www.urlaubcornwall.de\/blog\/wp-json\/wp\/v2\/pages\/31592\/revisions"}],"predecessor-version":[{"id":42494,"href":"https:\/\/www.urlaubcornwall.de\/blog\/wp-json\/wp\/v2\/pages\/31592\/revisions\/42494"}],"wp:attachment":[{"href":"https:\/\/www.urlaubcornwall.de\/blog\/wp-json\/wp\/v2\/media?parent=31592"}],"curies":[{"name":"wp","href":"https:\/\/api.w.org\/{rel}","templated":true}]}}