{"id":31584,"date":"2017-12-29T15:46:25","date_gmt":"2017-12-29T15:46:25","guid":{"rendered":"https:\/\/www.urlaubcornwall.de\/blog\/?page_id=31584"},"modified":"2024-04-12T10:11:42","modified_gmt":"2024-04-12T10:11:42","slug":"ferienhaus-meer-clovelly","status":"publish","type":"page","link":"https:\/\/www.urlaubcornwall.de\/blog\/ferienhaus-meer-clovelly\/","title":{"rendered":"Ferienhaus am Meer Clovelly &#8211; Nordk\u00fcste Devon"},"content":{"rendered":"<p><img loading=\"lazy\" class=\"aligncenter size-full wp-image-47866\" src=\"https:\/\/www.urlaubcornwall.de\/blog\/wp-content\/uploads\/2024\/03\/clovelly.jpg\" alt=\"clovelly\" width=\"750\" height=\"500\" srcset=\"https:\/\/www.urlaubcornwall.de\/blog\/wp-content\/uploads\/2024\/03\/clovelly.jpg 750w, https:\/\/www.urlaubcornwall.de\/blog\/wp-content\/uploads\/2024\/03\/clovelly-300x200.jpg 300w\" sizes=\"(max-width: 750px) 100vw, 750px\" \/><\/p>\n<p><strong>Ferienhaus 6 kilometern SO von Clovelly, Nord-Devon.<\/strong><\/p>\n<p>1 Schlafzimmer, hundefreundlich, Schlafplatz f\u00fcr 2 + Kinderbett, An-\/Abreisetag am Samstag<\/p>\n<p>Preis pro Woche \u00a3331 &#8211; \u00a3640<\/p>\n<p>Moonstone ist ein entz\u00fcckendes ein Schlafzimmer Ferienhaus 2,5 Kilometer von der schroffen Nord Devon K\u00fcste und dem drastischen K\u00fcstenpfad. Bei Ebbe erscheinen die Sandstr\u00e4nde im Westward Ho! und Instow, sind beide das ganze Jahr \u00fcber hundefreundlich. Moonstone befindet sich in einem l\u00e4ndlichen Gebiet auf dem Gel\u00e4nde des Hauses der Eigent\u00fcmer und doch das Gef\u00fchl sehr privat. Das Cottage verf\u00fcgt \u00fcber ein offenes Wohnzimmer mit K\u00fcche und Essbereich mit T\u00fcren zu einem kleinen geschlossenen Innenhof. Das Doppelzimmer ist hell und ger\u00e4umig und verf\u00fcgt \u00fcber ein eigenes Badezimmer.<\/p>\n<p style=\"text-align: center;\"><a class=\"tidycta\" href=\"https:\/\/www.urlaubcornwall.de\/ferienhaeuser-fewos\/eng\/nord-devon\/clovelly-am-meer.html\">Suche Ferienh\u00e4user Clovelly<\/a><\/p>\n<p style=\"text-align: center;\">Pers\u00f6nlich inspizierte Ferienh\u00e4user und Ferienwohnungen in Devon f\u00fcr Ihren Urlaub.<\/p>\n<p style=\"text-align: center;\"><a href=\"https:\/\/www.urlaubcornwall.de\/ferienhaeuser-fewos\/eng\/nord-devon\/nord-devon.html\"><strong>Ferienh\u00e4user, Cottages &amp; Ferienwohnungen in Devon am Meer. <\/strong><\/a><\/p>\n","protected":false},"excerpt":{"rendered":"<p>Ferienhaus 6 kilometern SO von Clovelly, Nord-Devon. 1 Schlafzimmer, hundefreundlich, Schlafplatz f\u00fcr 2 + Kinderbett, An-\/Abreisetag am Samstag Preis pro Woche \u00a3331 &#8211; \u00a3640 Moonstone ist ein entz\u00fcckendes ein Schlafzimmer Ferienhaus 2,5 Kilometer von der schroffen Nord Devon K\u00fcste und dem drastischen K\u00fcstenpfad. Bei Ebbe erscheinen die Sandstr\u00e4nde im Westward Ho! und Instow, sind beide [&hellip;]<\/p>\n","protected":false},"author":1,"featured_media":0,"parent":0,"menu_order":0,"comment_status":"closed","ping_status":"closed","template":"single-four.php","meta":[],"acf":[],"yoast_head":"<!-- This site is optimized with the Yoast SEO plugin v19.4 - https:\/\/yoast.com\/wordpress\/plugins\/seo\/ -->\n<title>Ferienhaus am Meer Clovelly - Nordk\u00fcste Devon - Urlaub &amp; Reisen<\/title>\n<meta name=\"description\" content=\"Moonstone ist ein entz\u00fcckendes ein Schlafzimmer Ferienhaus 2,5 Kilometer von der schroffen Nord Devon K\u00fcste und dem drastischen K\u00fcstenpfad. Bei Ebbe erscheinen die Sandstr\u00e4nde im Westward Ho! und Instow, sind beide das ganze Jahr \u00fcber hundefreundlich. Moonstone befindet sich in einem l\u00e4ndlichen Gebiet auf dem Gel\u00e4nde des Hauses der Eigent\u00fcmer und doch das Gef\u00fchl sehr privat. Das Cottage verf\u00fcgt \u00fcber ein offenes Wohnzimmer mit K\u00fcche\" \/>\n<meta name=\"robots\" content=\"index, follow, max-snippet:-1, max-image-preview:large, max-video-preview:-1\" \/>\n<link rel=\"canonical\" href=\"https:\/\/www.urlaubcornwall.de\/blog\/ferienhaus-meer-clovelly\/\" \/>\n<meta property=\"og:locale\" content=\"en_US\" \/>\n<meta property=\"og:type\" content=\"article\" \/>\n<meta property=\"og:title\" content=\"Ferienhaus am Meer Clovelly - Nordk\u00fcste Devon - Urlaub &amp; Reisen\" \/>\n<meta property=\"og:description\" content=\"Moonstone ist ein entz\u00fcckendes ein Schlafzimmer Ferienhaus 2,5 Kilometer von der schroffen Nord Devon K\u00fcste und dem drastischen K\u00fcstenpfad. Bei Ebbe erscheinen die Sandstr\u00e4nde im Westward Ho! und Instow, sind beide das ganze Jahr \u00fcber hundefreundlich. Moonstone befindet sich in einem l\u00e4ndlichen Gebiet auf dem Gel\u00e4nde des Hauses der Eigent\u00fcmer und doch das Gef\u00fchl sehr privat. Das Cottage verf\u00fcgt \u00fcber ein offenes Wohnzimmer mit K\u00fcche\" \/>\n<meta property=\"og:url\" content=\"https:\/\/www.urlaubcornwall.de\/blog\/ferienhaus-meer-clovelly\/\" \/>\n<meta property=\"og:site_name\" content=\"Urlaub &amp; Reisen\" \/>\n<meta property=\"article:modified_time\" content=\"2024-04-12T10:11:42+00:00\" \/>\n<meta property=\"og:image\" content=\"https:\/\/www.urlaubcornwall.de\/blog\/wp-content\/uploads\/2024\/03\/clovelly.jpg\" \/>\n<meta name=\"twitter:card\" content=\"summary\" \/>\n<meta name=\"twitter:label1\" content=\"Est. reading time\" \/>\n\t<meta name=\"twitter:data1\" content=\"1 minute\" \/>\n<script type=\"application\/ld+json\" class=\"yoast-schema-graph\">{\"@context\":\"https:\/\/schema.org\",\"@graph\":[{\"@type\":\"WebSite\",\"@id\":\"https:\/\/www.urlaubcornwall.de\/blog\/#website\",\"url\":\"https:\/\/www.urlaubcornwall.de\/blog\/\",\"name\":\"Urlaub &amp; Reisen\",\"description\":\"Urlaub, Reisen, Cornwall und S\u00fcdengland: eine perfekte Kombination\",\"potentialAction\":[{\"@type\":\"SearchAction\",\"target\":{\"@type\":\"EntryPoint\",\"urlTemplate\":\"https:\/\/www.urlaubcornwall.de\/blog\/?s={search_term_string}\"},\"query-input\":\"required name=search_term_string\"}],\"inLanguage\":\"en-US\"},{\"@type\":\"WebPage\",\"@id\":\"https:\/\/www.urlaubcornwall.de\/blog\/ferienhaus-meer-clovelly\/\",\"url\":\"https:\/\/www.urlaubcornwall.de\/blog\/ferienhaus-meer-clovelly\/\",\"name\":\"Ferienhaus am Meer Clovelly - Nordk\u00fcste Devon - Urlaub &amp; Reisen\",\"isPartOf\":{\"@id\":\"https:\/\/www.urlaubcornwall.de\/blog\/#website\"},\"datePublished\":\"2017-12-29T15:46:25+00:00\",\"dateModified\":\"2024-04-12T10:11:42+00:00\",\"description\":\"Moonstone ist ein entz\u00fcckendes ein Schlafzimmer Ferienhaus 2,5 Kilometer von der schroffen Nord Devon K\u00fcste und dem drastischen K\u00fcstenpfad. Bei Ebbe erscheinen die Sandstr\u00e4nde im Westward Ho! und Instow, sind beide das ganze Jahr \u00fcber hundefreundlich. Moonstone befindet sich in einem l\u00e4ndlichen Gebiet auf dem Gel\u00e4nde des Hauses der Eigent\u00fcmer und doch das Gef\u00fchl sehr privat. Das Cottage verf\u00fcgt \u00fcber ein offenes Wohnzimmer mit K\u00fcche\",\"breadcrumb\":{\"@id\":\"https:\/\/www.urlaubcornwall.de\/blog\/ferienhaus-meer-clovelly\/#breadcrumb\"},\"inLanguage\":\"en-US\",\"potentialAction\":[{\"@type\":\"ReadAction\",\"target\":[\"https:\/\/www.urlaubcornwall.de\/blog\/ferienhaus-meer-clovelly\/\"]}]},{\"@type\":\"BreadcrumbList\",\"@id\":\"https:\/\/www.urlaubcornwall.de\/blog\/ferienhaus-meer-clovelly\/#breadcrumb\",\"itemListElement\":[{\"@type\":\"ListItem\",\"position\":1,\"name\":\"Home\",\"item\":\"https:\/\/www.urlaubcornwall.de\/blog\/\"},{\"@type\":\"ListItem\",\"position\":2,\"name\":\"Ferienhaus am Meer Clovelly &#8211; Nordk\u00fcste Devon\"}]}]}<\/script>\n<!-- \/ Yoast SEO plugin. -->","yoast_head_json":{"title":"Ferienhaus am Meer Clovelly - Nordk\u00fcste Devon - Urlaub &amp; Reisen","description":"Moonstone ist ein entz\u00fcckendes ein Schlafzimmer Ferienhaus 2,5 Kilometer von der schroffen Nord Devon K\u00fcste und dem drastischen K\u00fcstenpfad. Bei Ebbe erscheinen die Sandstr\u00e4nde im Westward Ho! und Instow, sind beide das ganze Jahr \u00fcber hundefreundlich. Moonstone befindet sich in einem l\u00e4ndlichen Gebiet auf dem Gel\u00e4nde des Hauses der Eigent\u00fcmer und doch das Gef\u00fchl sehr privat. Das Cottage verf\u00fcgt \u00fcber ein offenes Wohnzimmer mit K\u00fcche","robots":{"index":"index","follow":"follow","max-snippet":"max-snippet:-1","max-image-preview":"max-image-preview:large","max-video-preview":"max-video-preview:-1"},"canonical":"https:\/\/www.urlaubcornwall.de\/blog\/ferienhaus-meer-clovelly\/","og_locale":"en_US","og_type":"article","og_title":"Ferienhaus am Meer Clovelly - Nordk\u00fcste Devon - Urlaub &amp; Reisen","og_description":"Moonstone ist ein entz\u00fcckendes ein Schlafzimmer Ferienhaus 2,5 Kilometer von der schroffen Nord Devon K\u00fcste und dem drastischen K\u00fcstenpfad. Bei Ebbe erscheinen die Sandstr\u00e4nde im Westward Ho! und Instow, sind beide das ganze Jahr \u00fcber hundefreundlich. Moonstone befindet sich in einem l\u00e4ndlichen Gebiet auf dem Gel\u00e4nde des Hauses der Eigent\u00fcmer und doch das Gef\u00fchl sehr privat. Das Cottage verf\u00fcgt \u00fcber ein offenes Wohnzimmer mit K\u00fcche","og_url":"https:\/\/www.urlaubcornwall.de\/blog\/ferienhaus-meer-clovelly\/","og_site_name":"Urlaub &amp; Reisen","article_modified_time":"2024-04-12T10:11:42+00:00","og_image":[{"url":"https:\/\/www.urlaubcornwall.de\/blog\/wp-content\/uploads\/2024\/03\/clovelly.jpg"}],"twitter_card":"summary","twitter_misc":{"Est. reading time":"1 minute"},"schema":{"@context":"https:\/\/schema.org","@graph":[{"@type":"WebSite","@id":"https:\/\/www.urlaubcornwall.de\/blog\/#website","url":"https:\/\/www.urlaubcornwall.de\/blog\/","name":"Urlaub &amp; Reisen","description":"Urlaub, Reisen, Cornwall und S\u00fcdengland: eine perfekte Kombination","potentialAction":[{"@type":"SearchAction","target":{"@type":"EntryPoint","urlTemplate":"https:\/\/www.urlaubcornwall.de\/blog\/?s={search_term_string}"},"query-input":"required name=search_term_string"}],"inLanguage":"en-US"},{"@type":"WebPage","@id":"https:\/\/www.urlaubcornwall.de\/blog\/ferienhaus-meer-clovelly\/","url":"https:\/\/www.urlaubcornwall.de\/blog\/ferienhaus-meer-clovelly\/","name":"Ferienhaus am Meer Clovelly - Nordk\u00fcste Devon - Urlaub &amp; Reisen","isPartOf":{"@id":"https:\/\/www.urlaubcornwall.de\/blog\/#website"},"datePublished":"2017-12-29T15:46:25+00:00","dateModified":"2024-04-12T10:11:42+00:00","description":"Moonstone ist ein entz\u00fcckendes ein Schlafzimmer Ferienhaus 2,5 Kilometer von der schroffen Nord Devon K\u00fcste und dem drastischen K\u00fcstenpfad. Bei Ebbe erscheinen die Sandstr\u00e4nde im Westward Ho! und Instow, sind beide das ganze Jahr \u00fcber hundefreundlich. Moonstone befindet sich in einem l\u00e4ndlichen Gebiet auf dem Gel\u00e4nde des Hauses der Eigent\u00fcmer und doch das Gef\u00fchl sehr privat. Das Cottage verf\u00fcgt \u00fcber ein offenes Wohnzimmer mit K\u00fcche","breadcrumb":{"@id":"https:\/\/www.urlaubcornwall.de\/blog\/ferienhaus-meer-clovelly\/#breadcrumb"},"inLanguage":"en-US","potentialAction":[{"@type":"ReadAction","target":["https:\/\/www.urlaubcornwall.de\/blog\/ferienhaus-meer-clovelly\/"]}]},{"@type":"BreadcrumbList","@id":"https:\/\/www.urlaubcornwall.de\/blog\/ferienhaus-meer-clovelly\/#breadcrumb","itemListElement":[{"@type":"ListItem","position":1,"name":"Home","item":"https:\/\/www.urlaubcornwall.de\/blog\/"},{"@type":"ListItem","position":2,"name":"Ferienhaus am Meer Clovelly &#8211; Nordk\u00fcste Devon"}]}]}},"_links":{"self":[{"href":"https:\/\/www.urlaubcornwall.de\/blog\/wp-json\/wp\/v2\/pages\/31584"}],"collection":[{"href":"https:\/\/www.urlaubcornwall.de\/blog\/wp-json\/wp\/v2\/pages"}],"about":[{"href":"https:\/\/www.urlaubcornwall.de\/blog\/wp-json\/wp\/v2\/types\/page"}],"author":[{"embeddable":true,"href":"https:\/\/www.urlaubcornwall.de\/blog\/wp-json\/wp\/v2\/users\/1"}],"replies":[{"embeddable":true,"href":"https:\/\/www.urlaubcornwall.de\/blog\/wp-json\/wp\/v2\/comments?post=31584"}],"version-history":[{"count":6,"href":"https:\/\/www.urlaubcornwall.de\/blog\/wp-json\/wp\/v2\/pages\/31584\/revisions"}],"predecessor-version":[{"id":49237,"href":"https:\/\/www.urlaubcornwall.de\/blog\/wp-json\/wp\/v2\/pages\/31584\/revisions\/49237"}],"wp:attachment":[{"href":"https:\/\/www.urlaubcornwall.de\/blog\/wp-json\/wp\/v2\/media?parent=31584"}],"curies":[{"name":"wp","href":"https:\/\/api.w.org\/{rel}","templated":true}]}}