{"id":31581,"date":"2017-12-29T15:04:12","date_gmt":"2017-12-29T15:04:12","guid":{"rendered":"https:\/\/www.urlaubcornwall.de\/blog\/?page_id=31581"},"modified":"2021-09-02T10:38:30","modified_gmt":"2021-09-02T10:38:30","slug":"ferienhaus-meer-brixham-hafen-devon","status":"publish","type":"page","link":"https:\/\/www.urlaubcornwall.de\/blog\/ferienhaus-meer-brixham-hafen-devon\/","title":{"rendered":"Ferienhaus am Meer Brixham &#8211; Hafen in Devon"},"content":{"rendered":"<p><img loading=\"lazy\" class=\"aligncenter size-full wp-image-31582\" src=\"https:\/\/www.urlaubcornwall.de\/blog\/wp-content\/uploads\/2017\/12\/ferienhaus-am-meer-brixham.jpg\" alt=\"ferienhaus am meer brixham\" width=\"746\" height=\"447\"\/><br \/>\n<strong>Ferienhaus strandnah Brixham, S\u00fcd-Devon.<\/strong><\/p>\n<p>3 Schlafzimmer, hundefreundlich, Schlafplatz f\u00fcr 6 + 2 Kinderbetten, An-\/Abreisetag am Samstag, Preis pro Woche \u00a3327 &#8211; \u00a31090<\/p>\n<p>Dieses entz\u00fcckende Haus ist ein tolles Ferienhaus f\u00fcr die ganze Familie, zumal Hunde auch sehr willkommen sind. Es ist ein drei Schlafzimmer Haus, das tadellos ist, den sch\u00f6nen Brixham Hafen zu erforschen. Brixham bietet zahlreiche Restaurants, charmante Caf\u00e9s sowie die traditionellen Fischerkneipen. Die Lage dieser Immobilie bedeutet, dass Sie viele Attraktionen und Unterhaltung in der N\u00e4he.<\/p>\n<p style=\"text-align: center;\"><a class=\"tidycta\" href=\"https:\/\/www.urlaubcornwall.de\/ferienhaeuser-fewos\/eng\/sued-devon\/brixham-am-meer.html\">Suche Ferienh\u00e4user Brixham<\/a><\/p>\n<p>Um UrlaubCornwall.de einzigartige Kollektion nach Ihrem idealen Ferienhaus zu durchsuchen. <a href=\"https:\/\/www.urlaubcornwall.de\/ferienhaeuser\/suedwesten-englands.php\"><span style=\"text-decoration: underline;\">Klicken Sie hier<\/span> &gt;&gt;<\/a><\/p>\n","protected":false},"excerpt":{"rendered":"<p>Ferienhaus strandnah Brixham, S\u00fcd-Devon. 3 Schlafzimmer, hundefreundlich, Schlafplatz f\u00fcr 6 + 2 Kinderbetten, An-\/Abreisetag am Samstag, Preis pro Woche \u00a3327 &#8211; \u00a31090 Dieses entz\u00fcckende Haus ist ein tolles Ferienhaus f\u00fcr die ganze Familie, zumal Hunde auch sehr willkommen sind. Es ist ein drei Schlafzimmer Haus, das tadellos ist, den sch\u00f6nen Brixham Hafen zu erforschen. Brixham [&hellip;]<\/p>\n","protected":false},"author":1,"featured_media":0,"parent":0,"menu_order":0,"comment_status":"closed","ping_status":"closed","template":"single-four.php","meta":[],"acf":[],"yoast_head":"<!-- This site is optimized with the Yoast SEO plugin v19.4 - https:\/\/yoast.com\/wordpress\/plugins\/seo\/ -->\n<title>Ferienhaus am Meer Brixham - Hafen in Devon - Urlaub &amp; Reisen<\/title>\n<meta name=\"robots\" content=\"index, follow, max-snippet:-1, max-image-preview:large, max-video-preview:-1\" \/>\n<link rel=\"canonical\" href=\"https:\/\/www.urlaubcornwall.de\/blog\/ferienhaus-meer-brixham-hafen-devon\/\" \/>\n<meta property=\"og:locale\" content=\"en_US\" \/>\n<meta property=\"og:type\" content=\"article\" \/>\n<meta property=\"og:title\" content=\"Ferienhaus am Meer Brixham - Hafen in Devon - Urlaub &amp; Reisen\" \/>\n<meta property=\"og:description\" content=\"Ferienhaus strandnah Brixham, S\u00fcd-Devon. 3 Schlafzimmer, hundefreundlich, Schlafplatz f\u00fcr 6 + 2 Kinderbetten, An-\/Abreisetag am Samstag, Preis pro Woche \u00a3327 &#8211; \u00a31090 Dieses entz\u00fcckende Haus ist ein tolles Ferienhaus f\u00fcr die ganze Familie, zumal Hunde auch sehr willkommen sind. Es ist ein drei Schlafzimmer Haus, das tadellos ist, den sch\u00f6nen Brixham Hafen zu erforschen. Brixham [&hellip;]\" \/>\n<meta property=\"og:url\" content=\"https:\/\/www.urlaubcornwall.de\/blog\/ferienhaus-meer-brixham-hafen-devon\/\" \/>\n<meta property=\"og:site_name\" content=\"Urlaub &amp; Reisen\" \/>\n<meta property=\"article:modified_time\" content=\"2021-09-02T10:38:30+00:00\" \/>\n<meta property=\"og:image\" content=\"https:\/\/www.urlaubcornwall.de\/blog\/wp-content\/uploads\/2017\/12\/ferienhaus-am-meer-brixham.jpg\" \/>\n<meta name=\"twitter:card\" content=\"summary\" \/>\n<meta name=\"twitter:label1\" content=\"Est. reading time\" \/>\n\t<meta name=\"twitter:data1\" content=\"1 minute\" \/>\n<script type=\"application\/ld+json\" class=\"yoast-schema-graph\">{\"@context\":\"https:\/\/schema.org\",\"@graph\":[{\"@type\":\"WebSite\",\"@id\":\"https:\/\/www.urlaubcornwall.de\/blog\/#website\",\"url\":\"https:\/\/www.urlaubcornwall.de\/blog\/\",\"name\":\"Urlaub &amp; Reisen\",\"description\":\"Urlaub, Reisen, Cornwall und S\u00fcdengland: eine perfekte Kombination\",\"potentialAction\":[{\"@type\":\"SearchAction\",\"target\":{\"@type\":\"EntryPoint\",\"urlTemplate\":\"https:\/\/www.urlaubcornwall.de\/blog\/?s={search_term_string}\"},\"query-input\":\"required name=search_term_string\"}],\"inLanguage\":\"en-US\"},{\"@type\":\"WebPage\",\"@id\":\"https:\/\/www.urlaubcornwall.de\/blog\/ferienhaus-meer-brixham-hafen-devon\/\",\"url\":\"https:\/\/www.urlaubcornwall.de\/blog\/ferienhaus-meer-brixham-hafen-devon\/\",\"name\":\"Ferienhaus am Meer Brixham - Hafen in Devon - Urlaub &amp; Reisen\",\"isPartOf\":{\"@id\":\"https:\/\/www.urlaubcornwall.de\/blog\/#website\"},\"datePublished\":\"2017-12-29T15:04:12+00:00\",\"dateModified\":\"2021-09-02T10:38:30+00:00\",\"breadcrumb\":{\"@id\":\"https:\/\/www.urlaubcornwall.de\/blog\/ferienhaus-meer-brixham-hafen-devon\/#breadcrumb\"},\"inLanguage\":\"en-US\",\"potentialAction\":[{\"@type\":\"ReadAction\",\"target\":[\"https:\/\/www.urlaubcornwall.de\/blog\/ferienhaus-meer-brixham-hafen-devon\/\"]}]},{\"@type\":\"BreadcrumbList\",\"@id\":\"https:\/\/www.urlaubcornwall.de\/blog\/ferienhaus-meer-brixham-hafen-devon\/#breadcrumb\",\"itemListElement\":[{\"@type\":\"ListItem\",\"position\":1,\"name\":\"Home\",\"item\":\"https:\/\/www.urlaubcornwall.de\/blog\/\"},{\"@type\":\"ListItem\",\"position\":2,\"name\":\"Ferienhaus am Meer Brixham &#8211; Hafen in Devon\"}]}]}<\/script>\n<!-- \/ Yoast SEO plugin. -->","yoast_head_json":{"title":"Ferienhaus am Meer Brixham - Hafen in Devon - Urlaub &amp; Reisen","robots":{"index":"index","follow":"follow","max-snippet":"max-snippet:-1","max-image-preview":"max-image-preview:large","max-video-preview":"max-video-preview:-1"},"canonical":"https:\/\/www.urlaubcornwall.de\/blog\/ferienhaus-meer-brixham-hafen-devon\/","og_locale":"en_US","og_type":"article","og_title":"Ferienhaus am Meer Brixham - Hafen in Devon - Urlaub &amp; Reisen","og_description":"Ferienhaus strandnah Brixham, S\u00fcd-Devon. 3 Schlafzimmer, hundefreundlich, Schlafplatz f\u00fcr 6 + 2 Kinderbetten, An-\/Abreisetag am Samstag, Preis pro Woche \u00a3327 &#8211; \u00a31090 Dieses entz\u00fcckende Haus ist ein tolles Ferienhaus f\u00fcr die ganze Familie, zumal Hunde auch sehr willkommen sind. Es ist ein drei Schlafzimmer Haus, das tadellos ist, den sch\u00f6nen Brixham Hafen zu erforschen. Brixham [&hellip;]","og_url":"https:\/\/www.urlaubcornwall.de\/blog\/ferienhaus-meer-brixham-hafen-devon\/","og_site_name":"Urlaub &amp; Reisen","article_modified_time":"2021-09-02T10:38:30+00:00","og_image":[{"url":"https:\/\/www.urlaubcornwall.de\/blog\/wp-content\/uploads\/2017\/12\/ferienhaus-am-meer-brixham.jpg"}],"twitter_card":"summary","twitter_misc":{"Est. reading time":"1 minute"},"schema":{"@context":"https:\/\/schema.org","@graph":[{"@type":"WebSite","@id":"https:\/\/www.urlaubcornwall.de\/blog\/#website","url":"https:\/\/www.urlaubcornwall.de\/blog\/","name":"Urlaub &amp; Reisen","description":"Urlaub, Reisen, Cornwall und S\u00fcdengland: eine perfekte Kombination","potentialAction":[{"@type":"SearchAction","target":{"@type":"EntryPoint","urlTemplate":"https:\/\/www.urlaubcornwall.de\/blog\/?s={search_term_string}"},"query-input":"required name=search_term_string"}],"inLanguage":"en-US"},{"@type":"WebPage","@id":"https:\/\/www.urlaubcornwall.de\/blog\/ferienhaus-meer-brixham-hafen-devon\/","url":"https:\/\/www.urlaubcornwall.de\/blog\/ferienhaus-meer-brixham-hafen-devon\/","name":"Ferienhaus am Meer Brixham - Hafen in Devon - Urlaub &amp; Reisen","isPartOf":{"@id":"https:\/\/www.urlaubcornwall.de\/blog\/#website"},"datePublished":"2017-12-29T15:04:12+00:00","dateModified":"2021-09-02T10:38:30+00:00","breadcrumb":{"@id":"https:\/\/www.urlaubcornwall.de\/blog\/ferienhaus-meer-brixham-hafen-devon\/#breadcrumb"},"inLanguage":"en-US","potentialAction":[{"@type":"ReadAction","target":["https:\/\/www.urlaubcornwall.de\/blog\/ferienhaus-meer-brixham-hafen-devon\/"]}]},{"@type":"BreadcrumbList","@id":"https:\/\/www.urlaubcornwall.de\/blog\/ferienhaus-meer-brixham-hafen-devon\/#breadcrumb","itemListElement":[{"@type":"ListItem","position":1,"name":"Home","item":"https:\/\/www.urlaubcornwall.de\/blog\/"},{"@type":"ListItem","position":2,"name":"Ferienhaus am Meer Brixham &#8211; Hafen in Devon"}]}]}},"_links":{"self":[{"href":"https:\/\/www.urlaubcornwall.de\/blog\/wp-json\/wp\/v2\/pages\/31581"}],"collection":[{"href":"https:\/\/www.urlaubcornwall.de\/blog\/wp-json\/wp\/v2\/pages"}],"about":[{"href":"https:\/\/www.urlaubcornwall.de\/blog\/wp-json\/wp\/v2\/types\/page"}],"author":[{"embeddable":true,"href":"https:\/\/www.urlaubcornwall.de\/blog\/wp-json\/wp\/v2\/users\/1"}],"replies":[{"embeddable":true,"href":"https:\/\/www.urlaubcornwall.de\/blog\/wp-json\/wp\/v2\/comments?post=31581"}],"version-history":[{"count":4,"href":"https:\/\/www.urlaubcornwall.de\/blog\/wp-json\/wp\/v2\/pages\/31581\/revisions"}],"predecessor-version":[{"id":42472,"href":"https:\/\/www.urlaubcornwall.de\/blog\/wp-json\/wp\/v2\/pages\/31581\/revisions\/42472"}],"wp:attachment":[{"href":"https:\/\/www.urlaubcornwall.de\/blog\/wp-json\/wp\/v2\/media?parent=31581"}],"curies":[{"name":"wp","href":"https:\/\/api.w.org\/{rel}","templated":true}]}}