{"id":31575,"date":"2017-12-29T14:41:29","date_gmt":"2017-12-29T14:41:29","guid":{"rendered":"https:\/\/www.urlaubcornwall.de\/blog\/?page_id=31575"},"modified":"2021-09-02T10:36:44","modified_gmt":"2021-09-02T10:36:44","slug":"ferienhaus-meer-bideford-urlaub-nord-devon","status":"publish","type":"page","link":"https:\/\/www.urlaubcornwall.de\/blog\/ferienhaus-meer-bideford-urlaub-nord-devon\/","title":{"rendered":"Ferienhaus am Meer Bideford &#8211; Urlaub Nord Devon"},"content":{"rendered":"<p><img loading=\"lazy\" class=\"aligncenter size-full wp-image-31576\" src=\"https:\/\/www.urlaubcornwall.de\/blog\/wp-content\/uploads\/2017\/12\/ferienhaus-am-meer-bideford.jpg\" alt=\"ferienhaus am meer bideford\" width=\"746\" height=\"420\"\/><br \/>\nFerienhaus strandnah Westward Ho!, Nord-Devon.<\/p>\n<p>3 Schlafzimmer, hundefreundlich, Schlafplatz f\u00fcr 6 + Kinderbett, An-\/Abreisetag am Freitag, Preis pro Woche \u00a3610 &#8211; \u00a31260<\/p>\n<p>Dieses au\u00dfergew\u00f6hnliche Familien gro\u00dfe Ferienhaus liegt in der N\u00e4he der blauen Fahne, Sandstrand von Westward Ho! an der Nord-Devon-K\u00fcste. Die Unterkunft ist hell, modern, wundersch\u00f6n pr\u00e4sentiert mit Original-Kunstwerk an den W\u00e4nden, Luxus-Bettw\u00e4sche auf den Betten und Wohnzimmer im Obergeschoss f\u00fcr die wirklich gesellig Urlaubsatmosph\u00e4re. Im Au\u00dfenbereich befindet sich ein komplett geschlossener Garten und ein komplett privater Innenhof Garten. Der breite Flur mit Glast\u00fcren an jedem Ende f\u00fcllt das Haus mit Licht.<\/p>\n<p style=\"text-align: center;\"><a class=\"tidycta\" href=\"https:\/\/www.urlaubcornwall.de\/ferienhaeuser-fewos\/eng\/nord-devon\/bideford-am-meer.html\">Suche Ferienh\u00e4user Bideford<\/a><\/p>\n<p>Um UrlaubCornwall.de einzigartige Kollektion nach Ihrem idealen Ferienhaus zu durchsuchen. <a href=\"https:\/\/www.urlaubcornwall.de\/ferienhaeuser\/suedwesten-englands.php\"><span style=\"text-decoration: underline;\">Klicken Sie hier<\/span> &gt;&gt;<\/a><\/p>\n","protected":false},"excerpt":{"rendered":"<p>Ferienhaus strandnah Westward Ho!, Nord-Devon. 3 Schlafzimmer, hundefreundlich, Schlafplatz f\u00fcr 6 + Kinderbett, An-\/Abreisetag am Freitag, Preis pro Woche \u00a3610 &#8211; \u00a31260 Dieses au\u00dfergew\u00f6hnliche Familien gro\u00dfe Ferienhaus liegt in der N\u00e4he der blauen Fahne, Sandstrand von Westward Ho! an der Nord-Devon-K\u00fcste. Die Unterkunft ist hell, modern, wundersch\u00f6n pr\u00e4sentiert mit Original-Kunstwerk an den W\u00e4nden, Luxus-Bettw\u00e4sche auf [&hellip;]<\/p>\n","protected":false},"author":1,"featured_media":0,"parent":0,"menu_order":0,"comment_status":"closed","ping_status":"closed","template":"single-four.php","meta":[],"acf":[],"yoast_head":"<!-- This site is optimized with the Yoast SEO plugin v19.4 - https:\/\/yoast.com\/wordpress\/plugins\/seo\/ -->\n<title>Ferienhaus am Meer Bideford - Urlaub Nord Devon - Urlaub &amp; Reisen<\/title>\n<meta name=\"robots\" content=\"index, follow, max-snippet:-1, max-image-preview:large, max-video-preview:-1\" \/>\n<link rel=\"canonical\" href=\"https:\/\/www.urlaubcornwall.de\/blog\/ferienhaus-meer-bideford-urlaub-nord-devon\/\" \/>\n<meta property=\"og:locale\" content=\"en_US\" \/>\n<meta property=\"og:type\" content=\"article\" \/>\n<meta property=\"og:title\" content=\"Ferienhaus am Meer Bideford - Urlaub Nord Devon - Urlaub &amp; Reisen\" \/>\n<meta property=\"og:description\" content=\"Ferienhaus strandnah Westward Ho!, Nord-Devon. 3 Schlafzimmer, hundefreundlich, Schlafplatz f\u00fcr 6 + Kinderbett, An-\/Abreisetag am Freitag, Preis pro Woche \u00a3610 &#8211; \u00a31260 Dieses au\u00dfergew\u00f6hnliche Familien gro\u00dfe Ferienhaus liegt in der N\u00e4he der blauen Fahne, Sandstrand von Westward Ho! an der Nord-Devon-K\u00fcste. Die Unterkunft ist hell, modern, wundersch\u00f6n pr\u00e4sentiert mit Original-Kunstwerk an den W\u00e4nden, Luxus-Bettw\u00e4sche auf [&hellip;]\" \/>\n<meta property=\"og:url\" content=\"https:\/\/www.urlaubcornwall.de\/blog\/ferienhaus-meer-bideford-urlaub-nord-devon\/\" \/>\n<meta property=\"og:site_name\" content=\"Urlaub &amp; Reisen\" \/>\n<meta property=\"article:modified_time\" content=\"2021-09-02T10:36:44+00:00\" \/>\n<meta property=\"og:image\" content=\"https:\/\/www.urlaubcornwall.de\/blog\/wp-content\/uploads\/2017\/12\/ferienhaus-am-meer-bideford.jpg\" \/>\n<meta name=\"twitter:card\" content=\"summary\" \/>\n<meta name=\"twitter:label1\" content=\"Est. reading time\" \/>\n\t<meta name=\"twitter:data1\" content=\"1 minute\" \/>\n<script type=\"application\/ld+json\" class=\"yoast-schema-graph\">{\"@context\":\"https:\/\/schema.org\",\"@graph\":[{\"@type\":\"WebSite\",\"@id\":\"https:\/\/www.urlaubcornwall.de\/blog\/#website\",\"url\":\"https:\/\/www.urlaubcornwall.de\/blog\/\",\"name\":\"Urlaub &amp; Reisen\",\"description\":\"Urlaub, Reisen, Cornwall und S\u00fcdengland: eine perfekte Kombination\",\"potentialAction\":[{\"@type\":\"SearchAction\",\"target\":{\"@type\":\"EntryPoint\",\"urlTemplate\":\"https:\/\/www.urlaubcornwall.de\/blog\/?s={search_term_string}\"},\"query-input\":\"required name=search_term_string\"}],\"inLanguage\":\"en-US\"},{\"@type\":\"WebPage\",\"@id\":\"https:\/\/www.urlaubcornwall.de\/blog\/ferienhaus-meer-bideford-urlaub-nord-devon\/\",\"url\":\"https:\/\/www.urlaubcornwall.de\/blog\/ferienhaus-meer-bideford-urlaub-nord-devon\/\",\"name\":\"Ferienhaus am Meer Bideford - Urlaub Nord Devon - Urlaub &amp; Reisen\",\"isPartOf\":{\"@id\":\"https:\/\/www.urlaubcornwall.de\/blog\/#website\"},\"datePublished\":\"2017-12-29T14:41:29+00:00\",\"dateModified\":\"2021-09-02T10:36:44+00:00\",\"breadcrumb\":{\"@id\":\"https:\/\/www.urlaubcornwall.de\/blog\/ferienhaus-meer-bideford-urlaub-nord-devon\/#breadcrumb\"},\"inLanguage\":\"en-US\",\"potentialAction\":[{\"@type\":\"ReadAction\",\"target\":[\"https:\/\/www.urlaubcornwall.de\/blog\/ferienhaus-meer-bideford-urlaub-nord-devon\/\"]}]},{\"@type\":\"BreadcrumbList\",\"@id\":\"https:\/\/www.urlaubcornwall.de\/blog\/ferienhaus-meer-bideford-urlaub-nord-devon\/#breadcrumb\",\"itemListElement\":[{\"@type\":\"ListItem\",\"position\":1,\"name\":\"Home\",\"item\":\"https:\/\/www.urlaubcornwall.de\/blog\/\"},{\"@type\":\"ListItem\",\"position\":2,\"name\":\"Ferienhaus am Meer Bideford &#8211; Urlaub Nord Devon\"}]}]}<\/script>\n<!-- \/ Yoast SEO plugin. -->","yoast_head_json":{"title":"Ferienhaus am Meer Bideford - Urlaub Nord Devon - Urlaub &amp; Reisen","robots":{"index":"index","follow":"follow","max-snippet":"max-snippet:-1","max-image-preview":"max-image-preview:large","max-video-preview":"max-video-preview:-1"},"canonical":"https:\/\/www.urlaubcornwall.de\/blog\/ferienhaus-meer-bideford-urlaub-nord-devon\/","og_locale":"en_US","og_type":"article","og_title":"Ferienhaus am Meer Bideford - Urlaub Nord Devon - Urlaub &amp; Reisen","og_description":"Ferienhaus strandnah Westward Ho!, Nord-Devon. 3 Schlafzimmer, hundefreundlich, Schlafplatz f\u00fcr 6 + Kinderbett, An-\/Abreisetag am Freitag, Preis pro Woche \u00a3610 &#8211; \u00a31260 Dieses au\u00dfergew\u00f6hnliche Familien gro\u00dfe Ferienhaus liegt in der N\u00e4he der blauen Fahne, Sandstrand von Westward Ho! an der Nord-Devon-K\u00fcste. Die Unterkunft ist hell, modern, wundersch\u00f6n pr\u00e4sentiert mit Original-Kunstwerk an den W\u00e4nden, Luxus-Bettw\u00e4sche auf [&hellip;]","og_url":"https:\/\/www.urlaubcornwall.de\/blog\/ferienhaus-meer-bideford-urlaub-nord-devon\/","og_site_name":"Urlaub &amp; Reisen","article_modified_time":"2021-09-02T10:36:44+00:00","og_image":[{"url":"https:\/\/www.urlaubcornwall.de\/blog\/wp-content\/uploads\/2017\/12\/ferienhaus-am-meer-bideford.jpg"}],"twitter_card":"summary","twitter_misc":{"Est. reading time":"1 minute"},"schema":{"@context":"https:\/\/schema.org","@graph":[{"@type":"WebSite","@id":"https:\/\/www.urlaubcornwall.de\/blog\/#website","url":"https:\/\/www.urlaubcornwall.de\/blog\/","name":"Urlaub &amp; Reisen","description":"Urlaub, Reisen, Cornwall und S\u00fcdengland: eine perfekte Kombination","potentialAction":[{"@type":"SearchAction","target":{"@type":"EntryPoint","urlTemplate":"https:\/\/www.urlaubcornwall.de\/blog\/?s={search_term_string}"},"query-input":"required name=search_term_string"}],"inLanguage":"en-US"},{"@type":"WebPage","@id":"https:\/\/www.urlaubcornwall.de\/blog\/ferienhaus-meer-bideford-urlaub-nord-devon\/","url":"https:\/\/www.urlaubcornwall.de\/blog\/ferienhaus-meer-bideford-urlaub-nord-devon\/","name":"Ferienhaus am Meer Bideford - Urlaub Nord Devon - Urlaub &amp; Reisen","isPartOf":{"@id":"https:\/\/www.urlaubcornwall.de\/blog\/#website"},"datePublished":"2017-12-29T14:41:29+00:00","dateModified":"2021-09-02T10:36:44+00:00","breadcrumb":{"@id":"https:\/\/www.urlaubcornwall.de\/blog\/ferienhaus-meer-bideford-urlaub-nord-devon\/#breadcrumb"},"inLanguage":"en-US","potentialAction":[{"@type":"ReadAction","target":["https:\/\/www.urlaubcornwall.de\/blog\/ferienhaus-meer-bideford-urlaub-nord-devon\/"]}]},{"@type":"BreadcrumbList","@id":"https:\/\/www.urlaubcornwall.de\/blog\/ferienhaus-meer-bideford-urlaub-nord-devon\/#breadcrumb","itemListElement":[{"@type":"ListItem","position":1,"name":"Home","item":"https:\/\/www.urlaubcornwall.de\/blog\/"},{"@type":"ListItem","position":2,"name":"Ferienhaus am Meer Bideford &#8211; Urlaub Nord Devon"}]}]}},"_links":{"self":[{"href":"https:\/\/www.urlaubcornwall.de\/blog\/wp-json\/wp\/v2\/pages\/31575"}],"collection":[{"href":"https:\/\/www.urlaubcornwall.de\/blog\/wp-json\/wp\/v2\/pages"}],"about":[{"href":"https:\/\/www.urlaubcornwall.de\/blog\/wp-json\/wp\/v2\/types\/page"}],"author":[{"embeddable":true,"href":"https:\/\/www.urlaubcornwall.de\/blog\/wp-json\/wp\/v2\/users\/1"}],"replies":[{"embeddable":true,"href":"https:\/\/www.urlaubcornwall.de\/blog\/wp-json\/wp\/v2\/comments?post=31575"}],"version-history":[{"count":3,"href":"https:\/\/www.urlaubcornwall.de\/blog\/wp-json\/wp\/v2\/pages\/31575\/revisions"}],"predecessor-version":[{"id":42470,"href":"https:\/\/www.urlaubcornwall.de\/blog\/wp-json\/wp\/v2\/pages\/31575\/revisions\/42470"}],"wp:attachment":[{"href":"https:\/\/www.urlaubcornwall.de\/blog\/wp-json\/wp\/v2\/media?parent=31575"}],"curies":[{"name":"wp","href":"https:\/\/api.w.org\/{rel}","templated":true}]}}