{"id":31534,"date":"2017-12-28T14:21:50","date_gmt":"2017-12-28T14:21:50","guid":{"rendered":"https:\/\/www.urlaubcornwall.de\/blog\/?page_id=31534"},"modified":"2021-09-02T09:25:04","modified_gmt":"2021-09-02T09:25:04","slug":"ferienhaus-meer-portscatho","status":"publish","type":"page","link":"https:\/\/www.urlaubcornwall.de\/blog\/ferienhaus-meer-portscatho\/","title":{"rendered":"Ferienhaus am Meer Portscatho"},"content":{"rendered":"<p><img loading=\"lazy\" class=\"aligncenter size-full wp-image-31535\" src=\"https:\/\/www.urlaubcornwall.de\/blog\/wp-content\/uploads\/2017\/12\/ferienhaus-am-meer-portscatho.jpg\" alt=\"ferienhaus am meer portscatho\" width=\"746\" height=\"413\"\/><br \/>\n<strong>Ferienhaus strandnah Portscatho, S\u00fcdk\u00fcste Cornwall.<\/strong><\/p>\n<p>2 Schlafzimmer, leider keine Haustiere erlaubt, Schlafplatz f\u00fcr 3 + Kinderbett, An-\/Abreisetag am Samstag, Preis pro Woche \u00a3354 &#8211; \u00a3695<\/p>\n<p>Gleich neben dem Dorfplatz ist dieses traditionelle Cornish Cottage eines der \u00e4ltesten im Dorf Portscatho. Es bewahrt den Charme und die Authentizit\u00e4t eines Fisherman es Home einschlie\u00dflich der steilen H\u00fctte Treppe bis zum ersten Stock und der Kamin hat sogar seinen urspr\u00fcnglichen Brotbackofen. Die beiden einfach eingerichteten Schlafzimmer verf\u00fcgen jeweils \u00fcber einen direkten Zugang zum heiteren Duschraum. Die H\u00fctte ist semi-freistehend und teilt eine abgeschiedene S\u00fcd-facing, h\u00fcbsch gepflanzt Innenhof mit Dormer Cottage nebenan auch von der gleichen Familie geh\u00f6rt. Sobald Ihr Auto entladen ist, m\u00fcssen Sie auf dem Dorf Parkplatz parken und genie\u00dfen Sie Portscatho zu Fu\u00df.<\/p>\n<p style=\"text-align: center;\"><a class=\"tidycta\" href=\"https:\/\/www.urlaubcornwall.de\/ferienhaeuser-fewos\/portscatho-am-meer.html.html\">Suche Ferienh\u00e4user Hayle<\/a><\/p>\n<p><strong>Um UrlaubCornwall.de einzigartige Kollektion nach Ihrem idealen Ferienhaus zu durchsuchen.<\/strong> <a href=\"https:\/\/www.urlaubcornwall.de\/ferienhaeuser\/cornwall.php\"><span style=\"text-decoration: underline;\"><strong>Klicken Sie hier<\/strong><\/span><strong> &gt;&gt;<\/strong><\/a><\/p>\n","protected":false},"excerpt":{"rendered":"<p>Ferienhaus strandnah Portscatho, S\u00fcdk\u00fcste Cornwall. 2 Schlafzimmer, leider keine Haustiere erlaubt, Schlafplatz f\u00fcr 3 + Kinderbett, An-\/Abreisetag am Samstag, Preis pro Woche \u00a3354 &#8211; \u00a3695 Gleich neben dem Dorfplatz ist dieses traditionelle Cornish Cottage eines der \u00e4ltesten im Dorf Portscatho. Es bewahrt den Charme und die Authentizit\u00e4t eines Fisherman es Home einschlie\u00dflich der steilen H\u00fctte [&hellip;]<\/p>\n","protected":false},"author":1,"featured_media":0,"parent":0,"menu_order":0,"comment_status":"closed","ping_status":"closed","template":"single-four.php","meta":[],"acf":[],"yoast_head":"<!-- This site is optimized with the Yoast SEO plugin v19.4 - https:\/\/yoast.com\/wordpress\/plugins\/seo\/ -->\n<title>Ferienhaus am Meer Portscatho - Urlaub &amp; Reisen<\/title>\n<meta name=\"robots\" content=\"index, follow, max-snippet:-1, max-image-preview:large, max-video-preview:-1\" \/>\n<link rel=\"canonical\" href=\"https:\/\/www.urlaubcornwall.de\/blog\/ferienhaus-meer-portscatho\/\" \/>\n<meta property=\"og:locale\" content=\"en_US\" \/>\n<meta property=\"og:type\" content=\"article\" \/>\n<meta property=\"og:title\" content=\"Ferienhaus am Meer Portscatho - Urlaub &amp; Reisen\" \/>\n<meta property=\"og:description\" content=\"Ferienhaus strandnah Portscatho, S\u00fcdk\u00fcste Cornwall. 2 Schlafzimmer, leider keine Haustiere erlaubt, Schlafplatz f\u00fcr 3 + Kinderbett, An-\/Abreisetag am Samstag, Preis pro Woche \u00a3354 &#8211; \u00a3695 Gleich neben dem Dorfplatz ist dieses traditionelle Cornish Cottage eines der \u00e4ltesten im Dorf Portscatho. Es bewahrt den Charme und die Authentizit\u00e4t eines Fisherman es Home einschlie\u00dflich der steilen H\u00fctte [&hellip;]\" \/>\n<meta property=\"og:url\" content=\"https:\/\/www.urlaubcornwall.de\/blog\/ferienhaus-meer-portscatho\/\" \/>\n<meta property=\"og:site_name\" content=\"Urlaub &amp; Reisen\" \/>\n<meta property=\"article:modified_time\" content=\"2021-09-02T09:25:04+00:00\" \/>\n<meta property=\"og:image\" content=\"https:\/\/www.urlaubcornwall.de\/blog\/wp-content\/uploads\/2017\/12\/ferienhaus-am-meer-portscatho.jpg\" \/>\n<meta name=\"twitter:card\" content=\"summary\" \/>\n<meta name=\"twitter:label1\" content=\"Est. reading time\" \/>\n\t<meta name=\"twitter:data1\" content=\"1 minute\" \/>\n<script type=\"application\/ld+json\" class=\"yoast-schema-graph\">{\"@context\":\"https:\/\/schema.org\",\"@graph\":[{\"@type\":\"WebSite\",\"@id\":\"https:\/\/www.urlaubcornwall.de\/blog\/#website\",\"url\":\"https:\/\/www.urlaubcornwall.de\/blog\/\",\"name\":\"Urlaub &amp; Reisen\",\"description\":\"Urlaub, Reisen, Cornwall und S\u00fcdengland: eine perfekte Kombination\",\"potentialAction\":[{\"@type\":\"SearchAction\",\"target\":{\"@type\":\"EntryPoint\",\"urlTemplate\":\"https:\/\/www.urlaubcornwall.de\/blog\/?s={search_term_string}\"},\"query-input\":\"required name=search_term_string\"}],\"inLanguage\":\"en-US\"},{\"@type\":\"WebPage\",\"@id\":\"https:\/\/www.urlaubcornwall.de\/blog\/ferienhaus-meer-portscatho\/\",\"url\":\"https:\/\/www.urlaubcornwall.de\/blog\/ferienhaus-meer-portscatho\/\",\"name\":\"Ferienhaus am Meer Portscatho - Urlaub &amp; Reisen\",\"isPartOf\":{\"@id\":\"https:\/\/www.urlaubcornwall.de\/blog\/#website\"},\"datePublished\":\"2017-12-28T14:21:50+00:00\",\"dateModified\":\"2021-09-02T09:25:04+00:00\",\"breadcrumb\":{\"@id\":\"https:\/\/www.urlaubcornwall.de\/blog\/ferienhaus-meer-portscatho\/#breadcrumb\"},\"inLanguage\":\"en-US\",\"potentialAction\":[{\"@type\":\"ReadAction\",\"target\":[\"https:\/\/www.urlaubcornwall.de\/blog\/ferienhaus-meer-portscatho\/\"]}]},{\"@type\":\"BreadcrumbList\",\"@id\":\"https:\/\/www.urlaubcornwall.de\/blog\/ferienhaus-meer-portscatho\/#breadcrumb\",\"itemListElement\":[{\"@type\":\"ListItem\",\"position\":1,\"name\":\"Home\",\"item\":\"https:\/\/www.urlaubcornwall.de\/blog\/\"},{\"@type\":\"ListItem\",\"position\":2,\"name\":\"Ferienhaus am Meer Portscatho\"}]}]}<\/script>\n<!-- \/ Yoast SEO plugin. -->","yoast_head_json":{"title":"Ferienhaus am Meer Portscatho - Urlaub &amp; Reisen","robots":{"index":"index","follow":"follow","max-snippet":"max-snippet:-1","max-image-preview":"max-image-preview:large","max-video-preview":"max-video-preview:-1"},"canonical":"https:\/\/www.urlaubcornwall.de\/blog\/ferienhaus-meer-portscatho\/","og_locale":"en_US","og_type":"article","og_title":"Ferienhaus am Meer Portscatho - Urlaub &amp; Reisen","og_description":"Ferienhaus strandnah Portscatho, S\u00fcdk\u00fcste Cornwall. 2 Schlafzimmer, leider keine Haustiere erlaubt, Schlafplatz f\u00fcr 3 + Kinderbett, An-\/Abreisetag am Samstag, Preis pro Woche \u00a3354 &#8211; \u00a3695 Gleich neben dem Dorfplatz ist dieses traditionelle Cornish Cottage eines der \u00e4ltesten im Dorf Portscatho. Es bewahrt den Charme und die Authentizit\u00e4t eines Fisherman es Home einschlie\u00dflich der steilen H\u00fctte [&hellip;]","og_url":"https:\/\/www.urlaubcornwall.de\/blog\/ferienhaus-meer-portscatho\/","og_site_name":"Urlaub &amp; Reisen","article_modified_time":"2021-09-02T09:25:04+00:00","og_image":[{"url":"https:\/\/www.urlaubcornwall.de\/blog\/wp-content\/uploads\/2017\/12\/ferienhaus-am-meer-portscatho.jpg"}],"twitter_card":"summary","twitter_misc":{"Est. reading time":"1 minute"},"schema":{"@context":"https:\/\/schema.org","@graph":[{"@type":"WebSite","@id":"https:\/\/www.urlaubcornwall.de\/blog\/#website","url":"https:\/\/www.urlaubcornwall.de\/blog\/","name":"Urlaub &amp; Reisen","description":"Urlaub, Reisen, Cornwall und S\u00fcdengland: eine perfekte Kombination","potentialAction":[{"@type":"SearchAction","target":{"@type":"EntryPoint","urlTemplate":"https:\/\/www.urlaubcornwall.de\/blog\/?s={search_term_string}"},"query-input":"required name=search_term_string"}],"inLanguage":"en-US"},{"@type":"WebPage","@id":"https:\/\/www.urlaubcornwall.de\/blog\/ferienhaus-meer-portscatho\/","url":"https:\/\/www.urlaubcornwall.de\/blog\/ferienhaus-meer-portscatho\/","name":"Ferienhaus am Meer Portscatho - Urlaub &amp; Reisen","isPartOf":{"@id":"https:\/\/www.urlaubcornwall.de\/blog\/#website"},"datePublished":"2017-12-28T14:21:50+00:00","dateModified":"2021-09-02T09:25:04+00:00","breadcrumb":{"@id":"https:\/\/www.urlaubcornwall.de\/blog\/ferienhaus-meer-portscatho\/#breadcrumb"},"inLanguage":"en-US","potentialAction":[{"@type":"ReadAction","target":["https:\/\/www.urlaubcornwall.de\/blog\/ferienhaus-meer-portscatho\/"]}]},{"@type":"BreadcrumbList","@id":"https:\/\/www.urlaubcornwall.de\/blog\/ferienhaus-meer-portscatho\/#breadcrumb","itemListElement":[{"@type":"ListItem","position":1,"name":"Home","item":"https:\/\/www.urlaubcornwall.de\/blog\/"},{"@type":"ListItem","position":2,"name":"Ferienhaus am Meer Portscatho"}]}]}},"_links":{"self":[{"href":"https:\/\/www.urlaubcornwall.de\/blog\/wp-json\/wp\/v2\/pages\/31534"}],"collection":[{"href":"https:\/\/www.urlaubcornwall.de\/blog\/wp-json\/wp\/v2\/pages"}],"about":[{"href":"https:\/\/www.urlaubcornwall.de\/blog\/wp-json\/wp\/v2\/types\/page"}],"author":[{"embeddable":true,"href":"https:\/\/www.urlaubcornwall.de\/blog\/wp-json\/wp\/v2\/users\/1"}],"replies":[{"embeddable":true,"href":"https:\/\/www.urlaubcornwall.de\/blog\/wp-json\/wp\/v2\/comments?post=31534"}],"version-history":[{"count":3,"href":"https:\/\/www.urlaubcornwall.de\/blog\/wp-json\/wp\/v2\/pages\/31534\/revisions"}],"predecessor-version":[{"id":42419,"href":"https:\/\/www.urlaubcornwall.de\/blog\/wp-json\/wp\/v2\/pages\/31534\/revisions\/42419"}],"wp:attachment":[{"href":"https:\/\/www.urlaubcornwall.de\/blog\/wp-json\/wp\/v2\/media?parent=31534"}],"curies":[{"name":"wp","href":"https:\/\/api.w.org\/{rel}","templated":true}]}}