{"id":31496,"date":"2017-12-24T12:34:06","date_gmt":"2017-12-24T12:34:06","guid":{"rendered":"https:\/\/www.urlaubcornwall.de\/blog\/?page_id=31496"},"modified":"2021-08-13T08:52:39","modified_gmt":"2021-08-13T08:52:39","slug":"ferienhaus-meer-marazion-nr-2504","status":"publish","type":"page","link":"https:\/\/www.urlaubcornwall.de\/blog\/ferienhaus-meer-marazion-nr-2504\/","title":{"rendered":"Ferienhaus am Meer in Marazion &#8211; Nr 2504"},"content":{"rendered":"<p><img loading=\"lazy\" class=\"aligncenter size-full wp-image-31497\" src=\"https:\/\/www.urlaubcornwall.de\/blog\/wp-content\/uploads\/2017\/12\/ferienhaus-am-meer-marazion.jpg\" alt=\"ferienhaus am meer marazion\" width=\"746\" height=\"407\"\/><br \/>\n<strong>Ferienhaus strandnah Marazion, West-Cornwall.<\/strong><\/p>\n<p>3 Schlafzimmer, leider keine Haustiere erlaubt, Schlafplatz f\u00fcr 6 + Kinderbett, An-\/Abreisetag am Freitag, Preis pro Woche \u00a3596 bis \u00a31805<\/p>\n<p>Treten Sie zur\u00fcck in die Zeit in die H\u00fctte, ein 500 Jahre altes Steinhaus zur\u00fcck in Marazion Marktplatz, in der N\u00e4he des Strandes, wo die Gezeiten Damm und Boote \u00fcberqueren, um St. Michael es Mount. Die H\u00fctte wurde sorgf\u00e4ltig restauriert, dekoriert und eingerichtet, um ihre lange Geschichte zu reflektieren-vielleicht einmal die Heimat der Kapit\u00e4n eines Schiffes? M\u00f6glicherweise die \u00e4lteste Wohnung in Marazion, hat es die niedrigen Eing\u00e4nge, schiefe W\u00e4nde und Fu\u00dfb\u00f6den seiner Periode, aber seine preisgekr\u00f6nte Renovierung hat up-to-date gr\u00fcne Energie-Systeme einschlie\u00dflich einer Luftquelle W\u00e4rmepumpe, Fu\u00dfbodenheizung unten sowie integriert als Holz-Brenner, und spezielle Tieftemperatur Heizk\u00f6rper in den Schlafzimmern. Traditionelle, aber qualitativ hochwertige Einrichtung verbinden Komfort mit Charakter.<\/p>\n<p style=\"text-align: center;\"><a class=\"tidycta\" href=\"https:\/\/www.urlaubcornwall.de\/ferienhaeuser-fewos\/unterkunft\/Classic\/2504-the-cottage.html\">Details ansehen<\/a><\/p>\n<p style=\"text-align: center;\">Pers\u00f6nlich inspizierte Ferienh\u00e4user und Ferienwohnungen in Cornwall f\u00fcr Ihren Urlaub.<\/p>\n<p style=\"text-align: center;\"><a href=\"https:\/\/www.urlaubcornwall.de\/ferienhaeuser-fewos\/marazion-am-meer.html\"><strong>\u00dcber 20 Ferienh\u00e4user, Cottages &amp; Ferienwohnungen in Marazion am Meer. <\/strong><\/a><\/p>\n","protected":false},"excerpt":{"rendered":"<p>Ferienhaus strandnah Marazion, West-Cornwall. 3 Schlafzimmer, leider keine Haustiere erlaubt, Schlafplatz f\u00fcr 6 + Kinderbett, An-\/Abreisetag am Freitag, Preis pro Woche \u00a3596 bis \u00a31805 Treten Sie zur\u00fcck in die Zeit in die H\u00fctte, ein 500 Jahre altes Steinhaus zur\u00fcck in Marazion Marktplatz, in der N\u00e4he des Strandes, wo die Gezeiten Damm und Boote \u00fcberqueren, um [&hellip;]<\/p>\n","protected":false},"author":1,"featured_media":0,"parent":0,"menu_order":0,"comment_status":"closed","ping_status":"closed","template":"single-four.php","meta":[],"acf":[],"yoast_head":"<!-- This site is optimized with the Yoast SEO plugin v19.4 - https:\/\/yoast.com\/wordpress\/plugins\/seo\/ -->\n<title>Ferienhaus am Meer in Marazion - Nr 2504 - Urlaub &amp; Reisen<\/title>\n<meta name=\"robots\" content=\"index, follow, max-snippet:-1, max-image-preview:large, max-video-preview:-1\" \/>\n<link rel=\"canonical\" href=\"https:\/\/www.urlaubcornwall.de\/blog\/ferienhaus-meer-marazion-nr-2504\/\" \/>\n<meta property=\"og:locale\" content=\"en_US\" \/>\n<meta property=\"og:type\" content=\"article\" \/>\n<meta property=\"og:title\" content=\"Ferienhaus am Meer in Marazion - Nr 2504 - Urlaub &amp; Reisen\" \/>\n<meta property=\"og:description\" content=\"Ferienhaus strandnah Marazion, West-Cornwall. 3 Schlafzimmer, leider keine Haustiere erlaubt, Schlafplatz f\u00fcr 6 + Kinderbett, An-\/Abreisetag am Freitag, Preis pro Woche \u00a3596 bis \u00a31805 Treten Sie zur\u00fcck in die Zeit in die H\u00fctte, ein 500 Jahre altes Steinhaus zur\u00fcck in Marazion Marktplatz, in der N\u00e4he des Strandes, wo die Gezeiten Damm und Boote \u00fcberqueren, um [&hellip;]\" \/>\n<meta property=\"og:url\" content=\"https:\/\/www.urlaubcornwall.de\/blog\/ferienhaus-meer-marazion-nr-2504\/\" \/>\n<meta property=\"og:site_name\" content=\"Urlaub &amp; Reisen\" \/>\n<meta property=\"article:modified_time\" content=\"2021-08-13T08:52:39+00:00\" \/>\n<meta property=\"og:image\" content=\"https:\/\/www.urlaubcornwall.de\/blog\/wp-content\/uploads\/2017\/12\/ferienhaus-am-meer-marazion.jpg\" \/>\n<meta name=\"twitter:card\" content=\"summary\" \/>\n<meta name=\"twitter:label1\" content=\"Est. reading time\" \/>\n\t<meta name=\"twitter:data1\" content=\"1 minute\" \/>\n<script type=\"application\/ld+json\" class=\"yoast-schema-graph\">{\"@context\":\"https:\/\/schema.org\",\"@graph\":[{\"@type\":\"WebSite\",\"@id\":\"https:\/\/www.urlaubcornwall.de\/blog\/#website\",\"url\":\"https:\/\/www.urlaubcornwall.de\/blog\/\",\"name\":\"Urlaub &amp; Reisen\",\"description\":\"Urlaub, Reisen, Cornwall und S\u00fcdengland: eine perfekte Kombination\",\"potentialAction\":[{\"@type\":\"SearchAction\",\"target\":{\"@type\":\"EntryPoint\",\"urlTemplate\":\"https:\/\/www.urlaubcornwall.de\/blog\/?s={search_term_string}\"},\"query-input\":\"required name=search_term_string\"}],\"inLanguage\":\"en-US\"},{\"@type\":\"WebPage\",\"@id\":\"https:\/\/www.urlaubcornwall.de\/blog\/ferienhaus-meer-marazion-nr-2504\/\",\"url\":\"https:\/\/www.urlaubcornwall.de\/blog\/ferienhaus-meer-marazion-nr-2504\/\",\"name\":\"Ferienhaus am Meer in Marazion - Nr 2504 - Urlaub &amp; Reisen\",\"isPartOf\":{\"@id\":\"https:\/\/www.urlaubcornwall.de\/blog\/#website\"},\"datePublished\":\"2017-12-24T12:34:06+00:00\",\"dateModified\":\"2021-08-13T08:52:39+00:00\",\"breadcrumb\":{\"@id\":\"https:\/\/www.urlaubcornwall.de\/blog\/ferienhaus-meer-marazion-nr-2504\/#breadcrumb\"},\"inLanguage\":\"en-US\",\"potentialAction\":[{\"@type\":\"ReadAction\",\"target\":[\"https:\/\/www.urlaubcornwall.de\/blog\/ferienhaus-meer-marazion-nr-2504\/\"]}]},{\"@type\":\"BreadcrumbList\",\"@id\":\"https:\/\/www.urlaubcornwall.de\/blog\/ferienhaus-meer-marazion-nr-2504\/#breadcrumb\",\"itemListElement\":[{\"@type\":\"ListItem\",\"position\":1,\"name\":\"Home\",\"item\":\"https:\/\/www.urlaubcornwall.de\/blog\/\"},{\"@type\":\"ListItem\",\"position\":2,\"name\":\"Ferienhaus am Meer in Marazion &#8211; Nr 2504\"}]}]}<\/script>\n<!-- \/ Yoast SEO plugin. -->","yoast_head_json":{"title":"Ferienhaus am Meer in Marazion - Nr 2504 - Urlaub &amp; Reisen","robots":{"index":"index","follow":"follow","max-snippet":"max-snippet:-1","max-image-preview":"max-image-preview:large","max-video-preview":"max-video-preview:-1"},"canonical":"https:\/\/www.urlaubcornwall.de\/blog\/ferienhaus-meer-marazion-nr-2504\/","og_locale":"en_US","og_type":"article","og_title":"Ferienhaus am Meer in Marazion - Nr 2504 - Urlaub &amp; Reisen","og_description":"Ferienhaus strandnah Marazion, West-Cornwall. 3 Schlafzimmer, leider keine Haustiere erlaubt, Schlafplatz f\u00fcr 6 + Kinderbett, An-\/Abreisetag am Freitag, Preis pro Woche \u00a3596 bis \u00a31805 Treten Sie zur\u00fcck in die Zeit in die H\u00fctte, ein 500 Jahre altes Steinhaus zur\u00fcck in Marazion Marktplatz, in der N\u00e4he des Strandes, wo die Gezeiten Damm und Boote \u00fcberqueren, um [&hellip;]","og_url":"https:\/\/www.urlaubcornwall.de\/blog\/ferienhaus-meer-marazion-nr-2504\/","og_site_name":"Urlaub &amp; Reisen","article_modified_time":"2021-08-13T08:52:39+00:00","og_image":[{"url":"https:\/\/www.urlaubcornwall.de\/blog\/wp-content\/uploads\/2017\/12\/ferienhaus-am-meer-marazion.jpg"}],"twitter_card":"summary","twitter_misc":{"Est. reading time":"1 minute"},"schema":{"@context":"https:\/\/schema.org","@graph":[{"@type":"WebSite","@id":"https:\/\/www.urlaubcornwall.de\/blog\/#website","url":"https:\/\/www.urlaubcornwall.de\/blog\/","name":"Urlaub &amp; Reisen","description":"Urlaub, Reisen, Cornwall und S\u00fcdengland: eine perfekte Kombination","potentialAction":[{"@type":"SearchAction","target":{"@type":"EntryPoint","urlTemplate":"https:\/\/www.urlaubcornwall.de\/blog\/?s={search_term_string}"},"query-input":"required name=search_term_string"}],"inLanguage":"en-US"},{"@type":"WebPage","@id":"https:\/\/www.urlaubcornwall.de\/blog\/ferienhaus-meer-marazion-nr-2504\/","url":"https:\/\/www.urlaubcornwall.de\/blog\/ferienhaus-meer-marazion-nr-2504\/","name":"Ferienhaus am Meer in Marazion - Nr 2504 - Urlaub &amp; Reisen","isPartOf":{"@id":"https:\/\/www.urlaubcornwall.de\/blog\/#website"},"datePublished":"2017-12-24T12:34:06+00:00","dateModified":"2021-08-13T08:52:39+00:00","breadcrumb":{"@id":"https:\/\/www.urlaubcornwall.de\/blog\/ferienhaus-meer-marazion-nr-2504\/#breadcrumb"},"inLanguage":"en-US","potentialAction":[{"@type":"ReadAction","target":["https:\/\/www.urlaubcornwall.de\/blog\/ferienhaus-meer-marazion-nr-2504\/"]}]},{"@type":"BreadcrumbList","@id":"https:\/\/www.urlaubcornwall.de\/blog\/ferienhaus-meer-marazion-nr-2504\/#breadcrumb","itemListElement":[{"@type":"ListItem","position":1,"name":"Home","item":"https:\/\/www.urlaubcornwall.de\/blog\/"},{"@type":"ListItem","position":2,"name":"Ferienhaus am Meer in Marazion &#8211; Nr 2504"}]}]}},"_links":{"self":[{"href":"https:\/\/www.urlaubcornwall.de\/blog\/wp-json\/wp\/v2\/pages\/31496"}],"collection":[{"href":"https:\/\/www.urlaubcornwall.de\/blog\/wp-json\/wp\/v2\/pages"}],"about":[{"href":"https:\/\/www.urlaubcornwall.de\/blog\/wp-json\/wp\/v2\/types\/page"}],"author":[{"embeddable":true,"href":"https:\/\/www.urlaubcornwall.de\/blog\/wp-json\/wp\/v2\/users\/1"}],"replies":[{"embeddable":true,"href":"https:\/\/www.urlaubcornwall.de\/blog\/wp-json\/wp\/v2\/comments?post=31496"}],"version-history":[{"count":5,"href":"https:\/\/www.urlaubcornwall.de\/blog\/wp-json\/wp\/v2\/pages\/31496\/revisions"}],"predecessor-version":[{"id":42203,"href":"https:\/\/www.urlaubcornwall.de\/blog\/wp-json\/wp\/v2\/pages\/31496\/revisions\/42203"}],"wp:attachment":[{"href":"https:\/\/www.urlaubcornwall.de\/blog\/wp-json\/wp\/v2\/media?parent=31496"}],"curies":[{"name":"wp","href":"https:\/\/api.w.org\/{rel}","templated":true}]}}