{"id":31490,"date":"2017-12-24T12:17:05","date_gmt":"2017-12-24T12:17:05","guid":{"rendered":"https:\/\/www.urlaubcornwall.de\/blog\/?page_id=31490"},"modified":"2021-07-12T08:03:36","modified_gmt":"2021-07-12T08:03:36","slug":"beste-ferienhaus-meer-lands-end-mieten-3222","status":"publish","type":"page","link":"https:\/\/www.urlaubcornwall.de\/blog\/beste-ferienhaus-meer-lands-end-mieten-3222\/","title":{"rendered":"Beste Ferienhaus am Meer Lands End mieten &#8211; 3222"},"content":{"rendered":"<p><img loading=\"lazy\" class=\"aligncenter size-full wp-image-31491\" src=\"https:\/\/www.urlaubcornwall.de\/blog\/wp-content\/uploads\/2017\/12\/ferienhaus-am-meer-lands-end-cornwall.jpg\" alt=\"ferienhaus am meer lands end cornwall\" width=\"746\" height=\"426\"\/><br \/>\n<strong>Ferienhaus mit Meerblick 1.6 kilometern S von Sennen, West-Cornwall.<\/strong><\/p>\n<p>1 Schlafzimmer, hundefreundlich, Schlafplatz f\u00fcr 2 + Kinderbett, An-\/Abreisetag am Samstag<\/p>\n<p>Diese Retreat hat so viel zu bieten&#8230; einschlie\u00dflich einer gemeinsamen Spiele-Zimmer und beheizten Au\u00dfenpool (verf\u00fcgbar von Anfang Mai bis Ende September), sowie atemberaubende Meer und l\u00e4ndliche Aussicht auf die Land es End Peninsula. Ein komfortabler offener Wohnbereich, ein moderner Duschraum und eine ger\u00e4umige K\u00fcche verleihen dem Hotel seinen Reiz. Die beeindruckende Sennen Cove mit ihren t\u00fcrkisfarbenen Meeren und wei\u00dfen Sandstr\u00e4nden, Galerien und Caf\u00e9s ist nur einen Spaziergang entlang des K\u00fcstenwegs oder eine f\u00fcnfmin\u00fctige Autofahrt entfernt. Dies ist wirklich ein idyllisches Refugium f\u00fcr G\u00e4ste, die Ruhe und Privatsph\u00e4re suchen.<\/p>\n<p><strong><span class=\"bold_text\">Klicken Sie auf \u201eDetails ansehen\u201c f\u00fcr weitere Informationen in englischer Sprache und buchen Sie online bei unserem Partner Classic Cottages.<\/span><\/strong><\/p>\n<p style=\"text-align: center;\"><a class=\"tidycta\" href=\"https:\/\/www.urlaubcornwall.de\/ferienhaeuser-fewos\/lands-end.html\">Details ansehen<\/a><\/p>\n<p style=\"text-align: center;\">Pers\u00f6nlich inspizierte Ferienh\u00e4user und Ferienwohnungen in Cornwall f\u00fcr Ihren Urlaub.<\/p>\n<p style=\"text-align: center;\"><a href=\"https:\/\/www.urlaubcornwall.de\/ferienhaeuser-fewos\/lands-end-am-meer.html\"><strong>\u00dcber 20 Ferienh\u00e4user, Cottages &amp; Ferienwohnungen in Lands End am Meer. <\/strong><\/a><\/p>\n<p><img loading=\"lazy\" class=\"aligncenter size-full wp-image-24598\" src=\"https:\/\/www.urlaubcornwall.de\/blog\/wp-content\/uploads\/2016\/06\/urlaub-und-sudengland_logo-final.jpg\" width=\"746\" height=\"361\"\/><\/p>\n","protected":false},"excerpt":{"rendered":"<p>Ferienhaus mit Meerblick 1.6 kilometern S von Sennen, West-Cornwall. 1 Schlafzimmer, hundefreundlich, Schlafplatz f\u00fcr 2 + Kinderbett, An-\/Abreisetag am Samstag Diese Retreat hat so viel zu bieten&#8230; einschlie\u00dflich einer gemeinsamen Spiele-Zimmer und beheizten Au\u00dfenpool (verf\u00fcgbar von Anfang Mai bis Ende September), sowie atemberaubende Meer und l\u00e4ndliche Aussicht auf die Land es End Peninsula. Ein komfortabler [&hellip;]<\/p>\n","protected":false},"author":1,"featured_media":0,"parent":0,"menu_order":0,"comment_status":"closed","ping_status":"closed","template":"single-four.php","meta":[],"acf":[],"yoast_head":"<!-- This site is optimized with the Yoast SEO plugin v19.4 - https:\/\/yoast.com\/wordpress\/plugins\/seo\/ -->\n<title>Beste Ferienhaus am Meer Lands End mieten - 3222 - Urlaub &amp; Reisen<\/title>\n<meta name=\"robots\" content=\"index, follow, max-snippet:-1, max-image-preview:large, max-video-preview:-1\" \/>\n<link rel=\"canonical\" href=\"https:\/\/www.urlaubcornwall.de\/blog\/beste-ferienhaus-meer-lands-end-mieten-3222\/\" \/>\n<meta property=\"og:locale\" content=\"en_US\" \/>\n<meta property=\"og:type\" content=\"article\" \/>\n<meta property=\"og:title\" content=\"Beste Ferienhaus am Meer Lands End mieten - 3222 - Urlaub &amp; Reisen\" \/>\n<meta property=\"og:description\" content=\"Ferienhaus mit Meerblick 1.6 kilometern S von Sennen, West-Cornwall. 1 Schlafzimmer, hundefreundlich, Schlafplatz f\u00fcr 2 + Kinderbett, An-\/Abreisetag am Samstag Diese Retreat hat so viel zu bieten&#8230; einschlie\u00dflich einer gemeinsamen Spiele-Zimmer und beheizten Au\u00dfenpool (verf\u00fcgbar von Anfang Mai bis Ende September), sowie atemberaubende Meer und l\u00e4ndliche Aussicht auf die Land es End Peninsula. Ein komfortabler [&hellip;]\" \/>\n<meta property=\"og:url\" content=\"https:\/\/www.urlaubcornwall.de\/blog\/beste-ferienhaus-meer-lands-end-mieten-3222\/\" \/>\n<meta property=\"og:site_name\" content=\"Urlaub &amp; Reisen\" \/>\n<meta property=\"article:modified_time\" content=\"2021-07-12T08:03:36+00:00\" \/>\n<meta property=\"og:image\" content=\"https:\/\/www.urlaubcornwall.de\/blog\/wp-content\/uploads\/2017\/12\/ferienhaus-am-meer-lands-end-cornwall.jpg\" \/>\n<meta name=\"twitter:card\" content=\"summary\" \/>\n<meta name=\"twitter:label1\" content=\"Est. reading time\" \/>\n\t<meta name=\"twitter:data1\" content=\"1 minute\" \/>\n<script type=\"application\/ld+json\" class=\"yoast-schema-graph\">{\"@context\":\"https:\/\/schema.org\",\"@graph\":[{\"@type\":\"WebSite\",\"@id\":\"https:\/\/www.urlaubcornwall.de\/blog\/#website\",\"url\":\"https:\/\/www.urlaubcornwall.de\/blog\/\",\"name\":\"Urlaub &amp; Reisen\",\"description\":\"Urlaub, Reisen, Cornwall und S\u00fcdengland: eine perfekte Kombination\",\"potentialAction\":[{\"@type\":\"SearchAction\",\"target\":{\"@type\":\"EntryPoint\",\"urlTemplate\":\"https:\/\/www.urlaubcornwall.de\/blog\/?s={search_term_string}\"},\"query-input\":\"required name=search_term_string\"}],\"inLanguage\":\"en-US\"},{\"@type\":\"WebPage\",\"@id\":\"https:\/\/www.urlaubcornwall.de\/blog\/beste-ferienhaus-meer-lands-end-mieten-3222\/\",\"url\":\"https:\/\/www.urlaubcornwall.de\/blog\/beste-ferienhaus-meer-lands-end-mieten-3222\/\",\"name\":\"Beste Ferienhaus am Meer Lands End mieten - 3222 - Urlaub &amp; Reisen\",\"isPartOf\":{\"@id\":\"https:\/\/www.urlaubcornwall.de\/blog\/#website\"},\"datePublished\":\"2017-12-24T12:17:05+00:00\",\"dateModified\":\"2021-07-12T08:03:36+00:00\",\"breadcrumb\":{\"@id\":\"https:\/\/www.urlaubcornwall.de\/blog\/beste-ferienhaus-meer-lands-end-mieten-3222\/#breadcrumb\"},\"inLanguage\":\"en-US\",\"potentialAction\":[{\"@type\":\"ReadAction\",\"target\":[\"https:\/\/www.urlaubcornwall.de\/blog\/beste-ferienhaus-meer-lands-end-mieten-3222\/\"]}]},{\"@type\":\"BreadcrumbList\",\"@id\":\"https:\/\/www.urlaubcornwall.de\/blog\/beste-ferienhaus-meer-lands-end-mieten-3222\/#breadcrumb\",\"itemListElement\":[{\"@type\":\"ListItem\",\"position\":1,\"name\":\"Home\",\"item\":\"https:\/\/www.urlaubcornwall.de\/blog\/\"},{\"@type\":\"ListItem\",\"position\":2,\"name\":\"Beste Ferienhaus am Meer Lands End mieten &#8211; 3222\"}]}]}<\/script>\n<!-- \/ Yoast SEO plugin. -->","yoast_head_json":{"title":"Beste Ferienhaus am Meer Lands End mieten - 3222 - Urlaub &amp; Reisen","robots":{"index":"index","follow":"follow","max-snippet":"max-snippet:-1","max-image-preview":"max-image-preview:large","max-video-preview":"max-video-preview:-1"},"canonical":"https:\/\/www.urlaubcornwall.de\/blog\/beste-ferienhaus-meer-lands-end-mieten-3222\/","og_locale":"en_US","og_type":"article","og_title":"Beste Ferienhaus am Meer Lands End mieten - 3222 - Urlaub &amp; Reisen","og_description":"Ferienhaus mit Meerblick 1.6 kilometern S von Sennen, West-Cornwall. 1 Schlafzimmer, hundefreundlich, Schlafplatz f\u00fcr 2 + Kinderbett, An-\/Abreisetag am Samstag Diese Retreat hat so viel zu bieten&#8230; einschlie\u00dflich einer gemeinsamen Spiele-Zimmer und beheizten Au\u00dfenpool (verf\u00fcgbar von Anfang Mai bis Ende September), sowie atemberaubende Meer und l\u00e4ndliche Aussicht auf die Land es End Peninsula. Ein komfortabler [&hellip;]","og_url":"https:\/\/www.urlaubcornwall.de\/blog\/beste-ferienhaus-meer-lands-end-mieten-3222\/","og_site_name":"Urlaub &amp; Reisen","article_modified_time":"2021-07-12T08:03:36+00:00","og_image":[{"url":"https:\/\/www.urlaubcornwall.de\/blog\/wp-content\/uploads\/2017\/12\/ferienhaus-am-meer-lands-end-cornwall.jpg"}],"twitter_card":"summary","twitter_misc":{"Est. reading time":"1 minute"},"schema":{"@context":"https:\/\/schema.org","@graph":[{"@type":"WebSite","@id":"https:\/\/www.urlaubcornwall.de\/blog\/#website","url":"https:\/\/www.urlaubcornwall.de\/blog\/","name":"Urlaub &amp; Reisen","description":"Urlaub, Reisen, Cornwall und S\u00fcdengland: eine perfekte Kombination","potentialAction":[{"@type":"SearchAction","target":{"@type":"EntryPoint","urlTemplate":"https:\/\/www.urlaubcornwall.de\/blog\/?s={search_term_string}"},"query-input":"required name=search_term_string"}],"inLanguage":"en-US"},{"@type":"WebPage","@id":"https:\/\/www.urlaubcornwall.de\/blog\/beste-ferienhaus-meer-lands-end-mieten-3222\/","url":"https:\/\/www.urlaubcornwall.de\/blog\/beste-ferienhaus-meer-lands-end-mieten-3222\/","name":"Beste Ferienhaus am Meer Lands End mieten - 3222 - Urlaub &amp; Reisen","isPartOf":{"@id":"https:\/\/www.urlaubcornwall.de\/blog\/#website"},"datePublished":"2017-12-24T12:17:05+00:00","dateModified":"2021-07-12T08:03:36+00:00","breadcrumb":{"@id":"https:\/\/www.urlaubcornwall.de\/blog\/beste-ferienhaus-meer-lands-end-mieten-3222\/#breadcrumb"},"inLanguage":"en-US","potentialAction":[{"@type":"ReadAction","target":["https:\/\/www.urlaubcornwall.de\/blog\/beste-ferienhaus-meer-lands-end-mieten-3222\/"]}]},{"@type":"BreadcrumbList","@id":"https:\/\/www.urlaubcornwall.de\/blog\/beste-ferienhaus-meer-lands-end-mieten-3222\/#breadcrumb","itemListElement":[{"@type":"ListItem","position":1,"name":"Home","item":"https:\/\/www.urlaubcornwall.de\/blog\/"},{"@type":"ListItem","position":2,"name":"Beste Ferienhaus am Meer Lands End mieten &#8211; 3222"}]}]}},"_links":{"self":[{"href":"https:\/\/www.urlaubcornwall.de\/blog\/wp-json\/wp\/v2\/pages\/31490"}],"collection":[{"href":"https:\/\/www.urlaubcornwall.de\/blog\/wp-json\/wp\/v2\/pages"}],"about":[{"href":"https:\/\/www.urlaubcornwall.de\/blog\/wp-json\/wp\/v2\/types\/page"}],"author":[{"embeddable":true,"href":"https:\/\/www.urlaubcornwall.de\/blog\/wp-json\/wp\/v2\/users\/1"}],"replies":[{"embeddable":true,"href":"https:\/\/www.urlaubcornwall.de\/blog\/wp-json\/wp\/v2\/comments?post=31490"}],"version-history":[{"count":3,"href":"https:\/\/www.urlaubcornwall.de\/blog\/wp-json\/wp\/v2\/pages\/31490\/revisions"}],"predecessor-version":[{"id":41785,"href":"https:\/\/www.urlaubcornwall.de\/blog\/wp-json\/wp\/v2\/pages\/31490\/revisions\/41785"}],"wp:attachment":[{"href":"https:\/\/www.urlaubcornwall.de\/blog\/wp-json\/wp\/v2\/media?parent=31490"}],"curies":[{"name":"wp","href":"https:\/\/api.w.org\/{rel}","templated":true}]}}