{"id":31486,"date":"2017-12-24T12:09:56","date_gmt":"2017-12-24T12:09:56","guid":{"rendered":"https:\/\/www.urlaubcornwall.de\/blog\/?page_id=31486"},"modified":"2021-08-08T11:04:41","modified_gmt":"2021-08-08T11:04:41","slug":"beste-ferienhaus-meer-lamorna-cove-mieten","status":"publish","type":"page","link":"https:\/\/www.urlaubcornwall.de\/blog\/beste-ferienhaus-meer-lamorna-cove-mieten\/","title":{"rendered":"Beste Ferienhaus am Meer in Lamorna Cove mieten"},"content":{"rendered":"<p><img loading=\"lazy\" class=\"aligncenter size-full wp-image-31487\" src=\"https:\/\/www.urlaubcornwall.de\/blog\/wp-content\/uploads\/2017\/12\/ferienhaus-am-meer-lamorna-cove.jpg\" alt=\"ferienhaus am meer lamorna cove\" width=\"746\" height=\"425\"\/><br \/>\n<strong>Ferienhaus mit Meerblick Lamorna Cove, West-Cornwall.<\/strong><\/p>\n<p>2 Schlafzimmer, leider keine Haustiere erlaubt, Schlafplatz f\u00fcr 4, An-\/Abreisetag am Samstag<\/p>\n<p>Einmal war die Zeitschrift das Dynamit-Gesch\u00e4ft f\u00fcr den Lamorna-Steinbruch; Es ist jetzt ein gem\u00fctlicher clifftop R\u00fcckzug. Es gibt eine atemberaubende Aussicht von diesem Einfamilienhaus, in die Seite der Klippe hinunter zum Lamorna Harbour gesetzt. Die steile 20 Meter bergauf zu Fu\u00df vom privaten Parkplatz ist die M\u00fche Wert, den Weg zu der H\u00fctte zu erreichen. Eine stabile T\u00fcr erm\u00f6glicht den Zugang zur K\u00fcche, die sich in das traditionelle Wohnzimmer und den Wintergarten \u00f6ffnet. Eine Wendeltreppe f\u00fchrt zum Badezimmer und zwei Schlafzimmer, eines mit einem Balkon mit herrlicher Aussicht. Im Au\u00dfenbereich haben der Garten und die obere Terrasse gro\u00dfe Terrassen mit Blick auf die Bucht.<\/p>\n<p><a class=\"tidycta\" href=\"https:\/\/www.urlaubcornwall.de\/ferienhaeuser-fewos\/unterkunft\/OriginalCO\/magazi-the-magazine.html\">Details ansehen<\/a><\/p>\n<p>Pers\u00f6nlich inspizierte Ferienh\u00e4user und Ferienwohnungen in Cornwall f\u00fcr Ihren Urlaub.<\/p>\n<p><a href=\"https:\/\/www.urlaubcornwall.de\/ferienhaeuser-fewos\/lamorna-cove-am-meer.html\"><strong>\u00dcber 50 Ferienh\u00e4user, Cottages &amp; Ferienwohnungen in Lamorna Cove am Meer. <\/strong><\/a><\/p>\n<p><img loading=\"lazy\" class=\"aligncenter size-full wp-image-24598\" src=\"https:\/\/www.urlaubcornwall.de\/blog\/wp-content\/uploads\/2016\/06\/urlaub-und-sudengland_logo-final.jpg\" width=\"746\" height=\"361\"\/><\/p>\n","protected":false},"excerpt":{"rendered":"<p>Ferienhaus mit Meerblick Lamorna Cove, West-Cornwall. 2 Schlafzimmer, leider keine Haustiere erlaubt, Schlafplatz f\u00fcr 4, An-\/Abreisetag am Samstag Einmal war die Zeitschrift das Dynamit-Gesch\u00e4ft f\u00fcr den Lamorna-Steinbruch; Es ist jetzt ein gem\u00fctlicher clifftop R\u00fcckzug. Es gibt eine atemberaubende Aussicht von diesem Einfamilienhaus, in die Seite der Klippe hinunter zum Lamorna Harbour gesetzt. Die steile 20 [&hellip;]<\/p>\n","protected":false},"author":1,"featured_media":0,"parent":0,"menu_order":0,"comment_status":"closed","ping_status":"closed","template":"single-four.php","meta":[],"acf":[],"yoast_head":"<!-- This site is optimized with the Yoast SEO plugin v19.4 - https:\/\/yoast.com\/wordpress\/plugins\/seo\/ -->\n<title>Beste Ferienhaus am Meer in Lamorna Cove mieten - Urlaub &amp; Reisen<\/title>\n<meta name=\"robots\" content=\"index, follow, max-snippet:-1, max-image-preview:large, max-video-preview:-1\" \/>\n<link rel=\"canonical\" href=\"https:\/\/www.urlaubcornwall.de\/blog\/beste-ferienhaus-meer-lamorna-cove-mieten\/\" \/>\n<meta property=\"og:locale\" content=\"en_US\" \/>\n<meta property=\"og:type\" content=\"article\" \/>\n<meta property=\"og:title\" content=\"Beste Ferienhaus am Meer in Lamorna Cove mieten - Urlaub &amp; Reisen\" \/>\n<meta property=\"og:description\" content=\"Ferienhaus mit Meerblick Lamorna Cove, West-Cornwall. 2 Schlafzimmer, leider keine Haustiere erlaubt, Schlafplatz f\u00fcr 4, An-\/Abreisetag am Samstag Einmal war die Zeitschrift das Dynamit-Gesch\u00e4ft f\u00fcr den Lamorna-Steinbruch; Es ist jetzt ein gem\u00fctlicher clifftop R\u00fcckzug. Es gibt eine atemberaubende Aussicht von diesem Einfamilienhaus, in die Seite der Klippe hinunter zum Lamorna Harbour gesetzt. Die steile 20 [&hellip;]\" \/>\n<meta property=\"og:url\" content=\"https:\/\/www.urlaubcornwall.de\/blog\/beste-ferienhaus-meer-lamorna-cove-mieten\/\" \/>\n<meta property=\"og:site_name\" content=\"Urlaub &amp; Reisen\" \/>\n<meta property=\"article:modified_time\" content=\"2021-08-08T11:04:41+00:00\" \/>\n<meta property=\"og:image\" content=\"https:\/\/www.urlaubcornwall.de\/blog\/wp-content\/uploads\/2017\/12\/ferienhaus-am-meer-lamorna-cove.jpg\" \/>\n<meta name=\"twitter:card\" content=\"summary\" \/>\n<meta name=\"twitter:label1\" content=\"Est. reading time\" \/>\n\t<meta name=\"twitter:data1\" content=\"1 minute\" \/>\n<script type=\"application\/ld+json\" class=\"yoast-schema-graph\">{\"@context\":\"https:\/\/schema.org\",\"@graph\":[{\"@type\":\"WebSite\",\"@id\":\"https:\/\/www.urlaubcornwall.de\/blog\/#website\",\"url\":\"https:\/\/www.urlaubcornwall.de\/blog\/\",\"name\":\"Urlaub &amp; Reisen\",\"description\":\"Urlaub, Reisen, Cornwall und S\u00fcdengland: eine perfekte Kombination\",\"potentialAction\":[{\"@type\":\"SearchAction\",\"target\":{\"@type\":\"EntryPoint\",\"urlTemplate\":\"https:\/\/www.urlaubcornwall.de\/blog\/?s={search_term_string}\"},\"query-input\":\"required name=search_term_string\"}],\"inLanguage\":\"en-US\"},{\"@type\":\"WebPage\",\"@id\":\"https:\/\/www.urlaubcornwall.de\/blog\/beste-ferienhaus-meer-lamorna-cove-mieten\/\",\"url\":\"https:\/\/www.urlaubcornwall.de\/blog\/beste-ferienhaus-meer-lamorna-cove-mieten\/\",\"name\":\"Beste Ferienhaus am Meer in Lamorna Cove mieten - Urlaub &amp; Reisen\",\"isPartOf\":{\"@id\":\"https:\/\/www.urlaubcornwall.de\/blog\/#website\"},\"datePublished\":\"2017-12-24T12:09:56+00:00\",\"dateModified\":\"2021-08-08T11:04:41+00:00\",\"breadcrumb\":{\"@id\":\"https:\/\/www.urlaubcornwall.de\/blog\/beste-ferienhaus-meer-lamorna-cove-mieten\/#breadcrumb\"},\"inLanguage\":\"en-US\",\"potentialAction\":[{\"@type\":\"ReadAction\",\"target\":[\"https:\/\/www.urlaubcornwall.de\/blog\/beste-ferienhaus-meer-lamorna-cove-mieten\/\"]}]},{\"@type\":\"BreadcrumbList\",\"@id\":\"https:\/\/www.urlaubcornwall.de\/blog\/beste-ferienhaus-meer-lamorna-cove-mieten\/#breadcrumb\",\"itemListElement\":[{\"@type\":\"ListItem\",\"position\":1,\"name\":\"Home\",\"item\":\"https:\/\/www.urlaubcornwall.de\/blog\/\"},{\"@type\":\"ListItem\",\"position\":2,\"name\":\"Beste Ferienhaus am Meer in Lamorna Cove mieten\"}]}]}<\/script>\n<!-- \/ Yoast SEO plugin. -->","yoast_head_json":{"title":"Beste Ferienhaus am Meer in Lamorna Cove mieten - Urlaub &amp; Reisen","robots":{"index":"index","follow":"follow","max-snippet":"max-snippet:-1","max-image-preview":"max-image-preview:large","max-video-preview":"max-video-preview:-1"},"canonical":"https:\/\/www.urlaubcornwall.de\/blog\/beste-ferienhaus-meer-lamorna-cove-mieten\/","og_locale":"en_US","og_type":"article","og_title":"Beste Ferienhaus am Meer in Lamorna Cove mieten - Urlaub &amp; Reisen","og_description":"Ferienhaus mit Meerblick Lamorna Cove, West-Cornwall. 2 Schlafzimmer, leider keine Haustiere erlaubt, Schlafplatz f\u00fcr 4, An-\/Abreisetag am Samstag Einmal war die Zeitschrift das Dynamit-Gesch\u00e4ft f\u00fcr den Lamorna-Steinbruch; Es ist jetzt ein gem\u00fctlicher clifftop R\u00fcckzug. Es gibt eine atemberaubende Aussicht von diesem Einfamilienhaus, in die Seite der Klippe hinunter zum Lamorna Harbour gesetzt. Die steile 20 [&hellip;]","og_url":"https:\/\/www.urlaubcornwall.de\/blog\/beste-ferienhaus-meer-lamorna-cove-mieten\/","og_site_name":"Urlaub &amp; Reisen","article_modified_time":"2021-08-08T11:04:41+00:00","og_image":[{"url":"https:\/\/www.urlaubcornwall.de\/blog\/wp-content\/uploads\/2017\/12\/ferienhaus-am-meer-lamorna-cove.jpg"}],"twitter_card":"summary","twitter_misc":{"Est. reading time":"1 minute"},"schema":{"@context":"https:\/\/schema.org","@graph":[{"@type":"WebSite","@id":"https:\/\/www.urlaubcornwall.de\/blog\/#website","url":"https:\/\/www.urlaubcornwall.de\/blog\/","name":"Urlaub &amp; Reisen","description":"Urlaub, Reisen, Cornwall und S\u00fcdengland: eine perfekte Kombination","potentialAction":[{"@type":"SearchAction","target":{"@type":"EntryPoint","urlTemplate":"https:\/\/www.urlaubcornwall.de\/blog\/?s={search_term_string}"},"query-input":"required name=search_term_string"}],"inLanguage":"en-US"},{"@type":"WebPage","@id":"https:\/\/www.urlaubcornwall.de\/blog\/beste-ferienhaus-meer-lamorna-cove-mieten\/","url":"https:\/\/www.urlaubcornwall.de\/blog\/beste-ferienhaus-meer-lamorna-cove-mieten\/","name":"Beste Ferienhaus am Meer in Lamorna Cove mieten - Urlaub &amp; Reisen","isPartOf":{"@id":"https:\/\/www.urlaubcornwall.de\/blog\/#website"},"datePublished":"2017-12-24T12:09:56+00:00","dateModified":"2021-08-08T11:04:41+00:00","breadcrumb":{"@id":"https:\/\/www.urlaubcornwall.de\/blog\/beste-ferienhaus-meer-lamorna-cove-mieten\/#breadcrumb"},"inLanguage":"en-US","potentialAction":[{"@type":"ReadAction","target":["https:\/\/www.urlaubcornwall.de\/blog\/beste-ferienhaus-meer-lamorna-cove-mieten\/"]}]},{"@type":"BreadcrumbList","@id":"https:\/\/www.urlaubcornwall.de\/blog\/beste-ferienhaus-meer-lamorna-cove-mieten\/#breadcrumb","itemListElement":[{"@type":"ListItem","position":1,"name":"Home","item":"https:\/\/www.urlaubcornwall.de\/blog\/"},{"@type":"ListItem","position":2,"name":"Beste Ferienhaus am Meer in Lamorna Cove mieten"}]}]}},"_links":{"self":[{"href":"https:\/\/www.urlaubcornwall.de\/blog\/wp-json\/wp\/v2\/pages\/31486"}],"collection":[{"href":"https:\/\/www.urlaubcornwall.de\/blog\/wp-json\/wp\/v2\/pages"}],"about":[{"href":"https:\/\/www.urlaubcornwall.de\/blog\/wp-json\/wp\/v2\/types\/page"}],"author":[{"embeddable":true,"href":"https:\/\/www.urlaubcornwall.de\/blog\/wp-json\/wp\/v2\/users\/1"}],"replies":[{"embeddable":true,"href":"https:\/\/www.urlaubcornwall.de\/blog\/wp-json\/wp\/v2\/comments?post=31486"}],"version-history":[{"count":7,"href":"https:\/\/www.urlaubcornwall.de\/blog\/wp-json\/wp\/v2\/pages\/31486\/revisions"}],"predecessor-version":[{"id":42123,"href":"https:\/\/www.urlaubcornwall.de\/blog\/wp-json\/wp\/v2\/pages\/31486\/revisions\/42123"}],"wp:attachment":[{"href":"https:\/\/www.urlaubcornwall.de\/blog\/wp-json\/wp\/v2\/media?parent=31486"}],"curies":[{"name":"wp","href":"https:\/\/api.w.org\/{rel}","templated":true}]}}