{"id":31426,"date":"2017-12-23T09:57:01","date_gmt":"2017-12-23T09:57:01","guid":{"rendered":"https:\/\/www.urlaubcornwall.de\/blog\/?page_id=31426"},"modified":"2021-07-12T12:16:28","modified_gmt":"2021-07-12T12:16:28","slug":"ferienhaus-meer-penzance-2332","status":"publish","type":"page","link":"https:\/\/www.urlaubcornwall.de\/blog\/ferienhaus-meer-penzance-2332\/","title":{"rendered":"Ferienhaus am Meer in Penzance"},"content":{"rendered":"<p><img loading=\"lazy\" class=\"aligncenter size-full wp-image-31428\" src=\"https:\/\/www.urlaubcornwall.de\/blog\/wp-content\/uploads\/2017\/12\/ferienhaus-penzance-am-meer-1.jpg\" alt=\"ferienhaus penzance am meer\" width=\"746\" height=\"494\"\/><br \/>\n<strong> Ferienhaus mit Meerblick Penzance, West-Cornwall.<\/strong><\/p>\n<p style=\"text-align: left;\">3 Schlafzimmer, leider keine Haustiere erlaubt,Schlafplatz f\u00fcr 5 + Kinderbett, An-\/Abreisetag am Freitag, Preis pro Woche \u00a3435 &#8211; \u00a3999<\/p>\n<p style=\"text-align: left;\">Chy-Mor ist, wie der Name schon sagt, ein Haus am Meer. Dieses traditionelle Reihenhaus liegt gegen\u00fcber der Promenade in der gesch\u00e4ftigen K\u00fcstenstadt Penzance und ist der perfekte R\u00fcckzugsort. Der nach S\u00fcden ausgerichtete umz\u00e4unte Garten f\u00fchrt zum Cottage mit Meerblick. Das Wohnzimmer, das gem\u00fctliche Wohnzimmer und die K\u00fcche befinden sich im Erdgeschoss, ebenso wie das zentrale Esszimmer mit seinem riesigen Esstisch &#8211; ideal f\u00fcr Familienfeiern. Im Obergeschoss befinden sich das Familienbadezimmer und drei Schlafzimmer, eines mit einem eigenen Badezimmer mit einer freistehenden Badewanne. Das andere Doppelzimmer verf\u00fcgt \u00fcber eine Sitzecke mit Blick auf Mount&#8217;s Bay, mit Blick auf St. Michael&#8217;s Mount und Newlyn.<\/p>\n<p style=\"text-align: center;\"><a class=\"tidycta\" href=\"https:\/\/www.urlaubcornwall.de\/ferienhaeuser-fewos\/penzance.html\">Ferienh\u00e4user in Penzance<\/a><\/p>\n<p style=\"text-align: center;\">Pers\u00f6nlich inspizierte <a href=\"https:\/\/www.urlaubcornwall.de\/ferienhaeuser\/cornwall.php\">Ferienh\u00e4user und Ferienwohnungen in Cornwall<\/a> f\u00fcr Ihren Urlaub.<\/p>\n","protected":false},"excerpt":{"rendered":"<p>Ferienhaus mit Meerblick Penzance, West-Cornwall. 3 Schlafzimmer, leider keine Haustiere erlaubt,Schlafplatz f\u00fcr 5 + Kinderbett, An-\/Abreisetag am Freitag, Preis pro Woche \u00a3435 &#8211; \u00a3999 Chy-Mor ist, wie der Name schon sagt, ein Haus am Meer. Dieses traditionelle Reihenhaus liegt gegen\u00fcber der Promenade in der gesch\u00e4ftigen K\u00fcstenstadt Penzance und ist der perfekte R\u00fcckzugsort. Der nach S\u00fcden [&hellip;]<\/p>\n","protected":false},"author":1,"featured_media":0,"parent":0,"menu_order":0,"comment_status":"closed","ping_status":"closed","template":"single-four.php","meta":[],"acf":[],"yoast_head":"<!-- This site is optimized with the Yoast SEO plugin v19.4 - https:\/\/yoast.com\/wordpress\/plugins\/seo\/ -->\n<title>Ferienhaus am Meer in Penzance - Urlaub &amp; Reisen<\/title>\n<meta name=\"robots\" content=\"index, follow, max-snippet:-1, max-image-preview:large, max-video-preview:-1\" \/>\n<link rel=\"canonical\" href=\"https:\/\/www.urlaubcornwall.de\/blog\/ferienhaus-meer-penzance-2332\/\" \/>\n<meta property=\"og:locale\" content=\"en_US\" \/>\n<meta property=\"og:type\" content=\"article\" \/>\n<meta property=\"og:title\" content=\"Ferienhaus am Meer in Penzance - Urlaub &amp; Reisen\" \/>\n<meta property=\"og:description\" content=\"Ferienhaus mit Meerblick Penzance, West-Cornwall. 3 Schlafzimmer, leider keine Haustiere erlaubt,Schlafplatz f\u00fcr 5 + Kinderbett, An-\/Abreisetag am Freitag, Preis pro Woche \u00a3435 &#8211; \u00a3999 Chy-Mor ist, wie der Name schon sagt, ein Haus am Meer. Dieses traditionelle Reihenhaus liegt gegen\u00fcber der Promenade in der gesch\u00e4ftigen K\u00fcstenstadt Penzance und ist der perfekte R\u00fcckzugsort. Der nach S\u00fcden [&hellip;]\" \/>\n<meta property=\"og:url\" content=\"https:\/\/www.urlaubcornwall.de\/blog\/ferienhaus-meer-penzance-2332\/\" \/>\n<meta property=\"og:site_name\" content=\"Urlaub &amp; Reisen\" \/>\n<meta property=\"article:modified_time\" content=\"2021-07-12T12:16:28+00:00\" \/>\n<meta property=\"og:image\" content=\"https:\/\/www.urlaubcornwall.de\/blog\/wp-content\/uploads\/2017\/12\/ferienhaus-penzance-am-meer-1.jpg\" \/>\n<meta name=\"twitter:card\" content=\"summary\" \/>\n<meta name=\"twitter:label1\" content=\"Est. reading time\" \/>\n\t<meta name=\"twitter:data1\" content=\"1 minute\" \/>\n<script type=\"application\/ld+json\" class=\"yoast-schema-graph\">{\"@context\":\"https:\/\/schema.org\",\"@graph\":[{\"@type\":\"WebSite\",\"@id\":\"https:\/\/www.urlaubcornwall.de\/blog\/#website\",\"url\":\"https:\/\/www.urlaubcornwall.de\/blog\/\",\"name\":\"Urlaub &amp; Reisen\",\"description\":\"Urlaub, Reisen, Cornwall und S\u00fcdengland: eine perfekte Kombination\",\"potentialAction\":[{\"@type\":\"SearchAction\",\"target\":{\"@type\":\"EntryPoint\",\"urlTemplate\":\"https:\/\/www.urlaubcornwall.de\/blog\/?s={search_term_string}\"},\"query-input\":\"required name=search_term_string\"}],\"inLanguage\":\"en-US\"},{\"@type\":\"WebPage\",\"@id\":\"https:\/\/www.urlaubcornwall.de\/blog\/ferienhaus-meer-penzance-2332\/\",\"url\":\"https:\/\/www.urlaubcornwall.de\/blog\/ferienhaus-meer-penzance-2332\/\",\"name\":\"Ferienhaus am Meer in Penzance - Urlaub &amp; Reisen\",\"isPartOf\":{\"@id\":\"https:\/\/www.urlaubcornwall.de\/blog\/#website\"},\"datePublished\":\"2017-12-23T09:57:01+00:00\",\"dateModified\":\"2021-07-12T12:16:28+00:00\",\"breadcrumb\":{\"@id\":\"https:\/\/www.urlaubcornwall.de\/blog\/ferienhaus-meer-penzance-2332\/#breadcrumb\"},\"inLanguage\":\"en-US\",\"potentialAction\":[{\"@type\":\"ReadAction\",\"target\":[\"https:\/\/www.urlaubcornwall.de\/blog\/ferienhaus-meer-penzance-2332\/\"]}]},{\"@type\":\"BreadcrumbList\",\"@id\":\"https:\/\/www.urlaubcornwall.de\/blog\/ferienhaus-meer-penzance-2332\/#breadcrumb\",\"itemListElement\":[{\"@type\":\"ListItem\",\"position\":1,\"name\":\"Home\",\"item\":\"https:\/\/www.urlaubcornwall.de\/blog\/\"},{\"@type\":\"ListItem\",\"position\":2,\"name\":\"Ferienhaus am Meer in Penzance\"}]}]}<\/script>\n<!-- \/ Yoast SEO plugin. -->","yoast_head_json":{"title":"Ferienhaus am Meer in Penzance - Urlaub &amp; Reisen","robots":{"index":"index","follow":"follow","max-snippet":"max-snippet:-1","max-image-preview":"max-image-preview:large","max-video-preview":"max-video-preview:-1"},"canonical":"https:\/\/www.urlaubcornwall.de\/blog\/ferienhaus-meer-penzance-2332\/","og_locale":"en_US","og_type":"article","og_title":"Ferienhaus am Meer in Penzance - Urlaub &amp; Reisen","og_description":"Ferienhaus mit Meerblick Penzance, West-Cornwall. 3 Schlafzimmer, leider keine Haustiere erlaubt,Schlafplatz f\u00fcr 5 + Kinderbett, An-\/Abreisetag am Freitag, Preis pro Woche \u00a3435 &#8211; \u00a3999 Chy-Mor ist, wie der Name schon sagt, ein Haus am Meer. Dieses traditionelle Reihenhaus liegt gegen\u00fcber der Promenade in der gesch\u00e4ftigen K\u00fcstenstadt Penzance und ist der perfekte R\u00fcckzugsort. Der nach S\u00fcden [&hellip;]","og_url":"https:\/\/www.urlaubcornwall.de\/blog\/ferienhaus-meer-penzance-2332\/","og_site_name":"Urlaub &amp; Reisen","article_modified_time":"2021-07-12T12:16:28+00:00","og_image":[{"url":"https:\/\/www.urlaubcornwall.de\/blog\/wp-content\/uploads\/2017\/12\/ferienhaus-penzance-am-meer-1.jpg"}],"twitter_card":"summary","twitter_misc":{"Est. reading time":"1 minute"},"schema":{"@context":"https:\/\/schema.org","@graph":[{"@type":"WebSite","@id":"https:\/\/www.urlaubcornwall.de\/blog\/#website","url":"https:\/\/www.urlaubcornwall.de\/blog\/","name":"Urlaub &amp; Reisen","description":"Urlaub, Reisen, Cornwall und S\u00fcdengland: eine perfekte Kombination","potentialAction":[{"@type":"SearchAction","target":{"@type":"EntryPoint","urlTemplate":"https:\/\/www.urlaubcornwall.de\/blog\/?s={search_term_string}"},"query-input":"required name=search_term_string"}],"inLanguage":"en-US"},{"@type":"WebPage","@id":"https:\/\/www.urlaubcornwall.de\/blog\/ferienhaus-meer-penzance-2332\/","url":"https:\/\/www.urlaubcornwall.de\/blog\/ferienhaus-meer-penzance-2332\/","name":"Ferienhaus am Meer in Penzance - Urlaub &amp; Reisen","isPartOf":{"@id":"https:\/\/www.urlaubcornwall.de\/blog\/#website"},"datePublished":"2017-12-23T09:57:01+00:00","dateModified":"2021-07-12T12:16:28+00:00","breadcrumb":{"@id":"https:\/\/www.urlaubcornwall.de\/blog\/ferienhaus-meer-penzance-2332\/#breadcrumb"},"inLanguage":"en-US","potentialAction":[{"@type":"ReadAction","target":["https:\/\/www.urlaubcornwall.de\/blog\/ferienhaus-meer-penzance-2332\/"]}]},{"@type":"BreadcrumbList","@id":"https:\/\/www.urlaubcornwall.de\/blog\/ferienhaus-meer-penzance-2332\/#breadcrumb","itemListElement":[{"@type":"ListItem","position":1,"name":"Home","item":"https:\/\/www.urlaubcornwall.de\/blog\/"},{"@type":"ListItem","position":2,"name":"Ferienhaus am Meer in Penzance"}]}]}},"_links":{"self":[{"href":"https:\/\/www.urlaubcornwall.de\/blog\/wp-json\/wp\/v2\/pages\/31426"}],"collection":[{"href":"https:\/\/www.urlaubcornwall.de\/blog\/wp-json\/wp\/v2\/pages"}],"about":[{"href":"https:\/\/www.urlaubcornwall.de\/blog\/wp-json\/wp\/v2\/types\/page"}],"author":[{"embeddable":true,"href":"https:\/\/www.urlaubcornwall.de\/blog\/wp-json\/wp\/v2\/users\/1"}],"replies":[{"embeddable":true,"href":"https:\/\/www.urlaubcornwall.de\/blog\/wp-json\/wp\/v2\/comments?post=31426"}],"version-history":[{"count":4,"href":"https:\/\/www.urlaubcornwall.de\/blog\/wp-json\/wp\/v2\/pages\/31426\/revisions"}],"predecessor-version":[{"id":41846,"href":"https:\/\/www.urlaubcornwall.de\/blog\/wp-json\/wp\/v2\/pages\/31426\/revisions\/41846"}],"wp:attachment":[{"href":"https:\/\/www.urlaubcornwall.de\/blog\/wp-json\/wp\/v2\/media?parent=31426"}],"curies":[{"name":"wp","href":"https:\/\/api.w.org\/{rel}","templated":true}]}}