{"id":31322,"date":"2017-12-17T12:16:07","date_gmt":"2017-12-17T12:16:07","guid":{"rendered":"https:\/\/www.urlaubcornwall.de\/blog\/?page_id=31322"},"modified":"2024-04-15T15:33:10","modified_gmt":"2024-04-15T15:33:10","slug":"schoensten-hotels-suedengland","status":"publish","type":"page","link":"https:\/\/www.urlaubcornwall.de\/blog\/schoensten-hotels-suedengland\/","title":{"rendered":"Besten Hotels in S\u00fcdengland am Meer und in der sch\u00f6nen Landschaft."},"content":{"rendered":"<p><img loading=\"lazy\" class=\"aligncenter size-full wp-image-31043\" src=\"https:\/\/www.urlaubcornwall.de\/blog\/wp-content\/uploads\/2017\/12\/1-CD167-010-PS_1.jpg\" alt=\"Sch\u00f6nsten hotels S\u00fcdengland\" width=\"748\" height=\"410\"\/><\/p>\n<p style=\"text-align: left;\"><strong>Bei uns finden Sie Sch\u00f6nsten Hotels in S\u00fcdengland zum Verlieben \u2013 so einfach ist das! <\/strong><\/p>\n<p style=\"text-align: left;\">Diese Region zieht aufgrund ihrer reichhaltigen Geschichte und Kultur Besucher aus der ganzen Welt an. Sie hat auch eine Menge Attraktionen und Orte von besonderem Interesse. Das Gebiet umfasst den S\u00fcdosten, einschlie\u00dflich Ost &amp; West Sussex, Hampshire, Isle of Wight, Kent, Oxfordshire und Surrey. Der S\u00fcdwesten umfasst die Grafschaften Bristol, Cornwall, Devon, Cotswolds, Isles of Scilly, Somerset und Wiltshire.<\/p>\n<p><ins class=\"bookingaff\" data-aid=\"1699098\" data-target_aid=\"1699098\" data-prod=\"map\" data-width=\"100%\" data-height=\"590\" data-lang=\"ualng\" data-dest_id=\"0\" data-dest_type=\"landmark\" data-latitude=\"50.82253\" data-longitude=\"-0.137163\" data-landmark_name=\"Die Besten Hotels  und B&amp;amp;Bs in Brighton\" data-mwhsb=\"1\"><br \/>\n    <!-- Anything inside will go away once widget is loaded. --><br \/>\n        <a href=\"\/\/www.booking.com?aid=1699098\" rel=\"nofollow\">Booking.com<\/a><br \/>\n<\/ins><br \/>\n<script type=\"text\/javascript\">\n    (function(d, sc, u) {\n      var s = d.createElement(sc), p = d.getElementsByTagName(sc)[0];\n      s.type = 'text\/javascript';\n      s.async = true;\n      s.src = u + '?v=' + (+new Date());\n      p.parentNode.insertBefore(s,p);\n      })(document, 'script', '\/\/aff.bstatic.com\/static\/affiliate_base\/js\/flexiproduct.js');\n<\/script><\/p>\n<h2 style=\"text-align: center;\">N\u00fctzliche Links<\/h2>\n<section class=\"fancy-list bigger\">\n<div class=\"container\">\n<div class=\"one-third\" style=\"text-align: center;\">\n<p><strong>Beliebte Grafschaften<\/strong><\/p>\n<ul class=\"box-links\">\n<li><a href=\"https:\/\/www.urlaubcornwall.de\/hotels.php\">Cornwall<\/a><\/li>\n<li><a href=\"https:\/\/www.urlaubcornwall.de\/hotels\/devon.php\">Devon<\/a><\/li>\n<li><a href=\"https:\/\/www.urlaubcornwall.de\/hotels\/dorset.php\">Dorset<\/a><\/li>\n<li><a href=\"https:\/\/www.urlaubcornwall.de\/hotels\/new-forest-hampshire.php\">Hampshire<\/a><\/li>\n<li><a href=\"https:\/\/www.urlaubcornwall.de\/hotels\/kent.php\">Kent<\/a><\/li>\n<li><a href=\"https:\/\/www.urlaubcornwall.de\/hotels\/sussex.php\">Sussex<\/a><\/li>\n<\/ul>\n<\/div>\n<div class=\"one-third\" style=\"text-align: center;\">\n<p><strong>K\u00fcstenst\u00e4dte<\/strong><\/p>\n<ul class=\"box-links\">\n<li><a href=\"https:\/\/www.urlaubcornwall.de\/blog\/bei-uns-finden-sie-hotels-brighton-meer-zum-verlieben-einfach-ist-das\/\">Brighton<\/a><\/li>\n<li><a href=\"https:\/\/www.urlaubcornwall.de\/blog\/besten-hotels-bournemouth-zum-verlieben-einfach-ist-das\/\">Bournemouth<\/a><\/li>\n<li><a href=\"https:\/\/www.urlaubcornwall.de\/blog\/bei-uns-finden-sie-hotels-eastbourne-meer-zum-verlieben-einfach-ist-das\/\">Eastbourne<\/a><\/li>\n<li><a href=\"https:\/\/www.urlaubcornwall.de\/blog\/hotel-bristol-ein-charmantes-traditionelles-hotel-direkt-am-strand-von-newquay\/\">Newquay<\/a><\/li>\n<li><a href=\"https:\/\/www.urlaubcornwall.de\/blog\/die-schoensten-hotels-st-ives-fuer-ihren-urlaub-cornwall\/\">St Ives<\/a><\/li>\n<li><a href=\"https:\/\/www.urlaubcornwall.de\/blog\/die-schoensten-hotels-englische-riviera-fuer-ihren-urlaub-suedengland\/\">Torquay<\/a><\/li>\n<\/ul>\n<\/div>\n<div class=\"one-third\">\n<p style=\"text-align: center;\"><strong>Beliebte St\u00e4dte<\/strong><\/p>\n<ul class=\"box-links\">\n<li style=\"text-align: center;\"><a href=\"https:\/\/www.urlaubcornwall.de\/blog\/bei-uns-finden-sie-besten-hotels-bath\/\">Bath<\/a><\/li>\n<li style=\"text-align: center;\"><a href=\"https:\/\/www.urlaubcornwall.de\/blog\/bei-uns-finden-sie-besten-hotels-bristol-einfach-ist-das\/\">Bristol<\/a><\/li>\n<li style=\"text-align: center;\"><a href=\"https:\/\/www.urlaubcornwall.de\/blog\/bei-uns-finden-sie-besten-hotels-oxford-einfach-ist-das\/\">Oxford<\/a><\/li>\n<li style=\"text-align: center;\"><a href=\"https:\/\/www.booking.com\/city\/gb\/london.html?aid=1320750&amp;no_rooms=1&amp;group_adults=2&amp;room1=A%2CA\" rel=\"nofollow\">London<\/a><\/li>\n<li style=\"text-align: center;\"><a href=\"https:\/\/www.urlaubcornwall.de\/blog\/schoensten-hotels-salisbury-zum-verlieben-einfach-ist-das\/\">Salisbury<\/a><\/li>\n<li style=\"text-align: center;\"><a href=\"https:\/\/www.urlaubcornwall.de\/blog\/bei-uns-finden-sie-hotels-winchester-zum-verlieben-einfach-ist-das\/\">Winchester<\/a><\/li>\n<\/ul>\n<\/div>\n<\/div>\n<\/section>\n<div class=\"snippet\"> <a class=\"featured-item\" href=\"https:\/\/www.urlaubcornwall.de\/ferienhaeuser\/cornwall.php\"> <span class=\"image-holder\" style=\"background-image: url(' https:\/\/www.urlaubcornwall.de\/blog\/wp-content\/uploads\/2018\/12\/ferienhaus-cornwall-mit-hund.jpg ');\"><\/span> <span class=\"featured-content\"> \n<h2 class=\"featured-title\">Ferienh\u00e4user in Cornwall zum Verlieben!<\/h2>\n<p class=\"featured-body\">Cornwall besitzt mehr K\u00fcstenlinien als jede andere Grafschaft und bietet einige der besten Str\u00e4nde, K\u00fcstenwanderwege und Klippenlandschaften, die man \u00fcberhaupt finden kann&#8230;.<\/p><\/span> <span class=\"featured-link-holder\"> <span class=\"featured-extra-info\"> \n<p>F\u00fcr Paare, Familien &#038; Gruppen<\/p>\n<\/span> \n<p class=\"featured-link\">DETAILS<\/p>\n<\/span> <\/a><\/div>\n<div class=\"snippet\"> <a class=\"featured-item\" href=\" https:\/\/www.urlaubcornwall.de\/rundreisen\/cornwall-suedengland.php\"> <span class=\"image-holder\" style=\"background-image: url(' https:\/\/www.urlaubcornwall.de\/blog\/wp-content\/uploads\/2018\/11\/rundreise-cornwall.jpg ');\"><\/span> <span class=\"featured-content\"> \n<h2 class=\"featured-title\">Individuelle Rundreise in Cornwall &#038; S\u00fcdengland<\/h2>\n<p class=\"featured-body\"> Bei dieser Cornwall Rundreise entdecken Sie die H\u00f6hepunkte S\u00fcdenglands. Kultur, Geschichte, Landschaft und heutiges Leben werden Sie hierbei kennenlernen&#8230;<\/p>\n<\/span> <span class=\"featured-link-holder\"> <span class=\"featured-extra-info\"> \n<p>Urlaub im eigenen Schritttempo<\/p>\n<\/span> \n<p class=\"featured-link\">DETAILS<\/p>\n<\/span> <\/a><\/div>\n","protected":false},"excerpt":{"rendered":"<p>Bei uns finden Sie Sch\u00f6nsten Hotels in S\u00fcdengland zum Verlieben \u2013 so einfach ist das! Diese Region zieht aufgrund ihrer reichhaltigen Geschichte und Kultur Besucher aus der ganzen Welt an. Sie hat auch eine Menge Attraktionen und Orte von besonderem Interesse. Das Gebiet umfasst den S\u00fcdosten, einschlie\u00dflich Ost &amp; West Sussex, Hampshire, Isle of Wight, [&hellip;]<\/p>\n","protected":false},"author":1,"featured_media":0,"parent":0,"menu_order":0,"comment_status":"closed","ping_status":"closed","template":"single-four.php","meta":[],"acf":[],"yoast_head":"<!-- This site is optimized with the Yoast SEO plugin v19.4 - https:\/\/yoast.com\/wordpress\/plugins\/seo\/ -->\n<title>Besten Hotels in S\u00fcdengland am Meer und in der sch\u00f6nen Landschaft. - Urlaub &amp; Reisen<\/title>\n<meta name=\"robots\" content=\"index, follow, max-snippet:-1, max-image-preview:large, max-video-preview:-1\" \/>\n<link rel=\"canonical\" href=\"https:\/\/www.urlaubcornwall.de\/blog\/schoensten-hotels-suedengland\/\" \/>\n<meta property=\"og:locale\" content=\"en_US\" \/>\n<meta property=\"og:type\" content=\"article\" \/>\n<meta property=\"og:title\" content=\"Besten Hotels in S\u00fcdengland am Meer und in der sch\u00f6nen Landschaft. - Urlaub &amp; Reisen\" \/>\n<meta property=\"og:description\" content=\"Bei uns finden Sie Sch\u00f6nsten Hotels in S\u00fcdengland zum Verlieben \u2013 so einfach ist das! Diese Region zieht aufgrund ihrer reichhaltigen Geschichte und Kultur Besucher aus der ganzen Welt an. Sie hat auch eine Menge Attraktionen und Orte von besonderem Interesse. Das Gebiet umfasst den S\u00fcdosten, einschlie\u00dflich Ost &amp; West Sussex, Hampshire, Isle of Wight, [&hellip;]\" \/>\n<meta property=\"og:url\" content=\"https:\/\/www.urlaubcornwall.de\/blog\/schoensten-hotels-suedengland\/\" \/>\n<meta property=\"og:site_name\" content=\"Urlaub &amp; Reisen\" \/>\n<meta property=\"article:modified_time\" content=\"2024-04-15T15:33:10+00:00\" \/>\n<meta property=\"og:image\" content=\"https:\/\/www.urlaubcornwall.de\/blog\/wp-content\/uploads\/2017\/12\/1-CD167-010-PS_1.jpg\" \/>\n<meta name=\"twitter:card\" content=\"summary\" \/>\n<meta name=\"twitter:label1\" content=\"Est. reading time\" \/>\n\t<meta name=\"twitter:data1\" content=\"2 minutes\" \/>\n<script type=\"application\/ld+json\" class=\"yoast-schema-graph\">{\"@context\":\"https:\/\/schema.org\",\"@graph\":[{\"@type\":\"WebSite\",\"@id\":\"https:\/\/www.urlaubcornwall.de\/blog\/#website\",\"url\":\"https:\/\/www.urlaubcornwall.de\/blog\/\",\"name\":\"Urlaub &amp; Reisen\",\"description\":\"Urlaub, Reisen, Cornwall und S\u00fcdengland: eine perfekte Kombination\",\"potentialAction\":[{\"@type\":\"SearchAction\",\"target\":{\"@type\":\"EntryPoint\",\"urlTemplate\":\"https:\/\/www.urlaubcornwall.de\/blog\/?s={search_term_string}\"},\"query-input\":\"required name=search_term_string\"}],\"inLanguage\":\"en-US\"},{\"@type\":\"WebPage\",\"@id\":\"https:\/\/www.urlaubcornwall.de\/blog\/schoensten-hotels-suedengland\/\",\"url\":\"https:\/\/www.urlaubcornwall.de\/blog\/schoensten-hotels-suedengland\/\",\"name\":\"Besten Hotels in S\u00fcdengland am Meer und in der sch\u00f6nen Landschaft. - Urlaub &amp; Reisen\",\"isPartOf\":{\"@id\":\"https:\/\/www.urlaubcornwall.de\/blog\/#website\"},\"datePublished\":\"2017-12-17T12:16:07+00:00\",\"dateModified\":\"2024-04-15T15:33:10+00:00\",\"breadcrumb\":{\"@id\":\"https:\/\/www.urlaubcornwall.de\/blog\/schoensten-hotels-suedengland\/#breadcrumb\"},\"inLanguage\":\"en-US\",\"potentialAction\":[{\"@type\":\"ReadAction\",\"target\":[\"https:\/\/www.urlaubcornwall.de\/blog\/schoensten-hotels-suedengland\/\"]}]},{\"@type\":\"BreadcrumbList\",\"@id\":\"https:\/\/www.urlaubcornwall.de\/blog\/schoensten-hotels-suedengland\/#breadcrumb\",\"itemListElement\":[{\"@type\":\"ListItem\",\"position\":1,\"name\":\"Home\",\"item\":\"https:\/\/www.urlaubcornwall.de\/blog\/\"},{\"@type\":\"ListItem\",\"position\":2,\"name\":\"Besten Hotels in S\u00fcdengland am Meer und in der sch\u00f6nen Landschaft.\"}]}]}<\/script>\n<!-- \/ Yoast SEO plugin. -->","yoast_head_json":{"title":"Besten Hotels in S\u00fcdengland am Meer und in der sch\u00f6nen Landschaft. - Urlaub &amp; Reisen","robots":{"index":"index","follow":"follow","max-snippet":"max-snippet:-1","max-image-preview":"max-image-preview:large","max-video-preview":"max-video-preview:-1"},"canonical":"https:\/\/www.urlaubcornwall.de\/blog\/schoensten-hotels-suedengland\/","og_locale":"en_US","og_type":"article","og_title":"Besten Hotels in S\u00fcdengland am Meer und in der sch\u00f6nen Landschaft. - Urlaub &amp; Reisen","og_description":"Bei uns finden Sie Sch\u00f6nsten Hotels in S\u00fcdengland zum Verlieben \u2013 so einfach ist das! Diese Region zieht aufgrund ihrer reichhaltigen Geschichte und Kultur Besucher aus der ganzen Welt an. Sie hat auch eine Menge Attraktionen und Orte von besonderem Interesse. Das Gebiet umfasst den S\u00fcdosten, einschlie\u00dflich Ost &amp; West Sussex, Hampshire, Isle of Wight, [&hellip;]","og_url":"https:\/\/www.urlaubcornwall.de\/blog\/schoensten-hotels-suedengland\/","og_site_name":"Urlaub &amp; Reisen","article_modified_time":"2024-04-15T15:33:10+00:00","og_image":[{"url":"https:\/\/www.urlaubcornwall.de\/blog\/wp-content\/uploads\/2017\/12\/1-CD167-010-PS_1.jpg"}],"twitter_card":"summary","twitter_misc":{"Est. reading time":"2 minutes"},"schema":{"@context":"https:\/\/schema.org","@graph":[{"@type":"WebSite","@id":"https:\/\/www.urlaubcornwall.de\/blog\/#website","url":"https:\/\/www.urlaubcornwall.de\/blog\/","name":"Urlaub &amp; Reisen","description":"Urlaub, Reisen, Cornwall und S\u00fcdengland: eine perfekte Kombination","potentialAction":[{"@type":"SearchAction","target":{"@type":"EntryPoint","urlTemplate":"https:\/\/www.urlaubcornwall.de\/blog\/?s={search_term_string}"},"query-input":"required name=search_term_string"}],"inLanguage":"en-US"},{"@type":"WebPage","@id":"https:\/\/www.urlaubcornwall.de\/blog\/schoensten-hotels-suedengland\/","url":"https:\/\/www.urlaubcornwall.de\/blog\/schoensten-hotels-suedengland\/","name":"Besten Hotels in S\u00fcdengland am Meer und in der sch\u00f6nen Landschaft. - Urlaub &amp; Reisen","isPartOf":{"@id":"https:\/\/www.urlaubcornwall.de\/blog\/#website"},"datePublished":"2017-12-17T12:16:07+00:00","dateModified":"2024-04-15T15:33:10+00:00","breadcrumb":{"@id":"https:\/\/www.urlaubcornwall.de\/blog\/schoensten-hotels-suedengland\/#breadcrumb"},"inLanguage":"en-US","potentialAction":[{"@type":"ReadAction","target":["https:\/\/www.urlaubcornwall.de\/blog\/schoensten-hotels-suedengland\/"]}]},{"@type":"BreadcrumbList","@id":"https:\/\/www.urlaubcornwall.de\/blog\/schoensten-hotels-suedengland\/#breadcrumb","itemListElement":[{"@type":"ListItem","position":1,"name":"Home","item":"https:\/\/www.urlaubcornwall.de\/blog\/"},{"@type":"ListItem","position":2,"name":"Besten Hotels in S\u00fcdengland am Meer und in der sch\u00f6nen Landschaft."}]}]}},"_links":{"self":[{"href":"https:\/\/www.urlaubcornwall.de\/blog\/wp-json\/wp\/v2\/pages\/31322"}],"collection":[{"href":"https:\/\/www.urlaubcornwall.de\/blog\/wp-json\/wp\/v2\/pages"}],"about":[{"href":"https:\/\/www.urlaubcornwall.de\/blog\/wp-json\/wp\/v2\/types\/page"}],"author":[{"embeddable":true,"href":"https:\/\/www.urlaubcornwall.de\/blog\/wp-json\/wp\/v2\/users\/1"}],"replies":[{"embeddable":true,"href":"https:\/\/www.urlaubcornwall.de\/blog\/wp-json\/wp\/v2\/comments?post=31322"}],"version-history":[{"count":11,"href":"https:\/\/www.urlaubcornwall.de\/blog\/wp-json\/wp\/v2\/pages\/31322\/revisions"}],"predecessor-version":[{"id":49686,"href":"https:\/\/www.urlaubcornwall.de\/blog\/wp-json\/wp\/v2\/pages\/31322\/revisions\/49686"}],"wp:attachment":[{"href":"https:\/\/www.urlaubcornwall.de\/blog\/wp-json\/wp\/v2\/media?parent=31322"}],"curies":[{"name":"wp","href":"https:\/\/api.w.org\/{rel}","templated":true}]}}