{"id":30270,"date":"2017-11-10T16:15:26","date_gmt":"2017-11-10T16:15:26","guid":{"rendered":"https:\/\/www.urlaubcornwall.de\/blog\/?page_id=30270"},"modified":"2024-05-30T12:11:15","modified_gmt":"2024-05-30T12:11:15","slug":"rundreise-irland-mit-kindern-8-tage","status":"publish","type":"page","link":"https:\/\/www.urlaubcornwall.de\/blog\/rundreise-irland-mit-kindern-8-tage\/","title":{"rendered":"Urlaub in Irland mit Kindern &#8211; 8 Tage"},"content":{"rendered":"<p><a href=\"https:\/\/www.urlaubcornwall.de\/blog\/wp-content\/uploads\/2024\/03\/dingle-bay-irland.jpg\"><img loading=\"lazy\" class=\"aligncenter size-full wp-image-47813\" src=\"https:\/\/www.urlaubcornwall.de\/blog\/wp-content\/uploads\/2024\/03\/dingle-bay-irland.jpg\" alt=\"dingle bay irland\" width=\"750\" height=\"500\" srcset=\"https:\/\/www.urlaubcornwall.de\/blog\/wp-content\/uploads\/2024\/03\/dingle-bay-irland.jpg 750w, https:\/\/www.urlaubcornwall.de\/blog\/wp-content\/uploads\/2024\/03\/dingle-bay-irland-300x200.jpg 300w\" sizes=\"(max-width: 750px) 100vw, 750px\" \/><\/a><\/p>\n<h2 style=\"text-align: left;\"><strong>Highlights:<\/strong>&nbsp;Dublin, Wicklow, Cork, Killarney, Ring of Kerry, Burren Region, Galway, Mayo<\/h2>\n<p style=\"text-align: left;\"><strong>Familienurlaub Irland \u2013 8 Tage<\/strong><\/p>\n<p style=\"text-align: left;\">Irland ist ein Land der Gegens\u00e4tze. Das werden Sie auf Ihrer 8 Tage Bei diesem Familienurlaub Irland wird es Ihnen und vor allem Ihren Kindern nicht langweilig. Sie beginnen die Selbstfahrertour in Dublin und fahren entlang der Ostk\u00fcste in Richtung Kerry und zur\u00fcck \u00fcber Galway nach Dublin. Neben den ,,klassischen&#8221; Sehensw\u00fcrdigkeiten k\u00f6nnen Sie auch f\u00fcr Kinder besonders interessante Attraktionen wie zum Beispiel eine Schokoladen Fabrik, einen Wildlife Park, ein Piraten-Abenteuerpark und vieles mehr besuchen. 1 Kind bis einschlie\u00dflich 11 Jahre im Zimmer der Eltern gratis!<\/p>\n<p style=\"text-align: center;\"><a class=\"tidycta\" href=\"http:\/\/www.urlaubcornwall.de\/anfrage.php?tourcode=IRLSELBST-5\">Anfrage \/ Buchung<\/a><\/p>\n<p><strong>Tourbeschreibung<\/strong><\/p>\n<p><strong>1\/2. Tag: Dublin<\/strong><\/p>\n<p>Familienurlaub Irland: Anreise nach Irland in Eigenregie (Dublin-Fl\u00fcge bieten wir gerne an). Je nach Ankunftszeit k\u00f6nnen Sie die irische Hauptstadt besichtigen. Besonders empfehlenswert f\u00fcr Kinder ist der Dublin Zoo, der nicht nur viele exotischen Tieren bietet sondern auch eine kleine Familienfarm. F\u00fcr kleine und gro\u00dfe Naschkatzen bietet die Butlers Chocolate Experience eine Betriebsbesichtigung, bei der Ihre Familie mehr \u00fcber die Herstellung der Butlers Schokolade lernen k\u00f6nnen. Ebenfalls sehenswert ist Imaginosity, ein extra auf Kinder unter 9 Jahren ausgerichtetes Museum, welches Wissen durch kreatives Spielen vermitteln m\u00f6chte. Den zweiten Tag k\u00f6nnen Sie nach eigenen Vorstellungen gestalten. Wie w\u00e4re zum Beispiel eine Runde Minigolf im Rainforest Adventure Golf Centre, s\u00fcdlich von Dublin? 2 \u00dcbernachtungen in Dublin (z.B. Clarion Hotel Liffey Valley)<\/p>\n<p><a href=\"https:\/\/www.urlaubcornwall.de\/blog\/wp-content\/uploads\/2024\/03\/conemara.jpg\"><img loading=\"lazy\" src=\"https:\/\/www.urlaubcornwall.de\/blog\/wp-content\/uploads\/2024\/03\/conemara.jpg\" alt=\"conemara\" width=\"750\" height=\"368\" class=\"alignnone size-full wp-image-47811\" srcset=\"https:\/\/www.urlaubcornwall.de\/blog\/wp-content\/uploads\/2024\/03\/conemara.jpg 750w, https:\/\/www.urlaubcornwall.de\/blog\/wp-content\/uploads\/2024\/03\/conemara-300x147.jpg 300w\" sizes=\"(max-width: 750px) 100vw, 750px\" \/><\/a><\/p>\n<p><strong>3. Tag: Dublin \u2013 Galway<\/strong><\/p>\n<p>Nach dem Fr\u00fchst\u00fcck geht es weiter in Richtung S\u00fcden. Dort angekommen, k\u00f6nnen Sie Irlands \u00e4lteste Stadt w\u00e4hrend einer Besichtigungstour kennen lernen. Sehenswert ist unter anderem das House of Crystal, das die weltber\u00fchmten irischen Kristallkreationen zeigt. \u00dcbernachtung in Waterford (z.b. Waterford Marina Hotel)<\/p>\n<p><strong>4. Tag: Waterford \u2013 Cork \u2013 Kerry<\/strong><\/p>\n<p>Auf dem heutigen Programm steht die Fahrt in Richtung Kerry. Unterwegs k\u00f6nnen Sie auch einen Zwischenstopp in Cork einlegen. Besonders beliebt ist dort der Fota Wildlife Park, der sich hervorragend f\u00fcr Familien eignet. Anschlie\u00dfend geht es weiter nach Killarney. 2 \u00dcbernachtungen in Killarney (z.B. Castlerosse Hotel)<\/p>\n<p><strong>5. Tag: Ring of Kerry<\/strong><\/p>\n<p>Heute geht es bei Ihrer Autoreise Irland zu einem der beliebstesten Orte Irlands, dem Ring of Kerry. Der Ring of Kerry ist die ber\u00fchmteste Panoramastra\u00dfe Irlands. Die Sch\u00f6nheit dieser Halbinsel (Iveragh Halbinsel, 166 km Fahrtstrecke) besteht in der gro\u00dfartigen Vielfalt der Kontraste zwischen dem vorherrschenden Element Wasser und seiner Umgebung. Sehr lohnenswert ist auch ein Abstecher zur Dingle Halbinsel, wo Sie eine Bootsfahrt durch die Dingle Bucht genie\u00dfen k\u00f6nnen. \u00dcbernachtung wie am Vortag.<\/p>\n<p><a href=\"https:\/\/www.urlaubcornwall.de\/blog\/wp-content\/uploads\/2024\/03\/dingle-irland-urlaub.jpg\"><img loading=\"lazy\" src=\"https:\/\/www.urlaubcornwall.de\/blog\/wp-content\/uploads\/2024\/03\/dingle-irland-urlaub.jpg\" alt=\"dingle irland urlaub\" width=\"750\" height=\"501\" class=\"alignnone size-full wp-image-47979\" srcset=\"https:\/\/www.urlaubcornwall.de\/blog\/wp-content\/uploads\/2024\/03\/dingle-irland-urlaub.jpg 750w, https:\/\/www.urlaubcornwall.de\/blog\/wp-content\/uploads\/2024\/03\/dingle-irland-urlaub-300x200.jpg 300w\" sizes=\"(max-width: 750px) 100vw, 750px\" \/><\/a><\/p>\n<p><strong>6. Tag: Kerry \u2013 Burren \u2013 Klippen von Moher \u2013 Galway<\/strong><\/p>\n<p>Nach einem ausgiebigen Fr\u00fchst\u00fcck setzen Sie Ihren Familienurlaub Irland in Richtung Galway fort. Fahren Sie durch die seltene und einzigartige Burren Region und bestaunen Sie anschlie\u00dfend die Klippen von Moher. Die atemberaubenden Klippen steigen vom Atlantischen Ozean auf und erstrecken sich auf einer L\u00e4nge von mehr als 7 Kilometern. F\u00fcr neugierige Kinder ist das Aillwee Cave &amp; Bird Centre genau das Richtige. Die Aillwee Cave Schauh\u00f6hle zeigt Stalaktiten sowie Stalagmiten und erkl\u00e4rt deren Entstehung. 2 \u00dcbernachtungen in Galway (z.B. Clybaun Hotel)<\/p>\n<p><strong>7. Tag: Galway<\/strong><\/p>\n<p>Wenn Sie einen Einblick in die Unterwasserwelt Irlands bekommen m\u00f6chten, dann ist das National Aquarium genau das Richtige f\u00fcr Sie. Dort k\u00f6nnen Sie eine gro\u00dfe Anzahl an verschiedenen heimischen und exotischen Fischarten bestaunen. Anschlie\u00dfend geht es in die beeindruckende Landschaft der Connemara, eine gro\u00dfe Halbinsel vor der felsigen Bucht Galways. In dem kleinen Ort Keenane k\u00f6nnen Sie sogar ein Schaf-und Wollzentrum besuchen. \u00dcbernachtung wie am Vortag.<\/p>\n<p><a href=\"https:\/\/www.urlaubcornwall.de\/blog\/wp-content\/uploads\/2024\/03\/temple-bar-dublin-irland.jpg\"><img loading=\"lazy\" src=\"https:\/\/www.urlaubcornwall.de\/blog\/wp-content\/uploads\/2024\/03\/temple-bar-dublin-irland.jpg\" alt=\"temple bar dublin irland\" width=\"750\" height=\"499\" class=\"alignnone size-full wp-image-47981\" srcset=\"https:\/\/www.urlaubcornwall.de\/blog\/wp-content\/uploads\/2024\/03\/temple-bar-dublin-irland.jpg 750w, https:\/\/www.urlaubcornwall.de\/blog\/wp-content\/uploads\/2024\/03\/temple-bar-dublin-irland-300x200.jpg 300w\" sizes=\"(max-width: 750px) 100vw, 750px\" \/><\/a><\/p>\n<p><strong>8. Tag, : Galway- Dublin (ca. 220km \/ ca. 3 Stunden)<\/strong><\/p>\n<p>Heute geht es zur\u00fcck nach Dublin. Dort angekommen geben Sie den Mietwagen am Flughafen ab und treten Ihre Heimreise an. Ihr Familienurlaub Irland geht heute zu Ende. Der Familienurlaub Irland kann f\u00fcr Sie individuell zusammengestellt und ver\u00e4ndert werden, falls gew\u00fcnscht.<\/p>\n<p><strong>Eingeschlossene Leistungen<\/strong><\/p>\n<p>7 \u00dcbernachtungen in Mittelklassehotels (1 Kind bis einschlie\u00dflich 11 Jahre im Zimmer der Eltern gratis!)<\/p>\n<p>T\u00e4gliches Fr\u00fchst\u00fcck (nur f\u00fcr die 2 Erwachsenen, f\u00fcr Kinder muss separat im Hotel bezahlt werden)<\/p>\n<p>1 Reisef\u00fchrer \u00fcber Irland<\/p>\n<p><strong>Nicht eingeschlossene Leistungen:<\/strong><\/p>\n<p>Fl\u00fcge (bieten wir Ihnen gerne passend dazu an)<\/p>\n<p>Mietwagen (bieten wir Ihnen gerne passend an)<\/p>\n<p>Trinkgelder, Benzin, Eintritte<\/p>\n<p>Pers\u00f6nliche Ausgaben aller Art<\/p>\n<p style=\"text-align: left;\">T\u00e4glich m\u00f6glich!<\/p>\n<p style=\"text-align: center;\"><a class=\"tidycta\" href=\"http:\/\/www.urlaubcornwall.de\/anfrage.php?tourcode=IRLSELBST-5\">Anfrage \/ Buchung<\/a><\/p>\n<p style=\"text-align: left;\">UrlaubCornwall haben Touren im Angebot f\u00fcr Individualreisende. Hier finden Sie unsere Auswahl an fantastischen&nbsp;<a href=\"https:\/\/www.urlaubcornwall.de\/blog\/rundreisen-irland\/\"><span style=\"text-decoration: underline;\">Rundreisen und Touren in Irland<\/span><\/a>. Unsere Websitedetails zeigen lediglich eine kleine Auswahl dessen, was wir anbieten k\u00f6nnen. Wir stellen Ihnen gerne ein <a href=\"http:\/\/www.urlaubcornwall.de\/anfrage.php\"><span style=\"text-decoration: underline;\">unverbindliches Angebot<\/span><\/a> mit allen Fl\u00fcgen und Transfers f\u00fcr Ihre Grossbritannien Reise zusammen.<\/p>\n","protected":false},"excerpt":{"rendered":"<p>Highlights:&nbsp;Dublin, Wicklow, Cork, Killarney, Ring of Kerry, Burren Region, Galway, Mayo Familienurlaub Irland \u2013 8 Tage Irland ist ein Land der Gegens\u00e4tze. Das werden Sie auf Ihrer 8 Tage Bei diesem Familienurlaub Irland wird es Ihnen und vor allem Ihren Kindern nicht langweilig. Sie beginnen die Selbstfahrertour in Dublin und fahren entlang der Ostk\u00fcste in [&hellip;]<\/p>\n","protected":false},"author":1,"featured_media":0,"parent":0,"menu_order":0,"comment_status":"closed","ping_status":"closed","template":"single-four.php","meta":[],"acf":[],"yoast_head":"<!-- This site is optimized with the Yoast SEO plugin v19.4 - https:\/\/yoast.com\/wordpress\/plugins\/seo\/ -->\n<title>Urlaub in Irland mit Kindern - 8 Tage - Urlaub &amp; Reisen<\/title>\n<meta name=\"robots\" content=\"index, follow, max-snippet:-1, max-image-preview:large, max-video-preview:-1\" \/>\n<link rel=\"canonical\" href=\"https:\/\/www.urlaubcornwall.de\/blog\/rundreise-irland-mit-kindern-8-tage\/\" \/>\n<meta property=\"og:locale\" content=\"en_US\" \/>\n<meta property=\"og:type\" content=\"article\" \/>\n<meta property=\"og:title\" content=\"Urlaub in Irland mit Kindern - 8 Tage - Urlaub &amp; Reisen\" \/>\n<meta property=\"og:description\" content=\"Highlights:&nbsp;Dublin, Wicklow, Cork, Killarney, Ring of Kerry, Burren Region, Galway, Mayo Familienurlaub Irland \u2013 8 Tage Irland ist ein Land der Gegens\u00e4tze. Das werden Sie auf Ihrer 8 Tage Bei diesem Familienurlaub Irland wird es Ihnen und vor allem Ihren Kindern nicht langweilig. Sie beginnen die Selbstfahrertour in Dublin und fahren entlang der Ostk\u00fcste in [&hellip;]\" \/>\n<meta property=\"og:url\" content=\"https:\/\/www.urlaubcornwall.de\/blog\/rundreise-irland-mit-kindern-8-tage\/\" \/>\n<meta property=\"og:site_name\" content=\"Urlaub &amp; Reisen\" \/>\n<meta property=\"article:modified_time\" content=\"2024-05-30T12:11:15+00:00\" \/>\n<meta property=\"og:image\" content=\"https:\/\/www.urlaubcornwall.de\/blog\/wp-content\/uploads\/2024\/03\/dingle-bay-irland.jpg\" \/>\n<meta name=\"twitter:card\" content=\"summary\" \/>\n<meta name=\"twitter:label1\" content=\"Est. reading time\" \/>\n\t<meta name=\"twitter:data1\" content=\"4 minutes\" \/>\n<script type=\"application\/ld+json\" class=\"yoast-schema-graph\">{\"@context\":\"https:\/\/schema.org\",\"@graph\":[{\"@type\":\"WebSite\",\"@id\":\"https:\/\/www.urlaubcornwall.de\/blog\/#website\",\"url\":\"https:\/\/www.urlaubcornwall.de\/blog\/\",\"name\":\"Urlaub &amp; Reisen\",\"description\":\"Urlaub, Reisen, Cornwall und S\u00fcdengland: eine perfekte Kombination\",\"potentialAction\":[{\"@type\":\"SearchAction\",\"target\":{\"@type\":\"EntryPoint\",\"urlTemplate\":\"https:\/\/www.urlaubcornwall.de\/blog\/?s={search_term_string}\"},\"query-input\":\"required name=search_term_string\"}],\"inLanguage\":\"en-US\"},{\"@type\":\"WebPage\",\"@id\":\"https:\/\/www.urlaubcornwall.de\/blog\/rundreise-irland-mit-kindern-8-tage\/\",\"url\":\"https:\/\/www.urlaubcornwall.de\/blog\/rundreise-irland-mit-kindern-8-tage\/\",\"name\":\"Urlaub in Irland mit Kindern - 8 Tage - Urlaub &amp; Reisen\",\"isPartOf\":{\"@id\":\"https:\/\/www.urlaubcornwall.de\/blog\/#website\"},\"datePublished\":\"2017-11-10T16:15:26+00:00\",\"dateModified\":\"2024-05-30T12:11:15+00:00\",\"breadcrumb\":{\"@id\":\"https:\/\/www.urlaubcornwall.de\/blog\/rundreise-irland-mit-kindern-8-tage\/#breadcrumb\"},\"inLanguage\":\"en-US\",\"potentialAction\":[{\"@type\":\"ReadAction\",\"target\":[\"https:\/\/www.urlaubcornwall.de\/blog\/rundreise-irland-mit-kindern-8-tage\/\"]}]},{\"@type\":\"BreadcrumbList\",\"@id\":\"https:\/\/www.urlaubcornwall.de\/blog\/rundreise-irland-mit-kindern-8-tage\/#breadcrumb\",\"itemListElement\":[{\"@type\":\"ListItem\",\"position\":1,\"name\":\"Home\",\"item\":\"https:\/\/www.urlaubcornwall.de\/blog\/\"},{\"@type\":\"ListItem\",\"position\":2,\"name\":\"Urlaub in Irland mit Kindern &#8211; 8 Tage\"}]}]}<\/script>\n<!-- \/ Yoast SEO plugin. -->","yoast_head_json":{"title":"Urlaub in Irland mit Kindern - 8 Tage - Urlaub &amp; Reisen","robots":{"index":"index","follow":"follow","max-snippet":"max-snippet:-1","max-image-preview":"max-image-preview:large","max-video-preview":"max-video-preview:-1"},"canonical":"https:\/\/www.urlaubcornwall.de\/blog\/rundreise-irland-mit-kindern-8-tage\/","og_locale":"en_US","og_type":"article","og_title":"Urlaub in Irland mit Kindern - 8 Tage - Urlaub &amp; Reisen","og_description":"Highlights:&nbsp;Dublin, Wicklow, Cork, Killarney, Ring of Kerry, Burren Region, Galway, Mayo Familienurlaub Irland \u2013 8 Tage Irland ist ein Land der Gegens\u00e4tze. Das werden Sie auf Ihrer 8 Tage Bei diesem Familienurlaub Irland wird es Ihnen und vor allem Ihren Kindern nicht langweilig. Sie beginnen die Selbstfahrertour in Dublin und fahren entlang der Ostk\u00fcste in [&hellip;]","og_url":"https:\/\/www.urlaubcornwall.de\/blog\/rundreise-irland-mit-kindern-8-tage\/","og_site_name":"Urlaub &amp; Reisen","article_modified_time":"2024-05-30T12:11:15+00:00","og_image":[{"url":"https:\/\/www.urlaubcornwall.de\/blog\/wp-content\/uploads\/2024\/03\/dingle-bay-irland.jpg"}],"twitter_card":"summary","twitter_misc":{"Est. reading time":"4 minutes"},"schema":{"@context":"https:\/\/schema.org","@graph":[{"@type":"WebSite","@id":"https:\/\/www.urlaubcornwall.de\/blog\/#website","url":"https:\/\/www.urlaubcornwall.de\/blog\/","name":"Urlaub &amp; Reisen","description":"Urlaub, Reisen, Cornwall und S\u00fcdengland: eine perfekte Kombination","potentialAction":[{"@type":"SearchAction","target":{"@type":"EntryPoint","urlTemplate":"https:\/\/www.urlaubcornwall.de\/blog\/?s={search_term_string}"},"query-input":"required name=search_term_string"}],"inLanguage":"en-US"},{"@type":"WebPage","@id":"https:\/\/www.urlaubcornwall.de\/blog\/rundreise-irland-mit-kindern-8-tage\/","url":"https:\/\/www.urlaubcornwall.de\/blog\/rundreise-irland-mit-kindern-8-tage\/","name":"Urlaub in Irland mit Kindern - 8 Tage - Urlaub &amp; Reisen","isPartOf":{"@id":"https:\/\/www.urlaubcornwall.de\/blog\/#website"},"datePublished":"2017-11-10T16:15:26+00:00","dateModified":"2024-05-30T12:11:15+00:00","breadcrumb":{"@id":"https:\/\/www.urlaubcornwall.de\/blog\/rundreise-irland-mit-kindern-8-tage\/#breadcrumb"},"inLanguage":"en-US","potentialAction":[{"@type":"ReadAction","target":["https:\/\/www.urlaubcornwall.de\/blog\/rundreise-irland-mit-kindern-8-tage\/"]}]},{"@type":"BreadcrumbList","@id":"https:\/\/www.urlaubcornwall.de\/blog\/rundreise-irland-mit-kindern-8-tage\/#breadcrumb","itemListElement":[{"@type":"ListItem","position":1,"name":"Home","item":"https:\/\/www.urlaubcornwall.de\/blog\/"},{"@type":"ListItem","position":2,"name":"Urlaub in Irland mit Kindern &#8211; 8 Tage"}]}]}},"_links":{"self":[{"href":"https:\/\/www.urlaubcornwall.de\/blog\/wp-json\/wp\/v2\/pages\/30270"}],"collection":[{"href":"https:\/\/www.urlaubcornwall.de\/blog\/wp-json\/wp\/v2\/pages"}],"about":[{"href":"https:\/\/www.urlaubcornwall.de\/blog\/wp-json\/wp\/v2\/types\/page"}],"author":[{"embeddable":true,"href":"https:\/\/www.urlaubcornwall.de\/blog\/wp-json\/wp\/v2\/users\/1"}],"replies":[{"embeddable":true,"href":"https:\/\/www.urlaubcornwall.de\/blog\/wp-json\/wp\/v2\/comments?post=30270"}],"version-history":[{"count":7,"href":"https:\/\/www.urlaubcornwall.de\/blog\/wp-json\/wp\/v2\/pages\/30270\/revisions"}],"predecessor-version":[{"id":50993,"href":"https:\/\/www.urlaubcornwall.de\/blog\/wp-json\/wp\/v2\/pages\/30270\/revisions\/50993"}],"wp:attachment":[{"href":"https:\/\/www.urlaubcornwall.de\/blog\/wp-json\/wp\/v2\/media?parent=30270"}],"curies":[{"name":"wp","href":"https:\/\/api.w.org\/{rel}","templated":true}]}}