{"id":29748,"date":"2017-10-18T10:58:29","date_gmt":"2017-10-18T10:58:29","guid":{"rendered":"https:\/\/www.urlaubcornwall.de\/blog\/?page_id=29748"},"modified":"2019-04-08T15:02:44","modified_gmt":"2019-04-08T15:02:44","slug":"luxus-ferienhaeuser-pevensey-bay-zum-verlieben-einfach-ist-das","status":"publish","type":"page","link":"https:\/\/www.urlaubcornwall.de\/blog\/luxus-ferienhaeuser-pevensey-bay-zum-verlieben-einfach-ist-das\/","title":{"rendered":"Luxus Ferienh\u00e4user Pevensey Bay zum Verlieben &#8211; so einfach ist das!"},"content":{"rendered":"<p><img loading=\"lazy\" class=\"aligncenter size-full wp-image-24731\" src=\"https:\/\/www.urlaubcornwall.de\/blog\/wp-content\/uploads\/2016\/07\/pevensey.jpg\" alt=\"pevensey ferienhaus luxus\" height=\"400\" width=\"745\"\/><\/p>\n<p style=\"text-align: center;\"><strong>Bei uns finden Sie sch\u00f6nsten Luxus Ferienh\u00e4user und Exquisite Ferienwohnungen in Pevensey Bay zum Verlieben!<\/strong><\/p>\n<p style=\"text-align: center;\"><a href=\"https:\/\/www.urlaubcornwall.de\/ferienhaeuser-fewos\/eng\/sussex\/pevensey-luxus-unterkuenfte.html\">4 &amp; 5 Sterne Ferienh\u00e4user und Ferienwohnungen in Pevensey Bay<\/a> sind perfekter R\u00fcckzugsort am Strand, dennoch in der N\u00e4he all der Annehmlichkeiten von Ostsussex und den beliebten Ausflugszielen Eastbourne und Hastings.<\/p>\n<p style=\"text-align: center;\"><a class=\"tidycta\" href=\"https:\/\/www.urlaubcornwall.de\/ferienhaeuser\/sussex.php\">Luxus Ferienh\u00e4user Sussex am Meer<\/a><\/p>\n<p style=\"text-align: center;\">Hier landete im Jahre 1066 Wilhelm der Eroberer, bevor die R\u00f6mer hier ankamen und um das Jahr 290AD eine riesige Festung errichteten, die \u201eAnderida\u201c genannt wurde. Die Festung verfiel zur Ruine, nachdem die R\u00f6mer sie verlassen hatten, doch wurde&nbsp; sie w\u00e4hrend der Zeit der Normannen zu einer vollwertigen Burg wieder errichtet. Sie befindet sich heute im Besitz von English Heritage und ist ein gro\u00dfartiges Ziel f\u00fcr einen Familienausflug. Die Burg liegt heute ungef\u00e4hr 2km im Binnenland vom Strand aus, da sich das Meer im Laufe der Jahrhunderte zur\u00fcckgezogen hat.<\/p>\n<p style=\"text-align: center;\">UrlaubCornwall verf\u00fcgt Ferienh\u00e4user und Ferienwohnungen f\u00fcr Ihren <a href=\"https:\/\/www.urlaubcornwall.de\/reiseziel\/suedengland.php\">Urlaub in S\u00fcdengland<\/a>. Unterk\u00fcnfte der Spitzenklasse f\u00fcr 2 Personen, Familien und Gruppen mit 4, 6, 8, 10 oder 12 G\u00e4sten.<\/p>\n","protected":false},"excerpt":{"rendered":"<p>Bei uns finden Sie sch\u00f6nsten Luxus Ferienh\u00e4user und Exquisite Ferienwohnungen in Pevensey Bay zum Verlieben! 4 &amp; 5 Sterne Ferienh\u00e4user und Ferienwohnungen in Pevensey Bay sind perfekter R\u00fcckzugsort am Strand, dennoch in der N\u00e4he all der Annehmlichkeiten von Ostsussex und den beliebten Ausflugszielen Eastbourne und Hastings. Luxus Ferienh\u00e4user Sussex am Meer Hier landete im Jahre [&hellip;]<\/p>\n","protected":false},"author":1,"featured_media":0,"parent":0,"menu_order":0,"comment_status":"closed","ping_status":"closed","template":"single-four.php","meta":[],"acf":[],"yoast_head":"<!-- This site is optimized with the Yoast SEO plugin v19.4 - https:\/\/yoast.com\/wordpress\/plugins\/seo\/ -->\n<title>Luxus Ferienh\u00e4user Pevensey Bay zum Verlieben - so einfach ist das! - Urlaub &amp; Reisen<\/title>\n<meta name=\"robots\" content=\"index, follow, max-snippet:-1, max-image-preview:large, max-video-preview:-1\" \/>\n<link rel=\"canonical\" href=\"https:\/\/www.urlaubcornwall.de\/blog\/luxus-ferienhaeuser-pevensey-bay-zum-verlieben-einfach-ist-das\/\" \/>\n<meta property=\"og:locale\" content=\"en_US\" \/>\n<meta property=\"og:type\" content=\"article\" \/>\n<meta property=\"og:title\" content=\"Luxus Ferienh\u00e4user Pevensey Bay zum Verlieben - so einfach ist das! - Urlaub &amp; Reisen\" \/>\n<meta property=\"og:description\" content=\"Bei uns finden Sie sch\u00f6nsten Luxus Ferienh\u00e4user und Exquisite Ferienwohnungen in Pevensey Bay zum Verlieben! 4 &amp; 5 Sterne Ferienh\u00e4user und Ferienwohnungen in Pevensey Bay sind perfekter R\u00fcckzugsort am Strand, dennoch in der N\u00e4he all der Annehmlichkeiten von Ostsussex und den beliebten Ausflugszielen Eastbourne und Hastings. Luxus Ferienh\u00e4user Sussex am Meer Hier landete im Jahre [&hellip;]\" \/>\n<meta property=\"og:url\" content=\"https:\/\/www.urlaubcornwall.de\/blog\/luxus-ferienhaeuser-pevensey-bay-zum-verlieben-einfach-ist-das\/\" \/>\n<meta property=\"og:site_name\" content=\"Urlaub &amp; Reisen\" \/>\n<meta property=\"article:modified_time\" content=\"2019-04-08T15:02:44+00:00\" \/>\n<meta property=\"og:image\" content=\"https:\/\/www.urlaubcornwall.de\/blog\/wp-content\/uploads\/2016\/07\/pevensey.jpg\" \/>\n<meta name=\"twitter:card\" content=\"summary\" \/>\n<meta name=\"twitter:label1\" content=\"Est. reading time\" \/>\n\t<meta name=\"twitter:data1\" content=\"1 minute\" \/>\n<script type=\"application\/ld+json\" class=\"yoast-schema-graph\">{\"@context\":\"https:\/\/schema.org\",\"@graph\":[{\"@type\":\"WebSite\",\"@id\":\"https:\/\/www.urlaubcornwall.de\/blog\/#website\",\"url\":\"https:\/\/www.urlaubcornwall.de\/blog\/\",\"name\":\"Urlaub &amp; Reisen\",\"description\":\"Urlaub, Reisen, Cornwall und S\u00fcdengland: eine perfekte Kombination\",\"potentialAction\":[{\"@type\":\"SearchAction\",\"target\":{\"@type\":\"EntryPoint\",\"urlTemplate\":\"https:\/\/www.urlaubcornwall.de\/blog\/?s={search_term_string}\"},\"query-input\":\"required name=search_term_string\"}],\"inLanguage\":\"en-US\"},{\"@type\":\"WebPage\",\"@id\":\"https:\/\/www.urlaubcornwall.de\/blog\/luxus-ferienhaeuser-pevensey-bay-zum-verlieben-einfach-ist-das\/\",\"url\":\"https:\/\/www.urlaubcornwall.de\/blog\/luxus-ferienhaeuser-pevensey-bay-zum-verlieben-einfach-ist-das\/\",\"name\":\"Luxus Ferienh\u00e4user Pevensey Bay zum Verlieben - so einfach ist das! - Urlaub &amp; Reisen\",\"isPartOf\":{\"@id\":\"https:\/\/www.urlaubcornwall.de\/blog\/#website\"},\"datePublished\":\"2017-10-18T10:58:29+00:00\",\"dateModified\":\"2019-04-08T15:02:44+00:00\",\"breadcrumb\":{\"@id\":\"https:\/\/www.urlaubcornwall.de\/blog\/luxus-ferienhaeuser-pevensey-bay-zum-verlieben-einfach-ist-das\/#breadcrumb\"},\"inLanguage\":\"en-US\",\"potentialAction\":[{\"@type\":\"ReadAction\",\"target\":[\"https:\/\/www.urlaubcornwall.de\/blog\/luxus-ferienhaeuser-pevensey-bay-zum-verlieben-einfach-ist-das\/\"]}]},{\"@type\":\"BreadcrumbList\",\"@id\":\"https:\/\/www.urlaubcornwall.de\/blog\/luxus-ferienhaeuser-pevensey-bay-zum-verlieben-einfach-ist-das\/#breadcrumb\",\"itemListElement\":[{\"@type\":\"ListItem\",\"position\":1,\"name\":\"Home\",\"item\":\"https:\/\/www.urlaubcornwall.de\/blog\/\"},{\"@type\":\"ListItem\",\"position\":2,\"name\":\"Luxus Ferienh\u00e4user Pevensey Bay zum Verlieben &#8211; so einfach ist das!\"}]}]}<\/script>\n<!-- \/ Yoast SEO plugin. -->","yoast_head_json":{"title":"Luxus Ferienh\u00e4user Pevensey Bay zum Verlieben - so einfach ist das! - Urlaub &amp; Reisen","robots":{"index":"index","follow":"follow","max-snippet":"max-snippet:-1","max-image-preview":"max-image-preview:large","max-video-preview":"max-video-preview:-1"},"canonical":"https:\/\/www.urlaubcornwall.de\/blog\/luxus-ferienhaeuser-pevensey-bay-zum-verlieben-einfach-ist-das\/","og_locale":"en_US","og_type":"article","og_title":"Luxus Ferienh\u00e4user Pevensey Bay zum Verlieben - so einfach ist das! - Urlaub &amp; Reisen","og_description":"Bei uns finden Sie sch\u00f6nsten Luxus Ferienh\u00e4user und Exquisite Ferienwohnungen in Pevensey Bay zum Verlieben! 4 &amp; 5 Sterne Ferienh\u00e4user und Ferienwohnungen in Pevensey Bay sind perfekter R\u00fcckzugsort am Strand, dennoch in der N\u00e4he all der Annehmlichkeiten von Ostsussex und den beliebten Ausflugszielen Eastbourne und Hastings. Luxus Ferienh\u00e4user Sussex am Meer Hier landete im Jahre [&hellip;]","og_url":"https:\/\/www.urlaubcornwall.de\/blog\/luxus-ferienhaeuser-pevensey-bay-zum-verlieben-einfach-ist-das\/","og_site_name":"Urlaub &amp; Reisen","article_modified_time":"2019-04-08T15:02:44+00:00","og_image":[{"url":"https:\/\/www.urlaubcornwall.de\/blog\/wp-content\/uploads\/2016\/07\/pevensey.jpg"}],"twitter_card":"summary","twitter_misc":{"Est. reading time":"1 minute"},"schema":{"@context":"https:\/\/schema.org","@graph":[{"@type":"WebSite","@id":"https:\/\/www.urlaubcornwall.de\/blog\/#website","url":"https:\/\/www.urlaubcornwall.de\/blog\/","name":"Urlaub &amp; Reisen","description":"Urlaub, Reisen, Cornwall und S\u00fcdengland: eine perfekte Kombination","potentialAction":[{"@type":"SearchAction","target":{"@type":"EntryPoint","urlTemplate":"https:\/\/www.urlaubcornwall.de\/blog\/?s={search_term_string}"},"query-input":"required name=search_term_string"}],"inLanguage":"en-US"},{"@type":"WebPage","@id":"https:\/\/www.urlaubcornwall.de\/blog\/luxus-ferienhaeuser-pevensey-bay-zum-verlieben-einfach-ist-das\/","url":"https:\/\/www.urlaubcornwall.de\/blog\/luxus-ferienhaeuser-pevensey-bay-zum-verlieben-einfach-ist-das\/","name":"Luxus Ferienh\u00e4user Pevensey Bay zum Verlieben - so einfach ist das! - Urlaub &amp; Reisen","isPartOf":{"@id":"https:\/\/www.urlaubcornwall.de\/blog\/#website"},"datePublished":"2017-10-18T10:58:29+00:00","dateModified":"2019-04-08T15:02:44+00:00","breadcrumb":{"@id":"https:\/\/www.urlaubcornwall.de\/blog\/luxus-ferienhaeuser-pevensey-bay-zum-verlieben-einfach-ist-das\/#breadcrumb"},"inLanguage":"en-US","potentialAction":[{"@type":"ReadAction","target":["https:\/\/www.urlaubcornwall.de\/blog\/luxus-ferienhaeuser-pevensey-bay-zum-verlieben-einfach-ist-das\/"]}]},{"@type":"BreadcrumbList","@id":"https:\/\/www.urlaubcornwall.de\/blog\/luxus-ferienhaeuser-pevensey-bay-zum-verlieben-einfach-ist-das\/#breadcrumb","itemListElement":[{"@type":"ListItem","position":1,"name":"Home","item":"https:\/\/www.urlaubcornwall.de\/blog\/"},{"@type":"ListItem","position":2,"name":"Luxus Ferienh\u00e4user Pevensey Bay zum Verlieben &#8211; so einfach ist das!"}]}]}},"_links":{"self":[{"href":"https:\/\/www.urlaubcornwall.de\/blog\/wp-json\/wp\/v2\/pages\/29748"}],"collection":[{"href":"https:\/\/www.urlaubcornwall.de\/blog\/wp-json\/wp\/v2\/pages"}],"about":[{"href":"https:\/\/www.urlaubcornwall.de\/blog\/wp-json\/wp\/v2\/types\/page"}],"author":[{"embeddable":true,"href":"https:\/\/www.urlaubcornwall.de\/blog\/wp-json\/wp\/v2\/users\/1"}],"replies":[{"embeddable":true,"href":"https:\/\/www.urlaubcornwall.de\/blog\/wp-json\/wp\/v2\/comments?post=29748"}],"version-history":[{"count":3,"href":"https:\/\/www.urlaubcornwall.de\/blog\/wp-json\/wp\/v2\/pages\/29748\/revisions"}],"predecessor-version":[{"id":37519,"href":"https:\/\/www.urlaubcornwall.de\/blog\/wp-json\/wp\/v2\/pages\/29748\/revisions\/37519"}],"wp:attachment":[{"href":"https:\/\/www.urlaubcornwall.de\/blog\/wp-json\/wp\/v2\/media?parent=29748"}],"curies":[{"name":"wp","href":"https:\/\/api.w.org\/{rel}","templated":true}]}}