{"id":29530,"date":"2017-10-02T17:21:11","date_gmt":"2017-10-02T17:21:11","guid":{"rendered":"https:\/\/www.urlaubcornwall.de\/blog\/?page_id=29530"},"modified":"2021-09-20T07:36:07","modified_gmt":"2021-09-20T07:36:07","slug":"ferienhaeuser-mit-hund-die-schoensten-doerfer-und-staedte-englands","status":"publish","type":"page","link":"https:\/\/www.urlaubcornwall.de\/blog\/ferienhaeuser-mit-hund-die-schoensten-doerfer-und-staedte-englands\/","title":{"rendered":"Ferienh\u00e4user mit Hund in die Sch\u00f6nsten D\u00f6rfer und St\u00e4dte Englands"},"content":{"rendered":"<p><img loading=\"lazy\" class=\"aligncenter size-full wp-image-28494\" src=\"https:\/\/www.urlaubcornwall.de\/blog\/wp-content\/uploads\/2017\/08\/hotels-mit-hund-england-kent.jpg\" alt=\"Ferienh\u00e4user  mit hund england\" width=\"749\" height=\"377\"\/><\/p>\n<p>Obwohl England nur klein ist, ist es unm\u00f6glich, es in wenigen Worten zu beschreiben. Es ist ein Mosaik verschiedener Kulturen, St\u00e4dten und Landschaften, die es zu einem gro\u00dfartigen Ausflugs- und Erkundungsziel werden lassen. Es verf\u00fcgt \u00fcber eine Geschichte und ein Erbe, auf das es stolz sein kann, herrliche regionale Unterschiede von K\u00fcsten bis hin zu H\u00fcgellandschaft, Festivals und Nahrungsmittel. Es ist in der Tat eine Urlaubsregion, die jedem etwas zu bieten hat.<\/p>\n<p>Bei uns finden Sie Ferienh\u00e4user zum Verlieben &#8211; so einfach ist das! Pers\u00f6nlich inspizierte Ferienh\u00e4user und Ferienwohnungen in England f\u00fcr Ihren Urlaub mit Hund. \u00dcber 1000 hundefreundliche <a href=\"https:\/\/www.urlaubcornwall.de\/ferienhaeuser\/suedengland.php\">Ferienh\u00e4user, Cottages &amp; Ferienwohnungen in Cornwall und durch England<\/a>.<\/p>\n<p style=\"text-align: center;\"><a class=\"tidycta\" href=\"https:\/\/www.urlaubcornwall.de\/ferienhaeuser-fewos\/eng\/england-hundefreundlich.html\">Suche Ferienh\u00e4user mit Hund &gt; <\/a><\/p>\n","protected":false},"excerpt":{"rendered":"<p>Obwohl England nur klein ist, ist es unm\u00f6glich, es in wenigen Worten zu beschreiben. Es ist ein Mosaik verschiedener Kulturen, St\u00e4dten und Landschaften, die es zu einem gro\u00dfartigen Ausflugs- und Erkundungsziel werden lassen. Es verf\u00fcgt \u00fcber eine Geschichte und ein Erbe, auf das es stolz sein kann, herrliche regionale Unterschiede von K\u00fcsten bis hin zu [&hellip;]<\/p>\n","protected":false},"author":1,"featured_media":0,"parent":0,"menu_order":0,"comment_status":"closed","ping_status":"closed","template":"single-four.php","meta":[],"acf":[],"yoast_head":"<!-- This site is optimized with the Yoast SEO plugin v19.4 - https:\/\/yoast.com\/wordpress\/plugins\/seo\/ -->\n<title>Ferienh\u00e4user mit Hund in die Sch\u00f6nsten D\u00f6rfer und St\u00e4dte Englands - Urlaub &amp; Reisen<\/title>\n<meta name=\"description\" content=\"Obwohl England nur klein ist, ist es unm\u00f6glich, es in wenigen Worten zu beschreiben. Es ist ein Mosaik verschiedener Kulturen, St\u00e4dten und Landschaften, die es zu einem gro\u00dfartigen Ausflugs- und Erkundungsziel werden lassen. Es verf\u00fcgt \u00fcber eine Geschichte und ein Erbe, auf das es stolz sein kann\" \/>\n<meta name=\"robots\" content=\"index, follow, max-snippet:-1, max-image-preview:large, max-video-preview:-1\" \/>\n<link rel=\"canonical\" href=\"https:\/\/www.urlaubcornwall.de\/blog\/ferienhaeuser-mit-hund-die-schoensten-doerfer-und-staedte-englands\/\" \/>\n<meta property=\"og:locale\" content=\"en_US\" \/>\n<meta property=\"og:type\" content=\"article\" \/>\n<meta property=\"og:title\" content=\"Ferienh\u00e4user mit Hund in die Sch\u00f6nsten D\u00f6rfer und St\u00e4dte Englands - Urlaub &amp; Reisen\" \/>\n<meta property=\"og:description\" content=\"Obwohl England nur klein ist, ist es unm\u00f6glich, es in wenigen Worten zu beschreiben. Es ist ein Mosaik verschiedener Kulturen, St\u00e4dten und Landschaften, die es zu einem gro\u00dfartigen Ausflugs- und Erkundungsziel werden lassen. Es verf\u00fcgt \u00fcber eine Geschichte und ein Erbe, auf das es stolz sein kann\" \/>\n<meta property=\"og:url\" content=\"https:\/\/www.urlaubcornwall.de\/blog\/ferienhaeuser-mit-hund-die-schoensten-doerfer-und-staedte-englands\/\" \/>\n<meta property=\"og:site_name\" content=\"Urlaub &amp; Reisen\" \/>\n<meta property=\"article:modified_time\" content=\"2021-09-20T07:36:07+00:00\" \/>\n<meta property=\"og:image\" content=\"https:\/\/www.urlaubcornwall.de\/blog\/wp-content\/uploads\/2017\/08\/hotels-mit-hund-england-kent.jpg\" \/>\n<meta name=\"twitter:card\" content=\"summary\" \/>\n<meta name=\"twitter:label1\" content=\"Est. reading time\" \/>\n\t<meta name=\"twitter:data1\" content=\"1 minute\" \/>\n<script type=\"application\/ld+json\" class=\"yoast-schema-graph\">{\"@context\":\"https:\/\/schema.org\",\"@graph\":[{\"@type\":\"WebSite\",\"@id\":\"https:\/\/www.urlaubcornwall.de\/blog\/#website\",\"url\":\"https:\/\/www.urlaubcornwall.de\/blog\/\",\"name\":\"Urlaub &amp; Reisen\",\"description\":\"Urlaub, Reisen, Cornwall und S\u00fcdengland: eine perfekte Kombination\",\"potentialAction\":[{\"@type\":\"SearchAction\",\"target\":{\"@type\":\"EntryPoint\",\"urlTemplate\":\"https:\/\/www.urlaubcornwall.de\/blog\/?s={search_term_string}\"},\"query-input\":\"required name=search_term_string\"}],\"inLanguage\":\"en-US\"},{\"@type\":\"WebPage\",\"@id\":\"https:\/\/www.urlaubcornwall.de\/blog\/ferienhaeuser-mit-hund-die-schoensten-doerfer-und-staedte-englands\/\",\"url\":\"https:\/\/www.urlaubcornwall.de\/blog\/ferienhaeuser-mit-hund-die-schoensten-doerfer-und-staedte-englands\/\",\"name\":\"Ferienh\u00e4user mit Hund in die Sch\u00f6nsten D\u00f6rfer und St\u00e4dte Englands - Urlaub &amp; Reisen\",\"isPartOf\":{\"@id\":\"https:\/\/www.urlaubcornwall.de\/blog\/#website\"},\"datePublished\":\"2017-10-02T17:21:11+00:00\",\"dateModified\":\"2021-09-20T07:36:07+00:00\",\"description\":\"Obwohl England nur klein ist, ist es unm\u00f6glich, es in wenigen Worten zu beschreiben. Es ist ein Mosaik verschiedener Kulturen, St\u00e4dten und Landschaften, die es zu einem gro\u00dfartigen Ausflugs- und Erkundungsziel werden lassen. Es verf\u00fcgt \u00fcber eine Geschichte und ein Erbe, auf das es stolz sein kann\",\"breadcrumb\":{\"@id\":\"https:\/\/www.urlaubcornwall.de\/blog\/ferienhaeuser-mit-hund-die-schoensten-doerfer-und-staedte-englands\/#breadcrumb\"},\"inLanguage\":\"en-US\",\"potentialAction\":[{\"@type\":\"ReadAction\",\"target\":[\"https:\/\/www.urlaubcornwall.de\/blog\/ferienhaeuser-mit-hund-die-schoensten-doerfer-und-staedte-englands\/\"]}]},{\"@type\":\"BreadcrumbList\",\"@id\":\"https:\/\/www.urlaubcornwall.de\/blog\/ferienhaeuser-mit-hund-die-schoensten-doerfer-und-staedte-englands\/#breadcrumb\",\"itemListElement\":[{\"@type\":\"ListItem\",\"position\":1,\"name\":\"Home\",\"item\":\"https:\/\/www.urlaubcornwall.de\/blog\/\"},{\"@type\":\"ListItem\",\"position\":2,\"name\":\"Ferienh\u00e4user mit Hund in die Sch\u00f6nsten D\u00f6rfer und St\u00e4dte Englands\"}]}]}<\/script>\n<!-- \/ Yoast SEO plugin. -->","yoast_head_json":{"title":"Ferienh\u00e4user mit Hund in die Sch\u00f6nsten D\u00f6rfer und St\u00e4dte Englands - Urlaub &amp; Reisen","description":"Obwohl England nur klein ist, ist es unm\u00f6glich, es in wenigen Worten zu beschreiben. Es ist ein Mosaik verschiedener Kulturen, St\u00e4dten und Landschaften, die es zu einem gro\u00dfartigen Ausflugs- und Erkundungsziel werden lassen. Es verf\u00fcgt \u00fcber eine Geschichte und ein Erbe, auf das es stolz sein kann","robots":{"index":"index","follow":"follow","max-snippet":"max-snippet:-1","max-image-preview":"max-image-preview:large","max-video-preview":"max-video-preview:-1"},"canonical":"https:\/\/www.urlaubcornwall.de\/blog\/ferienhaeuser-mit-hund-die-schoensten-doerfer-und-staedte-englands\/","og_locale":"en_US","og_type":"article","og_title":"Ferienh\u00e4user mit Hund in die Sch\u00f6nsten D\u00f6rfer und St\u00e4dte Englands - Urlaub &amp; Reisen","og_description":"Obwohl England nur klein ist, ist es unm\u00f6glich, es in wenigen Worten zu beschreiben. Es ist ein Mosaik verschiedener Kulturen, St\u00e4dten und Landschaften, die es zu einem gro\u00dfartigen Ausflugs- und Erkundungsziel werden lassen. Es verf\u00fcgt \u00fcber eine Geschichte und ein Erbe, auf das es stolz sein kann","og_url":"https:\/\/www.urlaubcornwall.de\/blog\/ferienhaeuser-mit-hund-die-schoensten-doerfer-und-staedte-englands\/","og_site_name":"Urlaub &amp; Reisen","article_modified_time":"2021-09-20T07:36:07+00:00","og_image":[{"url":"https:\/\/www.urlaubcornwall.de\/blog\/wp-content\/uploads\/2017\/08\/hotels-mit-hund-england-kent.jpg"}],"twitter_card":"summary","twitter_misc":{"Est. reading time":"1 minute"},"schema":{"@context":"https:\/\/schema.org","@graph":[{"@type":"WebSite","@id":"https:\/\/www.urlaubcornwall.de\/blog\/#website","url":"https:\/\/www.urlaubcornwall.de\/blog\/","name":"Urlaub &amp; Reisen","description":"Urlaub, Reisen, Cornwall und S\u00fcdengland: eine perfekte Kombination","potentialAction":[{"@type":"SearchAction","target":{"@type":"EntryPoint","urlTemplate":"https:\/\/www.urlaubcornwall.de\/blog\/?s={search_term_string}"},"query-input":"required name=search_term_string"}],"inLanguage":"en-US"},{"@type":"WebPage","@id":"https:\/\/www.urlaubcornwall.de\/blog\/ferienhaeuser-mit-hund-die-schoensten-doerfer-und-staedte-englands\/","url":"https:\/\/www.urlaubcornwall.de\/blog\/ferienhaeuser-mit-hund-die-schoensten-doerfer-und-staedte-englands\/","name":"Ferienh\u00e4user mit Hund in die Sch\u00f6nsten D\u00f6rfer und St\u00e4dte Englands - Urlaub &amp; Reisen","isPartOf":{"@id":"https:\/\/www.urlaubcornwall.de\/blog\/#website"},"datePublished":"2017-10-02T17:21:11+00:00","dateModified":"2021-09-20T07:36:07+00:00","description":"Obwohl England nur klein ist, ist es unm\u00f6glich, es in wenigen Worten zu beschreiben. Es ist ein Mosaik verschiedener Kulturen, St\u00e4dten und Landschaften, die es zu einem gro\u00dfartigen Ausflugs- und Erkundungsziel werden lassen. Es verf\u00fcgt \u00fcber eine Geschichte und ein Erbe, auf das es stolz sein kann","breadcrumb":{"@id":"https:\/\/www.urlaubcornwall.de\/blog\/ferienhaeuser-mit-hund-die-schoensten-doerfer-und-staedte-englands\/#breadcrumb"},"inLanguage":"en-US","potentialAction":[{"@type":"ReadAction","target":["https:\/\/www.urlaubcornwall.de\/blog\/ferienhaeuser-mit-hund-die-schoensten-doerfer-und-staedte-englands\/"]}]},{"@type":"BreadcrumbList","@id":"https:\/\/www.urlaubcornwall.de\/blog\/ferienhaeuser-mit-hund-die-schoensten-doerfer-und-staedte-englands\/#breadcrumb","itemListElement":[{"@type":"ListItem","position":1,"name":"Home","item":"https:\/\/www.urlaubcornwall.de\/blog\/"},{"@type":"ListItem","position":2,"name":"Ferienh\u00e4user mit Hund in die Sch\u00f6nsten D\u00f6rfer und St\u00e4dte Englands"}]}]}},"_links":{"self":[{"href":"https:\/\/www.urlaubcornwall.de\/blog\/wp-json\/wp\/v2\/pages\/29530"}],"collection":[{"href":"https:\/\/www.urlaubcornwall.de\/blog\/wp-json\/wp\/v2\/pages"}],"about":[{"href":"https:\/\/www.urlaubcornwall.de\/blog\/wp-json\/wp\/v2\/types\/page"}],"author":[{"embeddable":true,"href":"https:\/\/www.urlaubcornwall.de\/blog\/wp-json\/wp\/v2\/users\/1"}],"replies":[{"embeddable":true,"href":"https:\/\/www.urlaubcornwall.de\/blog\/wp-json\/wp\/v2\/comments?post=29530"}],"version-history":[{"count":5,"href":"https:\/\/www.urlaubcornwall.de\/blog\/wp-json\/wp\/v2\/pages\/29530\/revisions"}],"predecessor-version":[{"id":42953,"href":"https:\/\/www.urlaubcornwall.de\/blog\/wp-json\/wp\/v2\/pages\/29530\/revisions\/42953"}],"wp:attachment":[{"href":"https:\/\/www.urlaubcornwall.de\/blog\/wp-json\/wp\/v2\/media?parent=29530"}],"curies":[{"name":"wp","href":"https:\/\/api.w.org\/{rel}","templated":true}]}}