{"id":29030,"date":"2017-09-05T15:13:40","date_gmt":"2017-09-05T15:13:40","guid":{"rendered":"https:\/\/www.urlaubcornwall.de\/blog\/?page_id=29030"},"modified":"2024-05-30T09:18:29","modified_gmt":"2024-05-30T09:18:29","slug":"hotels-llandudno-meer-zum-verlieben-einfach-ist-das","status":"publish","type":"page","link":"https:\/\/www.urlaubcornwall.de\/blog\/hotels-llandudno-meer-zum-verlieben-einfach-ist-das\/","title":{"rendered":"Hotels in Llandudno am Meer zum Verlieben \u2013 so einfach ist das!"},"content":{"rendered":"<p><a href=\"https:\/\/www.urlaubcornwall.de\/blog\/wp-content\/uploads\/2024\/03\/Llandudno-urlaub-rundreise.jpg\"><img loading=\"lazy\" src=\"https:\/\/www.urlaubcornwall.de\/blog\/wp-content\/uploads\/2024\/03\/Llandudno-urlaub-rundreise.jpg\" alt=\"Llandudno urlaub rundreise\" width=\"750\" height=\"449\" class=\"alignnone size-full wp-image-48177\" srcset=\"https:\/\/www.urlaubcornwall.de\/blog\/wp-content\/uploads\/2024\/03\/Llandudno-urlaub-rundreise.jpg 750w, https:\/\/www.urlaubcornwall.de\/blog\/wp-content\/uploads\/2024\/03\/Llandudno-urlaub-rundreise-300x180.jpg 300w\" sizes=\"(max-width: 750px) 100vw, 750px\" \/><\/a><\/p>\n<p style=\"text-align: left;\"><strong>Die sch\u00f6nsten Hotels in Llandudno mit Meerblick &#8211; <\/strong>Llandudno an der <a href=\"https:\/\/www.urlaubcornwall.de\/blog\/besuchen-sie-wales-entdecken-sie-die-mythen-und-legenden\/\">Nordk\u00fcste von Wales<\/a> ist seit viktorianischen Zeiten bei Urlaubern beliebt. Llandudno hat sich seine viktorianische und edwardianische Pracht erhalten, der Strand ist eine lange, gesch\u00fctzte Bucht mit einer breiten Promenade im Hintergrund. Das viktorianische Pier, das sich 700m ins Meer erstreckt, ist das l\u00e4ngste in Wales und eines der feinsten des Gro\u00dfbritannien.<\/p>\n<h2><a href=\" https:\/\/www.booking.com\/hotel\/gb\/diplomathotel.html?aid=1320750&amp;no_rooms=1&amp;group_adults=2&amp;room1=A%2CA\" rel=\"nofollow\"><span style=\"text-decoration: underline;\"><strong> Bodysgallen Hall &amp; Spa \u2013 Luxus Landhaus-Hotel<\/strong><\/span><\/a><\/h2>\n<p>Das Bodysgallen Hall and Spa ist eine bemerkenswerte Halle aus dem 17. Jahrhundert in einer 200 Hektar gro\u00dfen Parklandschaft mit spektakul\u00e4rem Blick auf Snowdonia und Conwy Castle, kostenfreiem WLAN und einem preisgekr\u00f6nten Restaurant mit 3 AA-Rosetten&#8230;&#8230;&#8230;<a href=\" https:\/\/www.booking.com\/hotel\/gb\/bodysgallen-hall-and-spa.html?aid=1320750&amp;no_rooms=1&amp;group_adults=2&amp;room1=A%2CA\" rel=\"nofollow\">[Mehr]<\/a><\/p>\n<h2><a href=\" https:\/\/www.booking.com\/hotel\/gb\/regency-royal.html?aid=1320750&amp;no_rooms=1&amp;group_adults=2&amp;room1=A%2CA\" rel=\"nofollow\"><span style=\"text-decoration: underline;\"><strong>Llandudno Bay Hotel \u2013 Boutique-Hotel mit Meerblick<\/strong><\/span><\/a><\/h2>\n<p>Diese Unterkunft ist 1 Gehminute vom Strand entfernt. Das Llandudno Bay Hotel ist eine elegante, schicke Unterkunft im Boutique-Stil und befindet sich an der Promenade von Llandudno&#8230;&#8230;&#8230;.<a href=\" https:\/\/www.booking.com\/hotel\/gb\/regency-royal.html?aid=1320750&amp;no_rooms=1&amp;group_adults=2&amp;room1=A%2CA\" rel=\"nofollow\">[Mehr]<\/a><\/p>\n<h2><a href=\" https:\/\/www.booking.com\/hotel\/gb\/imperialhotel.html?aid=1320750&amp;no_rooms=1&amp;group_adults=2&amp;room1=A%2CA\" rel=\"nofollow\"><span style=\"text-decoration: underline;\"><strong> Imperial Hotel &#8211; 4 Sterne am Strand<\/strong><\/span><\/a><\/h2>\n<p>Dieses viktorianische Hotel liegt an der Promenade im Ferienort Llandudno, nur 2 Gehminuten vom Meer entfernt. Die Unterkunft bietet Ihnen ein preisgekr\u00f6ntes Restaurant, kostenfreies WLAN und einen Freizeitclub. Eine begrenzte Anzahl an Parkpl\u00e4tzen steht am Hotel kostenfrei zu Ihrer Verf\u00fcgung&#8230;&#8230;&#8230;.<a href=\" Imperial Hotel - 4 * - By the beach \u2013 Sea views \u2013 Pets are not allowed\" rel=\"nofollow\">[Mehr]<\/a><\/p>\n<h2><a href=\" https:\/\/www.booking.com\/hotel\/gb\/cae-mor.html?aid=1320750&amp;no_rooms=1&amp;group_adults=2&amp;room1=A%2CA\" rel=\"nofollow\"><span style=\"text-decoration: underline;\"><strong> Cae Mor -Strandhotel mit Meerblick<\/strong><\/span><\/a><\/h2>\n<p>Diese Unterkunft ist 1 Gehminute vom Strand entfernt. Dieses Hotel befindet sich in spektakul\u00e4rer Lage direkt am Meer, wenige Gehminuten vom Stadtzentrum entfernt neben Venue Cymru (North Wales Theater und Konferenzzentrum)&#8230;&#8230;&#8230;<a href=\" https:\/\/www.booking.com\/hotel\/gb\/cae-mor.html?aid=1320750&amp;no_rooms=1&amp;group_adults=2&amp;room1=A%2CA\" rel=\"nofollow\">[Mehr]<\/a><\/p>\n<h2><a href=\" https:\/\/www.booking.com\/hotel\/gb\/hydro.html?aid=1320750&amp;no_rooms=1&amp;group_adults=2&amp;room1=A%2CA\" rel=\"nofollow\"><span style=\"text-decoration: underline;\"><strong> Hydro Hotel \u2013 3 Sterne Strandhotel <\/strong><\/span><\/a><\/h2>\n<p>Das Hydro Hotel erlaubt Aussicht auf die Bucht von Llandudno und begr\u00fc\u00dft Sie in 15 Gehminuten Entfernung vom n\u00e4chsten Strand. Die Innenstadt von Llandudno erreichen Sie indes nach 4 km. Zu den weiteren Vorz\u00fcgen des Hotels geh\u00f6ren ein kostenfreier Parkplatz sowie ein Spielzimmer mit Billard- und Tischtennism\u00f6glichkeiten&#8230;&#8230;&#8230;<a href=\" https:\/\/www.booking.com\/hotel\/gb\/hydro.html?aid=1320750&amp;no_rooms=1&amp;group_adults=2&amp;room1=A%2CA\" rel=\"nofollow\">[Mehr]<\/a><\/p>\n<h2><a href=\" https:\/\/www.booking.com\/hotel\/gb\/queens-llandudno.html?aid=1320750&amp;no_rooms=1&amp;group_adults=2&amp;room1=A%2CA\" rel=\"nofollow\"><span style=\"text-decoration: underline;\"><strong> Queens Hotel &#8211; G\u00fcnstig Hotel am Meer<\/strong><\/span><\/a><\/h2>\n<p><span id=\"result_box\" class=\"\" lang=\"de\"><span class=\"\">Diese Unterkunft ist 2 Gehminuten vom Strand entfernt. Mit beeindruckendem Blick auf die Bucht, Great Orme und die Anlegestelle an der viktorianischen Promenade von Llandudno bietet dieses Hotel kostenfreies WLAN und kostenfreie Parkpl\u00e4tze. <\/span><\/span><span id=\"result_box\" class=\"\" lang=\"de\"><span class=\"\">Die Colwyn Bay liegt eine 15-min\u00fctige Aut<\/span><\/span>&#8230;&#8230;&#8230;<a href=\" https:\/\/www.booking.com\/hotel\/gb\/queens-llandudno.html?aid=1320750&amp;no_rooms=1&amp;group_adults=2&amp;room1=A%2CA\" rel=\"nofollow\">[Mehr]<\/a><\/p>\n<p style=\"text-align: center;\"><a class=\"tidycta\" href=\"https:\/\/www.booking.com\/searchresults.html?city=-2601512&amp;aid=1320750&amp;no_rooms=1&amp;group_adults=2&amp;room1=A%2CA \" rel=\"nofollow\">Suche Hotels Llandudno<\/a><\/p>\n<p><a href=\"https:\/\/www.urlaubcornwall.de\/blog\/wp-content\/uploads\/2017\/08\/urlaub-und-gro\u00dfbritannien_logo-1.jpg\"><img loading=\"lazy\" class=\"alignnone wp-image-28670 size-full\" src=\"https:\/\/www.urlaubcornwall.de\/blog\/wp-content\/uploads\/2017\/08\/urlaub-und-gro\u00dfbritannien_logo-1.jpg\" alt=\"urlaub-und-gro\u00dfbritannien_logo\" width=\"746\" height=\"454\" srcset=\"https:\/\/www.urlaubcornwall.de\/blog\/wp-content\/uploads\/2017\/08\/urlaub-und-gro\u00dfbritannien_logo-1.jpg 764w, https:\/\/www.urlaubcornwall.de\/blog\/wp-content\/uploads\/2017\/08\/urlaub-und-gro\u00dfbritannien_logo-1-300x182.jpg 300w\" sizes=\"(max-width: 746px) 100vw, 746px\" \/><\/a><\/p>\n<p style=\"text-align: center;\">UrlaubCornwall verf\u00fcgt Ferienh\u00e4user und Ferienwohnungen in Wales. Unterk\u00fcnfte der Spitzenklasse f\u00fcr 2 Personen, Familien und Gruppen mit 4, 6, 8, 10 oder 12 G\u00e4sten mit Hund.<\/p>\n<p style=\"text-align: center;\"><a class=\"tidycta\" href=\"https:\/\/www.urlaubcornwall.de\/ferienhaeuser\/wales.php\">Ferienh\u00e4user Wales<\/a><\/p>\n<p style=\"text-align: center;\">Um Wales in Ihre Rundreise mit Hund durch Gro\u00dfbritannien mit einzugliedern, stellen Sie Ihre <a href=\"http:\/\/www.urlaubcornwall.de\/anfrage.php\">Anfrage<\/a> hier oder w\u00e4hlen Sie ein Ferienhaus aus unserer besten Auswahl handverlesener und inspizierter H\u00e4user aus.<\/p>\n<p style=\"text-align: center;\"><a href=\"http:\/\/www.urlaubcornwall.de\/\">UrlaubCornwall.de<\/a> ist ein in Cornwall ans\u00e4ssiges Unternehmen k\u00f6nnen wir uns mit 20 Jahren Erfahrung in der Organisation von Rundreisen durch S\u00fcdwest und S\u00fcdengland r\u00fchmen. Erfahren Sie mehr \u00fcber <a href=\"https:\/\/www.urlaubcornwall.de\/hotels.php\">unsere hundefreundlichen Hotels in Cornwall<\/a>.<\/p>\n","protected":false},"excerpt":{"rendered":"<p>Die sch\u00f6nsten Hotels in Llandudno mit Meerblick &#8211; Llandudno an der Nordk\u00fcste von Wales ist seit viktorianischen Zeiten bei Urlaubern beliebt. Llandudno hat sich seine viktorianische und edwardianische Pracht erhalten, der Strand ist eine lange, gesch\u00fctzte Bucht mit einer breiten Promenade im Hintergrund. Das viktorianische Pier, das sich 700m ins Meer erstreckt, ist das l\u00e4ngste [&hellip;]<\/p>\n","protected":false},"author":1,"featured_media":0,"parent":0,"menu_order":0,"comment_status":"closed","ping_status":"closed","template":"single-four.php","meta":[],"acf":[],"yoast_head":"<!-- This site is optimized with the Yoast SEO plugin v19.4 - https:\/\/yoast.com\/wordpress\/plugins\/seo\/ -->\n<title>Hotels in Llandudno am Meer zum Verlieben \u2013 so einfach ist das! - Urlaub &amp; Reisen<\/title>\n<meta name=\"robots\" content=\"index, follow, max-snippet:-1, max-image-preview:large, max-video-preview:-1\" \/>\n<link rel=\"canonical\" href=\"https:\/\/www.urlaubcornwall.de\/blog\/hotels-llandudno-meer-zum-verlieben-einfach-ist-das\/\" \/>\n<meta property=\"og:locale\" content=\"en_US\" \/>\n<meta property=\"og:type\" content=\"article\" \/>\n<meta property=\"og:title\" content=\"Hotels in Llandudno am Meer zum Verlieben \u2013 so einfach ist das! - Urlaub &amp; Reisen\" \/>\n<meta property=\"og:description\" content=\"Die sch\u00f6nsten Hotels in Llandudno mit Meerblick &#8211; Llandudno an der Nordk\u00fcste von Wales ist seit viktorianischen Zeiten bei Urlaubern beliebt. Llandudno hat sich seine viktorianische und edwardianische Pracht erhalten, der Strand ist eine lange, gesch\u00fctzte Bucht mit einer breiten Promenade im Hintergrund. Das viktorianische Pier, das sich 700m ins Meer erstreckt, ist das l\u00e4ngste [&hellip;]\" \/>\n<meta property=\"og:url\" content=\"https:\/\/www.urlaubcornwall.de\/blog\/hotels-llandudno-meer-zum-verlieben-einfach-ist-das\/\" \/>\n<meta property=\"og:site_name\" content=\"Urlaub &amp; Reisen\" \/>\n<meta property=\"article:modified_time\" content=\"2024-05-30T09:18:29+00:00\" \/>\n<meta property=\"og:image\" content=\"https:\/\/www.urlaubcornwall.de\/blog\/wp-content\/uploads\/2024\/03\/Llandudno-urlaub-rundreise.jpg\" \/>\n<meta name=\"twitter:card\" content=\"summary\" \/>\n<meta name=\"twitter:label1\" content=\"Est. reading time\" \/>\n\t<meta name=\"twitter:data1\" content=\"3 minutes\" \/>\n<script type=\"application\/ld+json\" class=\"yoast-schema-graph\">{\"@context\":\"https:\/\/schema.org\",\"@graph\":[{\"@type\":\"WebSite\",\"@id\":\"https:\/\/www.urlaubcornwall.de\/blog\/#website\",\"url\":\"https:\/\/www.urlaubcornwall.de\/blog\/\",\"name\":\"Urlaub &amp; Reisen\",\"description\":\"Urlaub, Reisen, Cornwall und S\u00fcdengland: eine perfekte Kombination\",\"potentialAction\":[{\"@type\":\"SearchAction\",\"target\":{\"@type\":\"EntryPoint\",\"urlTemplate\":\"https:\/\/www.urlaubcornwall.de\/blog\/?s={search_term_string}\"},\"query-input\":\"required name=search_term_string\"}],\"inLanguage\":\"en-US\"},{\"@type\":\"WebPage\",\"@id\":\"https:\/\/www.urlaubcornwall.de\/blog\/hotels-llandudno-meer-zum-verlieben-einfach-ist-das\/\",\"url\":\"https:\/\/www.urlaubcornwall.de\/blog\/hotels-llandudno-meer-zum-verlieben-einfach-ist-das\/\",\"name\":\"Hotels in Llandudno am Meer zum Verlieben \u2013 so einfach ist das! - Urlaub &amp; Reisen\",\"isPartOf\":{\"@id\":\"https:\/\/www.urlaubcornwall.de\/blog\/#website\"},\"datePublished\":\"2017-09-05T15:13:40+00:00\",\"dateModified\":\"2024-05-30T09:18:29+00:00\",\"breadcrumb\":{\"@id\":\"https:\/\/www.urlaubcornwall.de\/blog\/hotels-llandudno-meer-zum-verlieben-einfach-ist-das\/#breadcrumb\"},\"inLanguage\":\"en-US\",\"potentialAction\":[{\"@type\":\"ReadAction\",\"target\":[\"https:\/\/www.urlaubcornwall.de\/blog\/hotels-llandudno-meer-zum-verlieben-einfach-ist-das\/\"]}]},{\"@type\":\"BreadcrumbList\",\"@id\":\"https:\/\/www.urlaubcornwall.de\/blog\/hotels-llandudno-meer-zum-verlieben-einfach-ist-das\/#breadcrumb\",\"itemListElement\":[{\"@type\":\"ListItem\",\"position\":1,\"name\":\"Home\",\"item\":\"https:\/\/www.urlaubcornwall.de\/blog\/\"},{\"@type\":\"ListItem\",\"position\":2,\"name\":\"Hotels in Llandudno am Meer zum Verlieben \u2013 so einfach ist das!\"}]}]}<\/script>\n<!-- \/ Yoast SEO plugin. -->","yoast_head_json":{"title":"Hotels in Llandudno am Meer zum Verlieben \u2013 so einfach ist das! - Urlaub &amp; Reisen","robots":{"index":"index","follow":"follow","max-snippet":"max-snippet:-1","max-image-preview":"max-image-preview:large","max-video-preview":"max-video-preview:-1"},"canonical":"https:\/\/www.urlaubcornwall.de\/blog\/hotels-llandudno-meer-zum-verlieben-einfach-ist-das\/","og_locale":"en_US","og_type":"article","og_title":"Hotels in Llandudno am Meer zum Verlieben \u2013 so einfach ist das! - Urlaub &amp; Reisen","og_description":"Die sch\u00f6nsten Hotels in Llandudno mit Meerblick &#8211; Llandudno an der Nordk\u00fcste von Wales ist seit viktorianischen Zeiten bei Urlaubern beliebt. Llandudno hat sich seine viktorianische und edwardianische Pracht erhalten, der Strand ist eine lange, gesch\u00fctzte Bucht mit einer breiten Promenade im Hintergrund. Das viktorianische Pier, das sich 700m ins Meer erstreckt, ist das l\u00e4ngste [&hellip;]","og_url":"https:\/\/www.urlaubcornwall.de\/blog\/hotels-llandudno-meer-zum-verlieben-einfach-ist-das\/","og_site_name":"Urlaub &amp; Reisen","article_modified_time":"2024-05-30T09:18:29+00:00","og_image":[{"url":"https:\/\/www.urlaubcornwall.de\/blog\/wp-content\/uploads\/2024\/03\/Llandudno-urlaub-rundreise.jpg"}],"twitter_card":"summary","twitter_misc":{"Est. reading time":"3 minutes"},"schema":{"@context":"https:\/\/schema.org","@graph":[{"@type":"WebSite","@id":"https:\/\/www.urlaubcornwall.de\/blog\/#website","url":"https:\/\/www.urlaubcornwall.de\/blog\/","name":"Urlaub &amp; Reisen","description":"Urlaub, Reisen, Cornwall und S\u00fcdengland: eine perfekte Kombination","potentialAction":[{"@type":"SearchAction","target":{"@type":"EntryPoint","urlTemplate":"https:\/\/www.urlaubcornwall.de\/blog\/?s={search_term_string}"},"query-input":"required name=search_term_string"}],"inLanguage":"en-US"},{"@type":"WebPage","@id":"https:\/\/www.urlaubcornwall.de\/blog\/hotels-llandudno-meer-zum-verlieben-einfach-ist-das\/","url":"https:\/\/www.urlaubcornwall.de\/blog\/hotels-llandudno-meer-zum-verlieben-einfach-ist-das\/","name":"Hotels in Llandudno am Meer zum Verlieben \u2013 so einfach ist das! - Urlaub &amp; Reisen","isPartOf":{"@id":"https:\/\/www.urlaubcornwall.de\/blog\/#website"},"datePublished":"2017-09-05T15:13:40+00:00","dateModified":"2024-05-30T09:18:29+00:00","breadcrumb":{"@id":"https:\/\/www.urlaubcornwall.de\/blog\/hotels-llandudno-meer-zum-verlieben-einfach-ist-das\/#breadcrumb"},"inLanguage":"en-US","potentialAction":[{"@type":"ReadAction","target":["https:\/\/www.urlaubcornwall.de\/blog\/hotels-llandudno-meer-zum-verlieben-einfach-ist-das\/"]}]},{"@type":"BreadcrumbList","@id":"https:\/\/www.urlaubcornwall.de\/blog\/hotels-llandudno-meer-zum-verlieben-einfach-ist-das\/#breadcrumb","itemListElement":[{"@type":"ListItem","position":1,"name":"Home","item":"https:\/\/www.urlaubcornwall.de\/blog\/"},{"@type":"ListItem","position":2,"name":"Hotels in Llandudno am Meer zum Verlieben \u2013 so einfach ist das!"}]}]}},"_links":{"self":[{"href":"https:\/\/www.urlaubcornwall.de\/blog\/wp-json\/wp\/v2\/pages\/29030"}],"collection":[{"href":"https:\/\/www.urlaubcornwall.de\/blog\/wp-json\/wp\/v2\/pages"}],"about":[{"href":"https:\/\/www.urlaubcornwall.de\/blog\/wp-json\/wp\/v2\/types\/page"}],"author":[{"embeddable":true,"href":"https:\/\/www.urlaubcornwall.de\/blog\/wp-json\/wp\/v2\/users\/1"}],"replies":[{"embeddable":true,"href":"https:\/\/www.urlaubcornwall.de\/blog\/wp-json\/wp\/v2\/comments?post=29030"}],"version-history":[{"count":7,"href":"https:\/\/www.urlaubcornwall.de\/blog\/wp-json\/wp\/v2\/pages\/29030\/revisions"}],"predecessor-version":[{"id":30945,"href":"https:\/\/www.urlaubcornwall.de\/blog\/wp-json\/wp\/v2\/pages\/29030\/revisions\/30945"}],"wp:attachment":[{"href":"https:\/\/www.urlaubcornwall.de\/blog\/wp-json\/wp\/v2\/media?parent=29030"}],"curies":[{"name":"wp","href":"https:\/\/api.w.org\/{rel}","templated":true}]}}