{"id":28363,"date":"2017-08-14T14:21:39","date_gmt":"2017-08-14T14:21:39","guid":{"rendered":"https:\/\/www.urlaubcornwall.de\/blog\/?page_id=28363"},"modified":"2024-04-15T09:39:40","modified_gmt":"2024-04-15T09:39:40","slug":"guenstige-hotels-last-minute-angebote-brighton","status":"publish","type":"page","link":"https:\/\/www.urlaubcornwall.de\/blog\/guenstige-hotels-last-minute-angebote-brighton\/","title":{"rendered":"G\u00fcnstige Hotels &#038; Last Minute Angebote in Brighton"},"content":{"rendered":"<p><img loading=\"lazy\" class=\"aligncenter size-full wp-image-48029\" src=\"https:\/\/www.urlaubcornwall.de\/blog\/wp-content\/uploads\/2024\/03\/pavillion-brighton.jpg\" alt=\"pavillion brighton\" width=\"750\" height=\"563\" srcset=\"https:\/\/www.urlaubcornwall.de\/blog\/wp-content\/uploads\/2024\/03\/pavillion-brighton.jpg 750w, https:\/\/www.urlaubcornwall.de\/blog\/wp-content\/uploads\/2024\/03\/pavillion-brighton-300x225.jpg 300w\" sizes=\"(max-width: 750px) 100vw, 750px\" \/><\/p>\n<p>Brighton kann durchaus als teure Urlaubsgegend erscheinen mit vielen fantastischen Hotels in <a href=\"https:\/\/www.urlaubcornwall.de\/reiseziel\/sussex.php\">Sussex<\/a>, die Michelin-Sterne-Speisen bieten, luxuri\u00f6se Zimmer und Wellnessbereiche. Doch es gibt viele Hotels in Brighton, die f\u00fcr Reisende mit kleinerem Budget geeignet sind. UrlaubCornwall hat seinen Sitz in S\u00fcdengland, und wir suchen Pl\u00e4tze, die weniger bekannt sind, dennoch ein gro\u00dfartiges Preis-Leistungsverh\u00e4ltnis bieten.<\/p>\n<p>Fantastische Hotels mit Meerblick anbieten, die jedem Geldbeutel gerecht werden, von Familienhotels, Last Minute Angebote und M\u00f6glichkeiten f\u00fcr Kinder.<\/p>\n<h1><a href=\"https:\/\/www.booking.com\/hotel\/gb\/queenshotelbrighton.html?aid=1320750&amp;no_rooms=1&amp;group_adults=2&amp;room1=A%2CA\" rel=\"nofollow\"><strong>Queens Hotel &amp; Spa am Meer \u2013 3 Sterne<\/strong><\/a><\/h1>\n<p>Diese Unterkunft ist 1 Gehminute vom Strand entfernt. Dieses freundliche Hotel ist ideal f\u00fcr das Nachtleben, Einkaufsm\u00f6glichkeiten, Restaurants und den Strand. Es begr\u00fc\u00dft Sie an der Strandpromenade im Herzen von Brightons \u201eLanes\u201c&#8230;&#8230;&#8230;<a href=\"https:\/\/www.booking.com\/hotel\/gb\/queenshotelbrighton.html?aid=1320750&amp;no_rooms=1&amp;group_adults=2&amp;room1=A%2CA\" rel=\"nofollow\">[Mehr]<\/a><\/p>\n<h1><a href=\"https:\/\/www.booking.com\/hotel\/gb\/brightonhotel.html?aid=1320750&amp;no_rooms=1&amp;group_adults=2&amp;room1=A%2CA\" rel=\"nofollow\"><strong> Das Brighton Hotel am Strand mit Meerblick<\/strong><\/a><\/h1>\n<p>Diese Unterkunft ist 1 Gehminute vom Strand entfernt. Auf Brightons Strandpromenade und nur 15 Gehminuten vom Royal Pavilion entfernt bietet dieses Hotel ein elegantes Interieur und malaerischen Meerblick. Morgens erwartet Sie ein warmes Fr\u00fchst\u00fcck und WLAN steht kostenfrei zur Verf\u00fcgung&#8230;&#8230;&#8230;<a href=\"https:\/\/www.booking.com\/hotel\/gb\/brightonhotel.html?aid=1320750&amp;no_rooms=1&amp;group_adults=2&amp;room1=A%2CA\" rel=\"nofollow\">[Mehr]<\/a><\/p>\n<h1><a href=\"https:\/\/www.booking.com\/hotel\/gb\/west-beach.html?aid=1320750&amp;no_rooms=1&amp;group_adults=2&amp;room1=A%2CA\" rel=\"nofollow\"><strong> West Beach Hotel \u2013 G\u00fcnstig Hotel Strandnah<\/strong><\/a><\/h1>\n<p>Diese Unterkunft ist 1 Gehminute vom Strand entfernt. Das West Beach Hotel erwartet Sie an der Promenade im lebhaften Stadtzentrum von Brighton. Sie wohnen umgeben von Clubs sowie Restaurants und k\u00f6nnen sich auf herrlichen Meerblick und kostenfreies WLAN freuen&#8230;&#8230;..<a href=\"https:\/\/www.booking.com\/hotel\/gb\/west-beach.html?aid=1320750&amp;no_rooms=1&amp;group_adults=2&amp;room1=A%2CA\" rel=\"nofollow\">[Mehr]<\/a><\/p>\n<h1><a href=\"https:\/\/www.booking.com\/hotel\/gb\/ibis-brighton-city-centre.html?aid=1320750&amp;no_rooms=1&amp;group_adults=2&amp;room1=A%2CA\" rel=\"nofollow\"><strong> Ibis \u2013 G\u00fcnstig Hotel Brighton <\/strong><\/a><\/h1>\n<p>Diese Unterkunft ist 12 Gehminuten vom Strand entfernt. Das im Herzen der pulsierenden Stadt Brighton, unweit vom Bahnhof, gelegene ibis Brighton City Centre bietet moderne, schallisolierte Zimmer, eine Bar und ein Restaurant&#8230;&#8230;..<a href=\"https:\/\/www.booking.com\/hotel\/gb\/ibis-brighton-city-centre.html?aid=1320750&amp;no_rooms=1&amp;group_adults=2&amp;room1=A%2CA\" rel=\"nofollow\">[Mehr]<\/a><\/p>\n<p style=\"text-align: center;\"><a class=\"tidycta\" href=\"https:\/\/www.booking.com\/searchresults.html?city=-2590884&amp;aid=1320750&amp;no_rooms=1&amp;group_adults=2&amp;room1=A%2CA\" rel=\"nofollow\">Suche Hotels in Brighton &gt;<\/a><\/p>\n\n<p><img loading=\"lazy\" class=\"aligncenter size-full wp-image-24598\" src=\"https:\/\/www.urlaubcornwall.de\/blog\/wp-content\/uploads\/2016\/06\/urlaub-und-gro\u00dfbritannien_logo_final.jpg\" alt=\"\" height=\"361\" width=\"746\" srcset=\"https:\/\/www.urlaubcornwall.de\/blog\/wp-content\/uploads\/2016\/06\/urlaub-und-gro\u00dfbritannien_logo_final.jpg 746w, https:\/\/www.urlaubcornwall.de\/blog\/wp-content\/uploads\/2016\/06\/urlaub-und-gro\u00dfbritannien_logo_final-300x145.jpg 300w\" sizes=\"(max-width: 746px) 100vw, 746px\" \/><\/p>\n<p>UrlaubCornwall.de hat eine einzigartige Sammlung pers\u00f6nlich inspizierter Ferienh\u00e4user und Ferienwohnungen in <a href=\"https:\/\/www.urlaubcornwall.de\/ferienhaeuser\/suedengland.php\">S\u00fcdengland<\/a> und nun auch im gesamten Gro\u00dfbritannien.<\/p>\n<p>UrlaubCornwall.de hat seinen Firmensitz in Cornwall in S\u00fcdwestengland und bietet Kunden im Deutsch sprechenden Europa Hilfe im Erstellen der perfekten Urlaubserfahrung hier. Wir haben <a href=\"http:\/\/www.urlaubcornwall.de\/rundreisenservice.php\">ein Team Deutsch sprechender Experten<\/a>, so dass wir eine individuelle Urlaub in England &amp; Wales.<\/p>\n","protected":false},"excerpt":{"rendered":"<p>Brighton kann durchaus als teure Urlaubsgegend erscheinen mit vielen fantastischen Hotels in Sussex, die Michelin-Sterne-Speisen bieten, luxuri\u00f6se Zimmer und Wellnessbereiche. Doch es gibt viele Hotels in Brighton, die f\u00fcr Reisende mit kleinerem Budget geeignet sind. UrlaubCornwall hat seinen Sitz in S\u00fcdengland, und wir suchen Pl\u00e4tze, die weniger bekannt sind, dennoch ein gro\u00dfartiges Preis-Leistungsverh\u00e4ltnis bieten. Fantastische [&hellip;]<\/p>\n","protected":false},"author":1,"featured_media":0,"parent":0,"menu_order":0,"comment_status":"closed","ping_status":"closed","template":"single-four.php","meta":[],"acf":[],"yoast_head":"<!-- This site is optimized with the Yoast SEO plugin v19.4 - https:\/\/yoast.com\/wordpress\/plugins\/seo\/ -->\n<title>G\u00fcnstige Hotels &amp; Last Minute Angebote in Brighton - Urlaub &amp; Reisen<\/title>\n<meta name=\"robots\" content=\"index, follow, max-snippet:-1, max-image-preview:large, max-video-preview:-1\" \/>\n<link rel=\"canonical\" href=\"https:\/\/www.urlaubcornwall.de\/blog\/guenstige-hotels-last-minute-angebote-brighton\/\" \/>\n<meta property=\"og:locale\" content=\"en_US\" \/>\n<meta property=\"og:type\" content=\"article\" \/>\n<meta property=\"og:title\" content=\"G\u00fcnstige Hotels &amp; Last Minute Angebote in Brighton - Urlaub &amp; Reisen\" \/>\n<meta property=\"og:description\" content=\"Brighton kann durchaus als teure Urlaubsgegend erscheinen mit vielen fantastischen Hotels in Sussex, die Michelin-Sterne-Speisen bieten, luxuri\u00f6se Zimmer und Wellnessbereiche. Doch es gibt viele Hotels in Brighton, die f\u00fcr Reisende mit kleinerem Budget geeignet sind. UrlaubCornwall hat seinen Sitz in S\u00fcdengland, und wir suchen Pl\u00e4tze, die weniger bekannt sind, dennoch ein gro\u00dfartiges Preis-Leistungsverh\u00e4ltnis bieten. Fantastische [&hellip;]\" \/>\n<meta property=\"og:url\" content=\"https:\/\/www.urlaubcornwall.de\/blog\/guenstige-hotels-last-minute-angebote-brighton\/\" \/>\n<meta property=\"og:site_name\" content=\"Urlaub &amp; Reisen\" \/>\n<meta property=\"article:modified_time\" content=\"2024-04-15T09:39:40+00:00\" \/>\n<meta property=\"og:image\" content=\"https:\/\/www.urlaubcornwall.de\/blog\/wp-content\/uploads\/2024\/03\/pavillion-brighton.jpg\" \/>\n<meta name=\"twitter:card\" content=\"summary\" \/>\n<meta name=\"twitter:label1\" content=\"Est. reading time\" \/>\n\t<meta name=\"twitter:data1\" content=\"2 minutes\" \/>\n<script type=\"application\/ld+json\" class=\"yoast-schema-graph\">{\"@context\":\"https:\/\/schema.org\",\"@graph\":[{\"@type\":\"WebSite\",\"@id\":\"https:\/\/www.urlaubcornwall.de\/blog\/#website\",\"url\":\"https:\/\/www.urlaubcornwall.de\/blog\/\",\"name\":\"Urlaub &amp; Reisen\",\"description\":\"Urlaub, Reisen, Cornwall und S\u00fcdengland: eine perfekte Kombination\",\"potentialAction\":[{\"@type\":\"SearchAction\",\"target\":{\"@type\":\"EntryPoint\",\"urlTemplate\":\"https:\/\/www.urlaubcornwall.de\/blog\/?s={search_term_string}\"},\"query-input\":\"required name=search_term_string\"}],\"inLanguage\":\"en-US\"},{\"@type\":\"WebPage\",\"@id\":\"https:\/\/www.urlaubcornwall.de\/blog\/guenstige-hotels-last-minute-angebote-brighton\/\",\"url\":\"https:\/\/www.urlaubcornwall.de\/blog\/guenstige-hotels-last-minute-angebote-brighton\/\",\"name\":\"G\u00fcnstige Hotels & Last Minute Angebote in Brighton - Urlaub &amp; Reisen\",\"isPartOf\":{\"@id\":\"https:\/\/www.urlaubcornwall.de\/blog\/#website\"},\"datePublished\":\"2017-08-14T14:21:39+00:00\",\"dateModified\":\"2024-04-15T09:39:40+00:00\",\"breadcrumb\":{\"@id\":\"https:\/\/www.urlaubcornwall.de\/blog\/guenstige-hotels-last-minute-angebote-brighton\/#breadcrumb\"},\"inLanguage\":\"en-US\",\"potentialAction\":[{\"@type\":\"ReadAction\",\"target\":[\"https:\/\/www.urlaubcornwall.de\/blog\/guenstige-hotels-last-minute-angebote-brighton\/\"]}]},{\"@type\":\"BreadcrumbList\",\"@id\":\"https:\/\/www.urlaubcornwall.de\/blog\/guenstige-hotels-last-minute-angebote-brighton\/#breadcrumb\",\"itemListElement\":[{\"@type\":\"ListItem\",\"position\":1,\"name\":\"Home\",\"item\":\"https:\/\/www.urlaubcornwall.de\/blog\/\"},{\"@type\":\"ListItem\",\"position\":2,\"name\":\"G\u00fcnstige Hotels &#038; Last Minute Angebote in Brighton\"}]}]}<\/script>\n<!-- \/ Yoast SEO plugin. -->","yoast_head_json":{"title":"G\u00fcnstige Hotels & Last Minute Angebote in Brighton - Urlaub &amp; Reisen","robots":{"index":"index","follow":"follow","max-snippet":"max-snippet:-1","max-image-preview":"max-image-preview:large","max-video-preview":"max-video-preview:-1"},"canonical":"https:\/\/www.urlaubcornwall.de\/blog\/guenstige-hotels-last-minute-angebote-brighton\/","og_locale":"en_US","og_type":"article","og_title":"G\u00fcnstige Hotels & Last Minute Angebote in Brighton - Urlaub &amp; Reisen","og_description":"Brighton kann durchaus als teure Urlaubsgegend erscheinen mit vielen fantastischen Hotels in Sussex, die Michelin-Sterne-Speisen bieten, luxuri\u00f6se Zimmer und Wellnessbereiche. Doch es gibt viele Hotels in Brighton, die f\u00fcr Reisende mit kleinerem Budget geeignet sind. UrlaubCornwall hat seinen Sitz in S\u00fcdengland, und wir suchen Pl\u00e4tze, die weniger bekannt sind, dennoch ein gro\u00dfartiges Preis-Leistungsverh\u00e4ltnis bieten. Fantastische [&hellip;]","og_url":"https:\/\/www.urlaubcornwall.de\/blog\/guenstige-hotels-last-minute-angebote-brighton\/","og_site_name":"Urlaub &amp; Reisen","article_modified_time":"2024-04-15T09:39:40+00:00","og_image":[{"url":"https:\/\/www.urlaubcornwall.de\/blog\/wp-content\/uploads\/2024\/03\/pavillion-brighton.jpg"}],"twitter_card":"summary","twitter_misc":{"Est. reading time":"2 minutes"},"schema":{"@context":"https:\/\/schema.org","@graph":[{"@type":"WebSite","@id":"https:\/\/www.urlaubcornwall.de\/blog\/#website","url":"https:\/\/www.urlaubcornwall.de\/blog\/","name":"Urlaub &amp; Reisen","description":"Urlaub, Reisen, Cornwall und S\u00fcdengland: eine perfekte Kombination","potentialAction":[{"@type":"SearchAction","target":{"@type":"EntryPoint","urlTemplate":"https:\/\/www.urlaubcornwall.de\/blog\/?s={search_term_string}"},"query-input":"required name=search_term_string"}],"inLanguage":"en-US"},{"@type":"WebPage","@id":"https:\/\/www.urlaubcornwall.de\/blog\/guenstige-hotels-last-minute-angebote-brighton\/","url":"https:\/\/www.urlaubcornwall.de\/blog\/guenstige-hotels-last-minute-angebote-brighton\/","name":"G\u00fcnstige Hotels & Last Minute Angebote in Brighton - Urlaub &amp; Reisen","isPartOf":{"@id":"https:\/\/www.urlaubcornwall.de\/blog\/#website"},"datePublished":"2017-08-14T14:21:39+00:00","dateModified":"2024-04-15T09:39:40+00:00","breadcrumb":{"@id":"https:\/\/www.urlaubcornwall.de\/blog\/guenstige-hotels-last-minute-angebote-brighton\/#breadcrumb"},"inLanguage":"en-US","potentialAction":[{"@type":"ReadAction","target":["https:\/\/www.urlaubcornwall.de\/blog\/guenstige-hotels-last-minute-angebote-brighton\/"]}]},{"@type":"BreadcrumbList","@id":"https:\/\/www.urlaubcornwall.de\/blog\/guenstige-hotels-last-minute-angebote-brighton\/#breadcrumb","itemListElement":[{"@type":"ListItem","position":1,"name":"Home","item":"https:\/\/www.urlaubcornwall.de\/blog\/"},{"@type":"ListItem","position":2,"name":"G\u00fcnstige Hotels &#038; Last Minute Angebote in Brighton"}]}]}},"_links":{"self":[{"href":"https:\/\/www.urlaubcornwall.de\/blog\/wp-json\/wp\/v2\/pages\/28363"}],"collection":[{"href":"https:\/\/www.urlaubcornwall.de\/blog\/wp-json\/wp\/v2\/pages"}],"about":[{"href":"https:\/\/www.urlaubcornwall.de\/blog\/wp-json\/wp\/v2\/types\/page"}],"author":[{"embeddable":true,"href":"https:\/\/www.urlaubcornwall.de\/blog\/wp-json\/wp\/v2\/users\/1"}],"replies":[{"embeddable":true,"href":"https:\/\/www.urlaubcornwall.de\/blog\/wp-json\/wp\/v2\/comments?post=28363"}],"version-history":[{"count":5,"href":"https:\/\/www.urlaubcornwall.de\/blog\/wp-json\/wp\/v2\/pages\/28363\/revisions"}],"predecessor-version":[{"id":49390,"href":"https:\/\/www.urlaubcornwall.de\/blog\/wp-json\/wp\/v2\/pages\/28363\/revisions\/49390"}],"wp:attachment":[{"href":"https:\/\/www.urlaubcornwall.de\/blog\/wp-json\/wp\/v2\/media?parent=28363"}],"curies":[{"name":"wp","href":"https:\/\/api.w.org\/{rel}","templated":true}]}}