{"id":27997,"date":"2017-06-23T14:20:02","date_gmt":"2017-06-23T14:20:02","guid":{"rendered":"https:\/\/www.urlaubcornwall.de\/blog\/?page_id=27997"},"modified":"2020-07-19T08:55:38","modified_gmt":"2020-07-19T08:55:38","slug":"traditionelle-englische-cotswolds-ferienhaeuser","status":"publish","type":"page","link":"https:\/\/www.urlaubcornwall.de\/blog\/traditionelle-englische-cotswolds-ferienhaeuser\/","title":{"rendered":"9 traditionelle englische Cotswolds Ferienh\u00e4user, die Sie ausprobieren sollten."},"content":{"rendered":"<p><img loading=\"lazy\" class=\"aligncenter size-full wp-image-22767\" src=\"https:\/\/www.urlaubcornwall.de\/blog\/wp-content\/uploads\/2016\/01\/cotswolds-reisen.jpg\" alt=\"cotswolds ferienhaus\" width=\"748\" height=\"331\"\/><\/p>\n<p>\u00dcberlegen Sie, wo in den Cotswolds Sie untergebracht werden wollen? Wir k\u00f6nnen Ihnen das nicht \u00fcbelnehmen. <strong><a href=\"https:\/\/www.urlaubcornwall.de\/ferienhaeuser\/cotswolds.php\">Urlaubscottages in den Cotswolds<\/a><\/strong> sind ganz einzigartig und k\u00f6nnen so nirgendwo anders in Gro\u00dfbritannien gefunden werden; mit ihren goldenen Fassaden, Balkendecken, gem\u00fctlichem Feuer und urigen Elementen. Cottages in den Cotswolds entspringen einem M\u00e4rchen. Wir haben neun unserer beliebtesten H\u00e4user ausgesucht, um Ihnen bei Ihrer Suche behilflich zu sein.<\/p>\n<p><strong><a href=\"https:\/\/www.urlaubcornwall.de\/ferienhaeuser-fewos\/eng\/gloucestershire\/lower-slaughter.html\">Ferienhaus in Lower Slaughter<\/a><\/strong><\/p>\n<p><img loading=\"lazy\" class=\"aligncenter size-full wp-image-27998\" src=\"https:\/\/www.urlaubcornwall.de\/blog\/wp-content\/uploads\/2017\/06\/Tmill-3.jpg\" alt=\"luxus ferienhaus cotswolds\" width=\"747\" height=\"388\" srcset=\"https:\/\/www.urlaubcornwall.de\/blog\/wp-content\/uploads\/2017\/06\/Tmill-3.jpg 747w, https:\/\/www.urlaubcornwall.de\/blog\/wp-content\/uploads\/2017\/06\/Tmill-3-300x156.jpg 300w\" sizes=\"(max-width: 747px) 100vw, 747px\" \/><\/p>\n<p><a href=\"https:\/\/www.urlaubcornwall.de\/ferienhaeuser-fewos\/eng\/gloucestershire\/cheltenham-luxus-unterkuenfte.html\"><strong>Thimble Mill<\/strong><\/a> ist ein wundersch\u00f6nes Cottage in einem von Englands klassischen D\u00f6rfern, dem <a href=\"https:\/\/www.urlaubcornwall.de\/ferienhaeuser-fewos\/eng\/gloucestershire\/lower-slaughter-luxus-unterkuenfte.html\">Lower Slaughter<\/a>, gelegen. Mit einer Kaminecke hat sich dieses unl\u00e4ngst renovierte Cottage seinen Originalcharakter bewahrt und l\u00e4sst es somit zum perfekten Ort werden, um eine traditionelle Cotswolds Erfahrung zu machen. Sein urspr\u00fcngliches Gestein, die Balkendecke und eine romantische Atmosph\u00e4re unterscheiden es von anderen H\u00e4usern der Gegend! Wohnen Sie hier, um die quintessentiellen Elemente der Cotswolds Cottages zu erleben!<\/p>\n<p><strong><a href=\"https:\/\/www.urlaubcornwall.de\/ferienhaeuser-fewos\/eng\/gloucestershire\/stroud.html\">Ferienhaus in Stonehouse<\/a><br \/>\n<\/strong><\/p>\n<p><img loading=\"lazy\" class=\"aligncenter size-full wp-image-27999\" src=\"https:\/\/www.urlaubcornwall.de\/blog\/wp-content\/uploads\/2017\/06\/Wosed-11xbro.jpg\" alt=\"traditionelle englische Cotswolds Ferienh\u00e4user\" width=\"747\" height=\"388\" srcset=\"https:\/\/www.urlaubcornwall.de\/blog\/wp-content\/uploads\/2017\/06\/Wosed-11xbro.jpg 747w, https:\/\/www.urlaubcornwall.de\/blog\/wp-content\/uploads\/2017\/06\/Wosed-11xbro-300x156.jpg 300w\" sizes=\"(max-width: 747px) 100vw, 747px\" \/><\/p>\n<p><a href=\"https:\/\/www.urlaubcornwall.de\/ferienhaeuser-fewos\/eng\/gloucestershire\/stroud.html\">Woodsedge Barn<\/a> ist ein herrlicher Umbau auf dem ersten Stock, in der Stadt Stroud gelegen. Der ehemalige Schuppen hat sich viel seiner traditionellen englischen Anziehungskraft bewahrt durch die ausgestellten Balken und sein Mauerwerk. Es liegt nahe an den h\u00fcbschen St\u00e4dten und D\u00f6rfern Bourton-on-the-Water, Stow-on-the-Wold und Bath. Somit liegt Woodsedge Barn ideal, um in den Cotswolds einen \u201cCream Tea\u201d einzunehmen oder einen Spaziergang durch die Landschaft zu machen.<\/p>\n<p id=\"widget-property-descriptive-title\" class=\"widget widget-property-descriptive-title type-cottage\"><a href=\"https:\/\/www.urlaubcornwall.de\/ferienhaeuser-fewos\/eng\/warwickshire\/stratford-upon-avon.html\"><strong>Ferienhaus in Stratford -upon- Avon<\/strong><\/a><\/p>\n<p><img loading=\"lazy\" class=\"aligncenter size-full wp-image-28000\" src=\"https:\/\/www.urlaubcornwall.de\/blog\/wp-content\/uploads\/2017\/06\/COSY-COR.jpg\" alt=\"Cotswolds Ferienh\u00e4user\" width=\"747\" height=\"388\" srcset=\"https:\/\/www.urlaubcornwall.de\/blog\/wp-content\/uploads\/2017\/06\/COSY-COR.jpg 747w, https:\/\/www.urlaubcornwall.de\/blog\/wp-content\/uploads\/2017\/06\/COSY-COR-300x156.jpg 300w\" sizes=\"(max-width: 747px) 100vw, 747px\" \/><\/p>\n<p>Wie sein Name besagt, ist dieses Cottage eines der gem\u00fctlichsten! <a href=\"https:\/\/www.urlaubcornwall.de\/ferienhaeuser-fewos\/eng\/warwickshire\/stratford-upon-avon.html\">The Cosy Corner<\/a> liegt angenehmerweise in <a href=\"https:\/\/www.urlaubcornwall.de\/ferienhaeuser-fewos\/salisbury.html\">Salisbury<\/a> mit Blick \u00fcber das Dorf Steeple Langford, das sich innerhalb eines Gebiets besonderer Natursch\u00f6nheit befindet. H\u00fcbsch eingerichtet, hat das Landcottage eine einladende Feuerstelle, eine gut ausgestattete K\u00fcche und befindet sich in unmittelbarer N\u00e4he zu einer Kneipe vor Ort. Naturliebhaber werden den kurzen Spaziergang nach Langford Lakes lieben; einer 40 Ar gro\u00dfen Farm im Familienbesitz in der N\u00e4he eines Naturreservats.<\/p>\n<p id=\"widget-property-descriptive-title\" class=\"widget widget-property-descriptive-title type-cottage\"><a href=\"https:\/\/www.urlaubcornwall.de\/ferienhaeuser-fewos\/eng\/wiltshire\/bradford-on-avon.html\"><strong>Ferienhaus in Bradford-on-Avon<\/strong><\/a><\/p>\n<p><img loading=\"lazy\" class=\"aligncenter size-full wp-image-28001\" src=\"https:\/\/www.urlaubcornwall.de\/blog\/wp-content\/uploads\/2017\/06\/bakery.jpg\" alt=\"\" width=\"747\" height=\"388\" srcset=\"https:\/\/www.urlaubcornwall.de\/blog\/wp-content\/uploads\/2017\/06\/bakery.jpg 747w, https:\/\/www.urlaubcornwall.de\/blog\/wp-content\/uploads\/2017\/06\/bakery-300x156.jpg 300w\" sizes=\"(max-width: 747px) 100vw, 747px\" \/><\/p>\n<p>Ein weiteres klassisches Haus in Wiltshire ist diese charmante ehemalige B\u00e4ckerei. <a href=\"https:\/\/www.urlaubcornwall.de\/ferienhaeuser-fewos\/eng\/wiltshire\/bradford-on-avon.html\">Bakery Cottage<\/a> ist ein wahrhaft luxuri\u00f6ses und dennoch uriges Zuhause, lediglich Momente vom beliebten Stadtzentrum <a href=\"https:\/\/www.urlaubcornwall.de\/ferienhaeuser-fewos\/eng\/wiltshire\/bradford-on-avon.html\">Bradford-on-Avon<\/a> gelegen. Seine neutrale farbliche Palette und das ger\u00e4umige Layout machen es zu einem sehr komfortablen Zuhause vom Zuhause. Erkunden Sie die unabh\u00e4ngigen Gesch\u00e4fte der n\u00e4heren Umgebung, Teeh\u00e4user und Kneipen oder bewegen Sie sich 30 Minuten weiter hinaus, um die lebendige Stadt Bristol zu erreichen.<\/p>\n<p><strong><a href=\"https:\/\/www.urlaubcornwall.de\/ferienhaeuser-fewos\/eng\/worcestershire\/evesham.html\">Ferienhaus in Evesham<\/a><br \/>\n<\/strong><\/p>\n<p><img loading=\"lazy\" class=\"aligncenter size-full wp-image-28002\" src=\"https:\/\/www.urlaubcornwall.de\/blog\/wp-content\/uploads\/2017\/06\/Ablco-3.jpg\" alt=\"luxuri\u00f6se ferienhaus cotswolds\" width=\"747\" height=\"388\" srcset=\"https:\/\/www.urlaubcornwall.de\/blog\/wp-content\/uploads\/2017\/06\/Ablco-3.jpg 747w, https:\/\/www.urlaubcornwall.de\/blog\/wp-content\/uploads\/2017\/06\/Ablco-3-300x156.jpg 300w\" sizes=\"(max-width: 747px) 100vw, 747px\" \/><\/p>\n<p>In der N\u00e4he von Shakespeares Heimatstadt liegt <a href=\"https:\/\/www.urlaubcornwall.de\/ferienhaeuser-fewos\/eng\/worcestershire\/evesham.html\">Abbots Court Lantern Cottage<\/a> in einem wundersch\u00f6nen Hof innerhalb einer ruhigen Ansiedlung. Wenn Sie nach einem Bauernhofflair suchen, dann ist dieses Cottage goldrichtig f\u00fcr Sie! Mit einem elektrischen Backofen im Bauernstil, Grill und w\u00e4rmendem Esszimmer l\u00e4sst es sich hier komfortabel speisen, oder Sie gehen in die nahe gelegene Kneipe, um eine k\u00f6stliche Mahlzeit einzunehmen. Bekannt f\u00fcr seine schwarzwei\u00df gemusterten H\u00e4user, ist Abbots Lench ein h\u00fcbsches Dorf mit s\u00e4mtlichen notwendigen Einkaufsm\u00f6glichkeiten.<\/p>\n<p><strong><a href=\"https:\/\/www.urlaubcornwall.de\/ferienhaeuser-fewos\/eng\/gloucestershire\/wotton-under-edge.html\">Ferienhaus Wotton under Edge<\/a><br \/>\n<\/strong><\/p>\n<p><img loading=\"lazy\" class=\"aligncenter size-full wp-image-28003\" src=\"https:\/\/www.urlaubcornwall.de\/blog\/wp-content\/uploads\/2017\/06\/Earba-4.jpg\" alt=\"\" width=\"747\" height=\"388\" srcset=\"https:\/\/www.urlaubcornwall.de\/blog\/wp-content\/uploads\/2017\/06\/Earba-4.jpg 747w, https:\/\/www.urlaubcornwall.de\/blog\/wp-content\/uploads\/2017\/06\/Earba-4-300x156.jpg 300w\" sizes=\"(max-width: 747px) 100vw, 747px\" \/><\/p>\n<p>Mit Panoramablick \u00fcber die Cotswolds H\u00fcgel, m\u00fcssen Sie unbedingt im <a href=\"https:\/\/www.urlaubcornwall.de\/ferienhaeuser-fewos\/eng\/gloucestershire\/wotton-under-edge.html\">Earl Barton Cottage<\/a> \u00fcbernachten! Auf hohem Standard ausgestattet, bietet dieser offen angelegte Umbau einer Scheune altmodische sichtbare Balken sowie Eichenb\u00f6den, die weiter zur gem\u00fctlichen Atmosph\u00e4re beitragen. Kuscheln Sie mit Ihrem Liebsten \/ Ihrer Liebsten vor dem gl\u00e4sernen offenen Feuer oder begeben Sie sich auf den Wanderweg, der lediglich wenige Meter entfernt vom Cottage verl\u00e4uft, um die Gegend zu erkunden.<\/p>\n<p><strong><a href=\"https:\/\/www.urlaubcornwall.de\/ferienhaeuser-fewos\/eng\/gloucestershire\/tewkesbury.html\">Ferienhaus in Twekesbury<\/a><br \/>\n<\/strong><\/p>\n<p><img loading=\"lazy\" class=\"aligncenter size-full wp-image-28004\" src=\"https:\/\/www.urlaubcornwall.de\/blog\/wp-content\/uploads\/2017\/06\/Goshe-3.jpg\" alt=\"\" width=\"747\" height=\"388\" srcset=\"https:\/\/www.urlaubcornwall.de\/blog\/wp-content\/uploads\/2017\/06\/Goshe-3.jpg 747w, https:\/\/www.urlaubcornwall.de\/blog\/wp-content\/uploads\/2017\/06\/Goshe-3-300x156.jpg 300w\" sizes=\"(max-width: 747px) 100vw, 747px\" \/><\/p>\n<p>The <a href=\"https:\/\/www.urlaubcornwall.de\/ferienhaeuser-fewos\/eng\/gloucestershire\/tewkesbury.html\">Goose Shed ist ein liebevoll umgebautes Cottage<\/a>, das von Farmland umgeben ist. Eingerichtet mit einer gut ausgestatteten K\u00fcche, Rasenfl\u00e4che und gro\u00dfen Fenstern, bietet The Goose Shed alles, was Sie f\u00fcr einen fantastischen Aufenthalt brauchen, einschlie\u00dflich unvergleichbaren Blick \u00fcber die Landschaft. In Gloucestershires schwarzwei\u00dfer Metropole Tewkesbury gelegen, bietet Ihnen dieses Cottage das Beste beider Welten. Besuchen Sie <a href=\"https:\/\/www.urlaubcornwall.de\/ferienhaeuser-fewos\/eng\/worcestershire\/worcestershire.html\">Tewkesburys<\/a> unabh\u00e4ngige Boutiquen, Gastst\u00e4tten und Aktivit\u00e4ten, um eine spa\u00dfgespickte Woche zu erleben oder bleiben Sie in der N\u00e4he, um in die Landschaft aufzubrechen.<\/p>\n<p><a href=\"https:\/\/www.urlaubcornwall.de\/ferienhaeuser-fewos\/eng\/gloucestershire\/tewkesbury.html\"><strong>Ferienhaus in Tewkesbury mit 5 Schlafzimmern<\/strong><\/a><\/p>\n<p><img loading=\"lazy\" class=\"aligncenter size-full wp-image-28005\" src=\"https:\/\/www.urlaubcornwall.de\/blog\/wp-content\/uploads\/2017\/06\/warders.jpg\" alt=\"\" width=\"747\" height=\"388\" srcset=\"https:\/\/www.urlaubcornwall.de\/blog\/wp-content\/uploads\/2017\/06\/warders.jpg 747w, https:\/\/www.urlaubcornwall.de\/blog\/wp-content\/uploads\/2017\/06\/warders-300x156.jpg 300w\" sizes=\"(max-width: 747px) 100vw, 747px\" \/><\/p>\n<p>F\u00fcr gr\u00f6\u00dfere Gruppen eignet sich <a href=\"https:\/\/www.urlaubcornwall.de\/ferienhaeuser-fewos\/eng\/gloucestershire\/tewkesbury.html\">Warders Farm<\/a>, wo neun Personen in entz\u00fcckend l\u00e4ndlicher Lage untergebracht werden k\u00f6nnen. Perfekt f\u00fcr gro\u00dfe Familienzusammenk\u00fcnfte oder Gruppenurlaube hat Warders Farm ein ger\u00e4umiges Esszimmer f\u00fcr gemeinsame Mahlzeiten, ein luftiges Wohnzimmer mit Holzofen und f\u00fcnf wundersch\u00f6n ausgestattete Schlafzimmer. Nicht zu vergessen der Hot Tub mit Sound System! Umgeben von vielen bekannten Cotswolds Attraktionen, wird Sie dieses Geb\u00e4ude nicht entt\u00e4uschen!<\/p>\n<p id=\"widget-property-descriptive-title\" class=\"widget widget-property-descriptive-title type-cottage\"><a href=\"https:\/\/www.urlaubcornwall.de\/ferienhaeuser-fewos\/eng\/worcestershire\/pershore.html\"><strong>Ferienhaus in Pershore mit 1 Schlafzimmer<\/strong><\/a><\/p>\n<p><img loading=\"lazy\" class=\"aligncenter size-full wp-image-28006\" src=\"https:\/\/www.urlaubcornwall.de\/blog\/wp-content\/uploads\/2017\/06\/the-little-red-cottage.jpg\" alt=\"urlaub cottage cotswolds\" width=\"747\" height=\"388\" srcset=\"https:\/\/www.urlaubcornwall.de\/blog\/wp-content\/uploads\/2017\/06\/the-little-red-cottage.jpg 747w, https:\/\/www.urlaubcornwall.de\/blog\/wp-content\/uploads\/2017\/06\/the-little-red-cottage-300x156.jpg 300w\" sizes=\"(max-width: 747px) 100vw, 747px\" \/><\/p>\n<p>Genie\u00dfen Sie den willkommen hei\u00dfenden Charakter des The <a href=\"https:\/\/www.urlaubcornwall.de\/ferienhaeuser-fewos\/eng\/worcestershire\/pershore.html\">Little Red Cottage<\/a>. Erbaut aus \u00f6rtlichem rotem Tongestein, befindet sich dieses Cottage, ein Zuhause vom Zuhause, innerhalb des postkartensch\u00f6nen Dorfes Naunton Beauchamp, lediglich Momente von Pershore entfernt. Dieses sch\u00e4big schicke Paradies begr\u00fc\u00dft Sie mit einem liebensw\u00fcrdigen Ambiente. Wundersch\u00f6nes Dekor, gem\u00fctliche Einrichtung und ein einladendes Schlafzimmer machen dies zu einem fantastischen Cottage f\u00fcr zwei Personen. Spazieren Sie zur Kneipe, den Gesch\u00e4ften und Restaurants, um den Komfort des Dorfes vor Ort zu genie\u00dfen oder machen Sie einen nur 20 min\u00fctigen Ausflug, um das herrliche National Trust Haus Croome zu besichtigen.<\/p>\n<p>Falls Sie eines dieser neuen Cottages in den Cotswolds lockt, dann <a href=\"https:\/\/www.urlaubcornwall.de\/ferienhaeuser\/cotswolds.php\"><strong>klicken Sie hier<\/strong><\/a>, um Ihr Traumurlaubsziel zu finden!<\/p>\n","protected":false},"excerpt":{"rendered":"<p>\u00dcberlegen Sie, wo in den Cotswolds Sie untergebracht werden wollen? Wir k\u00f6nnen Ihnen das nicht \u00fcbelnehmen. Urlaubscottages in den Cotswolds sind ganz einzigartig und k\u00f6nnen so nirgendwo anders in Gro\u00dfbritannien gefunden werden; mit ihren goldenen Fassaden, Balkendecken, gem\u00fctlichem Feuer und urigen Elementen. Cottages in den Cotswolds entspringen einem M\u00e4rchen. Wir haben neun unserer beliebtesten H\u00e4user [&hellip;]<\/p>\n","protected":false},"author":1,"featured_media":0,"parent":0,"menu_order":0,"comment_status":"closed","ping_status":"closed","template":"single-four.php","meta":[],"acf":[],"yoast_head":"<!-- This site is optimized with the Yoast SEO plugin v19.4 - https:\/\/yoast.com\/wordpress\/plugins\/seo\/ -->\n<title>9 traditionelle englische Cotswolds Ferienh\u00e4user, die Sie ausprobieren sollten. - Urlaub &amp; Reisen<\/title>\n<meta name=\"robots\" content=\"index, follow, max-snippet:-1, max-image-preview:large, max-video-preview:-1\" \/>\n<link rel=\"canonical\" href=\"https:\/\/www.urlaubcornwall.de\/blog\/traditionelle-englische-cotswolds-ferienhaeuser\/\" \/>\n<meta property=\"og:locale\" content=\"en_US\" \/>\n<meta property=\"og:type\" content=\"article\" \/>\n<meta property=\"og:title\" content=\"9 traditionelle englische Cotswolds Ferienh\u00e4user, die Sie ausprobieren sollten. - Urlaub &amp; Reisen\" \/>\n<meta property=\"og:description\" content=\"\u00dcberlegen Sie, wo in den Cotswolds Sie untergebracht werden wollen? Wir k\u00f6nnen Ihnen das nicht \u00fcbelnehmen. Urlaubscottages in den Cotswolds sind ganz einzigartig und k\u00f6nnen so nirgendwo anders in Gro\u00dfbritannien gefunden werden; mit ihren goldenen Fassaden, Balkendecken, gem\u00fctlichem Feuer und urigen Elementen. Cottages in den Cotswolds entspringen einem M\u00e4rchen. Wir haben neun unserer beliebtesten H\u00e4user [&hellip;]\" \/>\n<meta property=\"og:url\" content=\"https:\/\/www.urlaubcornwall.de\/blog\/traditionelle-englische-cotswolds-ferienhaeuser\/\" \/>\n<meta property=\"og:site_name\" content=\"Urlaub &amp; Reisen\" \/>\n<meta property=\"article:modified_time\" content=\"2020-07-19T08:55:38+00:00\" \/>\n<meta property=\"og:image\" content=\"https:\/\/www.urlaubcornwall.de\/blog\/wp-content\/uploads\/2016\/01\/cotswolds-reisen.jpg\" \/>\n<meta name=\"twitter:card\" content=\"summary\" \/>\n<meta name=\"twitter:label1\" content=\"Est. reading time\" \/>\n\t<meta name=\"twitter:data1\" content=\"4 minutes\" \/>\n<script type=\"application\/ld+json\" class=\"yoast-schema-graph\">{\"@context\":\"https:\/\/schema.org\",\"@graph\":[{\"@type\":\"WebSite\",\"@id\":\"https:\/\/www.urlaubcornwall.de\/blog\/#website\",\"url\":\"https:\/\/www.urlaubcornwall.de\/blog\/\",\"name\":\"Urlaub &amp; Reisen\",\"description\":\"Urlaub, Reisen, Cornwall und S\u00fcdengland: eine perfekte Kombination\",\"potentialAction\":[{\"@type\":\"SearchAction\",\"target\":{\"@type\":\"EntryPoint\",\"urlTemplate\":\"https:\/\/www.urlaubcornwall.de\/blog\/?s={search_term_string}\"},\"query-input\":\"required name=search_term_string\"}],\"inLanguage\":\"en-US\"},{\"@type\":\"WebPage\",\"@id\":\"https:\/\/www.urlaubcornwall.de\/blog\/traditionelle-englische-cotswolds-ferienhaeuser\/\",\"url\":\"https:\/\/www.urlaubcornwall.de\/blog\/traditionelle-englische-cotswolds-ferienhaeuser\/\",\"name\":\"9 traditionelle englische Cotswolds Ferienh\u00e4user, die Sie ausprobieren sollten. - Urlaub &amp; Reisen\",\"isPartOf\":{\"@id\":\"https:\/\/www.urlaubcornwall.de\/blog\/#website\"},\"datePublished\":\"2017-06-23T14:20:02+00:00\",\"dateModified\":\"2020-07-19T08:55:38+00:00\",\"breadcrumb\":{\"@id\":\"https:\/\/www.urlaubcornwall.de\/blog\/traditionelle-englische-cotswolds-ferienhaeuser\/#breadcrumb\"},\"inLanguage\":\"en-US\",\"potentialAction\":[{\"@type\":\"ReadAction\",\"target\":[\"https:\/\/www.urlaubcornwall.de\/blog\/traditionelle-englische-cotswolds-ferienhaeuser\/\"]}]},{\"@type\":\"BreadcrumbList\",\"@id\":\"https:\/\/www.urlaubcornwall.de\/blog\/traditionelle-englische-cotswolds-ferienhaeuser\/#breadcrumb\",\"itemListElement\":[{\"@type\":\"ListItem\",\"position\":1,\"name\":\"Home\",\"item\":\"https:\/\/www.urlaubcornwall.de\/blog\/\"},{\"@type\":\"ListItem\",\"position\":2,\"name\":\"9 traditionelle englische Cotswolds Ferienh\u00e4user, die Sie ausprobieren sollten.\"}]}]}<\/script>\n<!-- \/ Yoast SEO plugin. -->","yoast_head_json":{"title":"9 traditionelle englische Cotswolds Ferienh\u00e4user, die Sie ausprobieren sollten. - Urlaub &amp; Reisen","robots":{"index":"index","follow":"follow","max-snippet":"max-snippet:-1","max-image-preview":"max-image-preview:large","max-video-preview":"max-video-preview:-1"},"canonical":"https:\/\/www.urlaubcornwall.de\/blog\/traditionelle-englische-cotswolds-ferienhaeuser\/","og_locale":"en_US","og_type":"article","og_title":"9 traditionelle englische Cotswolds Ferienh\u00e4user, die Sie ausprobieren sollten. - Urlaub &amp; Reisen","og_description":"\u00dcberlegen Sie, wo in den Cotswolds Sie untergebracht werden wollen? Wir k\u00f6nnen Ihnen das nicht \u00fcbelnehmen. Urlaubscottages in den Cotswolds sind ganz einzigartig und k\u00f6nnen so nirgendwo anders in Gro\u00dfbritannien gefunden werden; mit ihren goldenen Fassaden, Balkendecken, gem\u00fctlichem Feuer und urigen Elementen. Cottages in den Cotswolds entspringen einem M\u00e4rchen. Wir haben neun unserer beliebtesten H\u00e4user [&hellip;]","og_url":"https:\/\/www.urlaubcornwall.de\/blog\/traditionelle-englische-cotswolds-ferienhaeuser\/","og_site_name":"Urlaub &amp; Reisen","article_modified_time":"2020-07-19T08:55:38+00:00","og_image":[{"url":"https:\/\/www.urlaubcornwall.de\/blog\/wp-content\/uploads\/2016\/01\/cotswolds-reisen.jpg"}],"twitter_card":"summary","twitter_misc":{"Est. reading time":"4 minutes"},"schema":{"@context":"https:\/\/schema.org","@graph":[{"@type":"WebSite","@id":"https:\/\/www.urlaubcornwall.de\/blog\/#website","url":"https:\/\/www.urlaubcornwall.de\/blog\/","name":"Urlaub &amp; Reisen","description":"Urlaub, Reisen, Cornwall und S\u00fcdengland: eine perfekte Kombination","potentialAction":[{"@type":"SearchAction","target":{"@type":"EntryPoint","urlTemplate":"https:\/\/www.urlaubcornwall.de\/blog\/?s={search_term_string}"},"query-input":"required name=search_term_string"}],"inLanguage":"en-US"},{"@type":"WebPage","@id":"https:\/\/www.urlaubcornwall.de\/blog\/traditionelle-englische-cotswolds-ferienhaeuser\/","url":"https:\/\/www.urlaubcornwall.de\/blog\/traditionelle-englische-cotswolds-ferienhaeuser\/","name":"9 traditionelle englische Cotswolds Ferienh\u00e4user, die Sie ausprobieren sollten. - Urlaub &amp; Reisen","isPartOf":{"@id":"https:\/\/www.urlaubcornwall.de\/blog\/#website"},"datePublished":"2017-06-23T14:20:02+00:00","dateModified":"2020-07-19T08:55:38+00:00","breadcrumb":{"@id":"https:\/\/www.urlaubcornwall.de\/blog\/traditionelle-englische-cotswolds-ferienhaeuser\/#breadcrumb"},"inLanguage":"en-US","potentialAction":[{"@type":"ReadAction","target":["https:\/\/www.urlaubcornwall.de\/blog\/traditionelle-englische-cotswolds-ferienhaeuser\/"]}]},{"@type":"BreadcrumbList","@id":"https:\/\/www.urlaubcornwall.de\/blog\/traditionelle-englische-cotswolds-ferienhaeuser\/#breadcrumb","itemListElement":[{"@type":"ListItem","position":1,"name":"Home","item":"https:\/\/www.urlaubcornwall.de\/blog\/"},{"@type":"ListItem","position":2,"name":"9 traditionelle englische Cotswolds Ferienh\u00e4user, die Sie ausprobieren sollten."}]}]}},"_links":{"self":[{"href":"https:\/\/www.urlaubcornwall.de\/blog\/wp-json\/wp\/v2\/pages\/27997"}],"collection":[{"href":"https:\/\/www.urlaubcornwall.de\/blog\/wp-json\/wp\/v2\/pages"}],"about":[{"href":"https:\/\/www.urlaubcornwall.de\/blog\/wp-json\/wp\/v2\/types\/page"}],"author":[{"embeddable":true,"href":"https:\/\/www.urlaubcornwall.de\/blog\/wp-json\/wp\/v2\/users\/1"}],"replies":[{"embeddable":true,"href":"https:\/\/www.urlaubcornwall.de\/blog\/wp-json\/wp\/v2\/comments?post=27997"}],"version-history":[{"count":8,"href":"https:\/\/www.urlaubcornwall.de\/blog\/wp-json\/wp\/v2\/pages\/27997\/revisions"}],"predecessor-version":[{"id":41750,"href":"https:\/\/www.urlaubcornwall.de\/blog\/wp-json\/wp\/v2\/pages\/27997\/revisions\/41750"}],"wp:attachment":[{"href":"https:\/\/www.urlaubcornwall.de\/blog\/wp-json\/wp\/v2\/media?parent=27997"}],"curies":[{"name":"wp","href":"https:\/\/api.w.org\/{rel}","templated":true}]}}