{"id":27796,"date":"2017-04-25T14:27:12","date_gmt":"2017-04-25T14:27:12","guid":{"rendered":"https:\/\/www.urlaubcornwall.de\/blog\/?page_id=27796"},"modified":"2024-05-29T15:20:16","modified_gmt":"2024-05-29T15:20:16","slug":"handverlesene-hotels-in-den-cotswolds","status":"publish","type":"page","link":"https:\/\/www.urlaubcornwall.de\/blog\/handverlesene-hotels-in-den-cotswolds\/","title":{"rendered":"Die sch\u00f6nsten Hotels in den Cotswolds"},"content":{"rendered":"<p><a href=\"https:\/\/www.urlaubcornwall.de\/blog\/wp-content\/uploads\/2024\/03\/cotswolds-cottage.jpg\"><img loading=\"lazy\" src=\"https:\/\/www.urlaubcornwall.de\/blog\/wp-content\/uploads\/2024\/03\/cotswolds-cottage.jpg\" alt=\"cotswolds cottage\" width=\"750\" height=\"500\" class=\"alignnone size-full wp-image-47790\" srcset=\"https:\/\/www.urlaubcornwall.de\/blog\/wp-content\/uploads\/2024\/03\/cotswolds-cottage.jpg 750w, https:\/\/www.urlaubcornwall.de\/blog\/wp-content\/uploads\/2024\/03\/cotswolds-cottage-300x200.jpg 300w\" sizes=\"(max-width: 750px) 100vw, 750px\" \/><\/a><\/p>\n<p style=\"text-align: left;\">Unsere Auswahl an Unterk\u00fcnften beinhaltet nur die besten und sch\u00f6nsten Hotels, in den <a href=\"https:\/\/www.urlaubcornwall.de\/reiseziel\/cotswolds.php\">Cotswolds<\/a> zu bieten hat, und zwar an den Orten, die Sie in Ihrem Urlaub besuchen m\u00f6chten. Wir bieten eine Vielzahl an Hotels in atemberaubenden Gegenden an, von luxuri\u00f6sen 5-Sterne-Hotels und Boutiquehotels hin zu kleineren familienfreundlichen und preiswerten Hotels.<\/p>\n<h1><a href=\"https:\/\/www.booking.com\/hotel\/gb\/the-kingsarmshotel.de.html?aid=1320750&amp;no_rooms=1&amp;group_adults=2&amp;room1=A%2CA\" rel=\"nofollow\"><strong>Hotel in Chipping Campden<\/strong><\/a><\/h1>\n<p style=\"text-align: left;\">The Kings Hotel ist ein charmantes Stadthaus des 18. Jahrhunderts mit unverwechselbarer und stilvoller Unterkunft. Einf\u00fchlsame und sorgsame Renovation f\u00fchrte dazu, dass Sie nun all den modernen Komfort heutiger Zeit, den Sie brauchen, genie\u00dfen k\u00f6nnen und dennoch den Charakter und die Geschichte eines Steingeb\u00e4udes der Cotswolds aufsaugen k\u00f6nnen&#8230;&#8230;<a href=\"https:\/\/www.booking.com\/hotel\/gb\/the-kingsarmshotel.de.html?aid=1320750&amp;no_rooms=1&amp;group_adults=2&amp;room1=A%2CA\" rel=\"nofollow\">[ mehr ]<\/a><\/p>\n<h1 style=\"text-align: left;\"><a href=\"https:\/\/www.booking.com\/hotel\/gb\/the-arden-stratford.de.html?aid=1320750&amp;no_rooms=1&amp;group_adults=2&amp;room1=A%2CA\" rel=\"nofollow\"><strong>Boutique-Hotel in Stratford upon Avon<\/strong><\/a><\/h1>\n<p style=\"text-align: left;\">Im Herzen des historischen Stratford-upon-Avon gelegen, direkt gegen\u00fcber des weltbekannten Royal Shakespeare Company Theaters, ist The Arden Hotel ein elegantes und anspruchsvolles Boutique Hotel mit 45 R\u00e4umen in der Geburtsstadt von William Shakespeare. Die unvergleichbare Stadtzentrumslage, die es Ihnen erm\u00f6glicht, jede Attraktion zu Fu\u00df zu erreichen, der private Parkplatz, sowie Blick \u00fcber das Royal Shakespeare Theater und den Fluss Avon hinweg&#8230;..[ <span style=\"text-decoration: underline;\"><a href=\"htts:\/\/www.booking.com\/hotel\/gb\/the-arden-stratford.de.html?aid=1320750&amp;no_rooms=1&amp;group_adults=2&amp;room1=A%2CA\" rel=\"nofollow\">mehr<\/a><\/span> ]<\/p>\n<h1 style=\"text-align: left;\"><a href=\"https:\/\/www.booking.com\/hotel\/gb\/the-greenway.de.html?aid=1320750&amp;amp;no_rooms=1&amp;amp;group_adults=2&amp;amp;room1=A%2CA\" rel=\"nofollow\"><strong>Luxus-Landhotel in Cheltenham<\/strong><\/a><\/h1>\n<p>Am Stadtrand der Regency Stadt Cheltenham gelegen, ist The Greenway ein luxuri\u00f6ses elisabethanisches Herrenhaushotel und Spa des 16. Jahrhunderts. Das Hotel mit 21 Zimmern, seinem warmen \u00c4u\u00dferen aus <a href=\"https:\/\/www.urlaubcornwall.de\/blog\/urlaub-reisen-von-den-cotswolds-und-dem-land-shakespeares\/\">Cotswold<\/a> Gestein, liefert das Bild englischen l\u00e4ndlichen Charmes; die acht Ar herrlichen Grundst\u00fccks bieten Blick \u00fcber die sich dahin schwingenden Cotswold Hills&#8230;..<a href=\"https:\/\/www.booking.com\/hotel\/gb\/the-greenway.de.html?aid=1320750&amp;no_rooms=1&amp;group_adults=2&amp;room1=A%2CA\" rel=\"nofollow\">[ <span style=\"text-decoration: underline;\">mehr <\/span>]<\/a><\/p>\n<h1 style=\"text-align: left;\"><a href=\"https:\/\/www.booking.com\/hotel\/gb\/mallory-court.de.html?aid=1320750&amp;no_rooms=1&amp;group_adults=2&amp;room1=A%2CA\" rel=\"nofollow\"><strong>Herrenhaus Hotel in Lemington Spa<\/strong><\/a><\/h1>\n<p style=\"text-align: left;\">Dieses herrliche Herrenhaushotel in Leamington Spa mit seinen wundervollen 31 Zimmern, befindet sich innerhalb eines Grundst\u00fccks von 10 Ar und ist Inbegriff eines quintessentiellen englischen Landhaushotels. Eleganz und Stil sind personifiziert, das Mallory Court Hotel &amp; Spa hat einen Stammbaum und eine Geschichte, die schon seit langem in Verbindung gebracht wird mit gro\u00dfartiger Hotelf\u00fchrung. G\u00e4ste verlieben sich sofort in Mallory und kommen Mal f\u00fcr Mal wieder&#8230;..<a href=\"https:\/\/www.booking.com\/hotel\/gb\/mallory-court.de.html?aid=1320750&amp;no_rooms=1&amp;group_adults=2&amp;room1=A%2CA\" rel=\"nofollow\">[ <span style=\"text-decoration: underline;\">mehr <\/span> ]<\/a><\/p>\n<p><ins class=\"bookingaff\" data-aid=\"1702325\" data-target_aid=\"1702325\" data-prod=\"map\" data-width=\"100%\" data-height=\"590\" data-lang=\"ualng\" data-dest_id=\"0\" data-dest_type=\"landmark\" data-latitude=\"51.794952\" data-longitude=\"-1.8838872\" data-mwhsb=\"0\" data-address=\"Cotswolds, UK\"><br \/>\n    <!-- Anything inside will go away once widget is loaded. --><br \/>\n        <a href=\"\/\/www.booking.com?aid=1702325\" rel=\"nofollow\">Booking.com<\/a><br \/>\n<\/ins><br \/>\n<script type=\"text\/javascript\">\n    (function(d, sc, u) {\n      var s = d.createElement(sc), p = d.getElementsByTagName(sc)[0];\n      s.type = 'text\/javascript';\n      s.async = true;\n      s.src = u + '?v=' + (+new Date());\n      p.parentNode.insertBefore(s,p);\n      })(document, 'script', '\/\/aff.bstatic.com\/static\/affiliate_base\/js\/flexiproduct.js');\n<\/script><\/p>\n<div class=\"snippet\"> <a class=\"featured-item\" href=\"https:\/\/www.urlaubcornwall.de\/ferienhaeuser\/cotswolds.php\"> <span class=\"image-holder\" style=\"background-image: url(' https:\/\/www.urlaubcornwall.de\/blog\/wp-content\/uploads\/2018\/12\/ferienhaus-cornwall-mit-hund.jpg ');\"><\/span> <span class=\"featured-content\"> \n<h2 class=\"featured-title\">Ferienh\u00e4user in den Cotswolds<\/h2>\n<p class=\"featured-body\">Bei uns finden Sie Ferienh\u00e4user in Gro\u00dfbritannien zum Verlieben; so einfach ist das! UrlaubCornwall.de hat eine einzigartige Sammlung pers\u00f6nlich inspizierter Ferienh\u00e4user und Ferienwohnungen&#8230;.<\/p><\/span> <span class=\"featured-link-holder\"> <span class=\"featured-extra-info\"> \n<p>F\u00fcr Paare, Familien &#038; Gruppen<\/p>\n<\/span> \n<p class=\"featured-link\">DETAILS<\/p>\n<\/span> <\/a><\/div>\n<div class=\"snippet\"> <a class=\"featured-item\" href=\" https:\/\/www.urlaubcornwall.de\/rundreisen\/grossbritannien.php\"> <span class=\"image-holder\" style=\"background-image: url(' https:\/\/www.urlaubcornwall.de\/blog\/wp-content\/uploads\/2018\/11\/rundreise-cornwall.jpg ');\"><\/span> <span class=\"featured-content\"> \n<h2 class=\"featured-title\">Individuelle Rundreise in Gro\u00dfbritannien<\/h2>\n<p class=\"featured-body\">Mit Sitz im Vereinten K\u00f6nigreich und einer Reiseleidenschaft haben wir uns darin spezialisiert, individuelle Rundreisen f\u00fcr Paare, Familien oder Gruppen zusammenzustellen&#8230;.<\/p>\n<\/span> <span class=\"featured-link-holder\"> <span class=\"featured-extra-info\"> \n<p>Urlaub im eigenen Schritttempo<\/p>\n<\/span> \n<p class=\"featured-link\">DETAILS<\/p>\n<\/span> <\/a><\/div>\n","protected":false},"excerpt":{"rendered":"<p>Unsere Auswahl an Unterk\u00fcnften beinhaltet nur die besten und sch\u00f6nsten Hotels, in den Cotswolds zu bieten hat, und zwar an den Orten, die Sie in Ihrem Urlaub besuchen m\u00f6chten. Wir bieten eine Vielzahl an Hotels in atemberaubenden Gegenden an, von luxuri\u00f6sen 5-Sterne-Hotels und Boutiquehotels hin zu kleineren familienfreundlichen und preiswerten Hotels. Hotel in Chipping Campden [&hellip;]<\/p>\n","protected":false},"author":1,"featured_media":0,"parent":0,"menu_order":0,"comment_status":"closed","ping_status":"closed","template":"single-two.php","meta":[],"acf":[],"yoast_head":"<!-- This site is optimized with the Yoast SEO plugin v19.4 - https:\/\/yoast.com\/wordpress\/plugins\/seo\/ -->\n<title>Die sch\u00f6nsten Hotels in den Cotswolds - Urlaub &amp; Reisen<\/title>\n<meta name=\"description\" content=\"Unsere Auswahl an Unterk\u00fcnften beinhaltet nur die besten und sch\u00f6nsten Hotels, in den Cotswolds zu bieten hat, und zwar an den Orten\" \/>\n<meta name=\"robots\" content=\"index, follow, max-snippet:-1, max-image-preview:large, max-video-preview:-1\" \/>\n<link rel=\"canonical\" href=\"https:\/\/www.urlaubcornwall.de\/blog\/handverlesene-hotels-in-den-cotswolds\/\" \/>\n<meta property=\"og:locale\" content=\"en_US\" \/>\n<meta property=\"og:type\" content=\"article\" \/>\n<meta property=\"og:title\" content=\"Die sch\u00f6nsten Hotels in den Cotswolds - Urlaub &amp; Reisen\" \/>\n<meta property=\"og:description\" content=\"Unsere Auswahl an Unterk\u00fcnften beinhaltet nur die besten und sch\u00f6nsten Hotels, in den Cotswolds zu bieten hat, und zwar an den Orten\" \/>\n<meta property=\"og:url\" content=\"https:\/\/www.urlaubcornwall.de\/blog\/handverlesene-hotels-in-den-cotswolds\/\" \/>\n<meta property=\"og:site_name\" content=\"Urlaub &amp; Reisen\" \/>\n<meta property=\"article:modified_time\" content=\"2024-05-29T15:20:16+00:00\" \/>\n<meta property=\"og:image\" content=\"https:\/\/www.urlaubcornwall.de\/blog\/wp-content\/uploads\/2024\/03\/cotswolds-cottage.jpg\" \/>\n<meta name=\"twitter:card\" content=\"summary\" \/>\n<meta name=\"twitter:label1\" content=\"Est. reading time\" \/>\n\t<meta name=\"twitter:data1\" content=\"3 minutes\" \/>\n<script type=\"application\/ld+json\" class=\"yoast-schema-graph\">{\"@context\":\"https:\/\/schema.org\",\"@graph\":[{\"@type\":\"WebSite\",\"@id\":\"https:\/\/www.urlaubcornwall.de\/blog\/#website\",\"url\":\"https:\/\/www.urlaubcornwall.de\/blog\/\",\"name\":\"Urlaub &amp; Reisen\",\"description\":\"Urlaub, Reisen, Cornwall und S\u00fcdengland: eine perfekte Kombination\",\"potentialAction\":[{\"@type\":\"SearchAction\",\"target\":{\"@type\":\"EntryPoint\",\"urlTemplate\":\"https:\/\/www.urlaubcornwall.de\/blog\/?s={search_term_string}\"},\"query-input\":\"required name=search_term_string\"}],\"inLanguage\":\"en-US\"},{\"@type\":\"WebPage\",\"@id\":\"https:\/\/www.urlaubcornwall.de\/blog\/handverlesene-hotels-in-den-cotswolds\/\",\"url\":\"https:\/\/www.urlaubcornwall.de\/blog\/handverlesene-hotels-in-den-cotswolds\/\",\"name\":\"Die sch\u00f6nsten Hotels in den Cotswolds - Urlaub &amp; Reisen\",\"isPartOf\":{\"@id\":\"https:\/\/www.urlaubcornwall.de\/blog\/#website\"},\"datePublished\":\"2017-04-25T14:27:12+00:00\",\"dateModified\":\"2024-05-29T15:20:16+00:00\",\"description\":\"Unsere Auswahl an Unterk\u00fcnften beinhaltet nur die besten und sch\u00f6nsten Hotels, in den Cotswolds zu bieten hat, und zwar an den Orten\",\"breadcrumb\":{\"@id\":\"https:\/\/www.urlaubcornwall.de\/blog\/handverlesene-hotels-in-den-cotswolds\/#breadcrumb\"},\"inLanguage\":\"en-US\",\"potentialAction\":[{\"@type\":\"ReadAction\",\"target\":[\"https:\/\/www.urlaubcornwall.de\/blog\/handverlesene-hotels-in-den-cotswolds\/\"]}]},{\"@type\":\"BreadcrumbList\",\"@id\":\"https:\/\/www.urlaubcornwall.de\/blog\/handverlesene-hotels-in-den-cotswolds\/#breadcrumb\",\"itemListElement\":[{\"@type\":\"ListItem\",\"position\":1,\"name\":\"Home\",\"item\":\"https:\/\/www.urlaubcornwall.de\/blog\/\"},{\"@type\":\"ListItem\",\"position\":2,\"name\":\"Die sch\u00f6nsten Hotels in den Cotswolds\"}]}]}<\/script>\n<!-- \/ Yoast SEO plugin. -->","yoast_head_json":{"title":"Die sch\u00f6nsten Hotels in den Cotswolds - Urlaub &amp; Reisen","description":"Unsere Auswahl an Unterk\u00fcnften beinhaltet nur die besten und sch\u00f6nsten Hotels, in den Cotswolds zu bieten hat, und zwar an den Orten","robots":{"index":"index","follow":"follow","max-snippet":"max-snippet:-1","max-image-preview":"max-image-preview:large","max-video-preview":"max-video-preview:-1"},"canonical":"https:\/\/www.urlaubcornwall.de\/blog\/handverlesene-hotels-in-den-cotswolds\/","og_locale":"en_US","og_type":"article","og_title":"Die sch\u00f6nsten Hotels in den Cotswolds - Urlaub &amp; Reisen","og_description":"Unsere Auswahl an Unterk\u00fcnften beinhaltet nur die besten und sch\u00f6nsten Hotels, in den Cotswolds zu bieten hat, und zwar an den Orten","og_url":"https:\/\/www.urlaubcornwall.de\/blog\/handverlesene-hotels-in-den-cotswolds\/","og_site_name":"Urlaub &amp; Reisen","article_modified_time":"2024-05-29T15:20:16+00:00","og_image":[{"url":"https:\/\/www.urlaubcornwall.de\/blog\/wp-content\/uploads\/2024\/03\/cotswolds-cottage.jpg"}],"twitter_card":"summary","twitter_misc":{"Est. reading time":"3 minutes"},"schema":{"@context":"https:\/\/schema.org","@graph":[{"@type":"WebSite","@id":"https:\/\/www.urlaubcornwall.de\/blog\/#website","url":"https:\/\/www.urlaubcornwall.de\/blog\/","name":"Urlaub &amp; Reisen","description":"Urlaub, Reisen, Cornwall und S\u00fcdengland: eine perfekte Kombination","potentialAction":[{"@type":"SearchAction","target":{"@type":"EntryPoint","urlTemplate":"https:\/\/www.urlaubcornwall.de\/blog\/?s={search_term_string}"},"query-input":"required name=search_term_string"}],"inLanguage":"en-US"},{"@type":"WebPage","@id":"https:\/\/www.urlaubcornwall.de\/blog\/handverlesene-hotels-in-den-cotswolds\/","url":"https:\/\/www.urlaubcornwall.de\/blog\/handverlesene-hotels-in-den-cotswolds\/","name":"Die sch\u00f6nsten Hotels in den Cotswolds - Urlaub &amp; Reisen","isPartOf":{"@id":"https:\/\/www.urlaubcornwall.de\/blog\/#website"},"datePublished":"2017-04-25T14:27:12+00:00","dateModified":"2024-05-29T15:20:16+00:00","description":"Unsere Auswahl an Unterk\u00fcnften beinhaltet nur die besten und sch\u00f6nsten Hotels, in den Cotswolds zu bieten hat, und zwar an den Orten","breadcrumb":{"@id":"https:\/\/www.urlaubcornwall.de\/blog\/handverlesene-hotels-in-den-cotswolds\/#breadcrumb"},"inLanguage":"en-US","potentialAction":[{"@type":"ReadAction","target":["https:\/\/www.urlaubcornwall.de\/blog\/handverlesene-hotels-in-den-cotswolds\/"]}]},{"@type":"BreadcrumbList","@id":"https:\/\/www.urlaubcornwall.de\/blog\/handverlesene-hotels-in-den-cotswolds\/#breadcrumb","itemListElement":[{"@type":"ListItem","position":1,"name":"Home","item":"https:\/\/www.urlaubcornwall.de\/blog\/"},{"@type":"ListItem","position":2,"name":"Die sch\u00f6nsten Hotels in den Cotswolds"}]}]}},"_links":{"self":[{"href":"https:\/\/www.urlaubcornwall.de\/blog\/wp-json\/wp\/v2\/pages\/27796"}],"collection":[{"href":"https:\/\/www.urlaubcornwall.de\/blog\/wp-json\/wp\/v2\/pages"}],"about":[{"href":"https:\/\/www.urlaubcornwall.de\/blog\/wp-json\/wp\/v2\/types\/page"}],"author":[{"embeddable":true,"href":"https:\/\/www.urlaubcornwall.de\/blog\/wp-json\/wp\/v2\/users\/1"}],"replies":[{"embeddable":true,"href":"https:\/\/www.urlaubcornwall.de\/blog\/wp-json\/wp\/v2\/comments?post=27796"}],"version-history":[{"count":28,"href":"https:\/\/www.urlaubcornwall.de\/blog\/wp-json\/wp\/v2\/pages\/27796\/revisions"}],"predecessor-version":[{"id":50733,"href":"https:\/\/www.urlaubcornwall.de\/blog\/wp-json\/wp\/v2\/pages\/27796\/revisions\/50733"}],"wp:attachment":[{"href":"https:\/\/www.urlaubcornwall.de\/blog\/wp-json\/wp\/v2\/media?parent=27796"}],"curies":[{"name":"wp","href":"https:\/\/api.w.org\/{rel}","templated":true}]}}