{"id":27746,"date":"2017-04-24T14:48:37","date_gmt":"2017-04-24T14:48:37","guid":{"rendered":"https:\/\/www.urlaubcornwall.de\/blog\/?page_id=27746"},"modified":"2024-05-29T14:57:35","modified_gmt":"2024-05-29T14:57:35","slug":"luxus-schlosshotel-devon-suedengland","status":"publish","type":"page","link":"https:\/\/www.urlaubcornwall.de\/blog\/luxus-schlosshotel-devon-suedengland\/","title":{"rendered":"Luxus-Schlosshotel in Devon, S\u00fcdengland"},"content":{"rendered":"<p><a href=\"https:\/\/www.urlaubcornwall.de\/blog\/wp-content\/uploads\/2024\/03\/dartmoor.jpg\"><img loading=\"lazy\" src=\"https:\/\/www.urlaubcornwall.de\/blog\/wp-content\/uploads\/2024\/03\/dartmoor.jpg\" alt=\"dartmoor\" width=\"750\" height=\"500\" class=\"alignnone size-full wp-image-47878\" srcset=\"https:\/\/www.urlaubcornwall.de\/blog\/wp-content\/uploads\/2024\/03\/dartmoor.jpg 750w, https:\/\/www.urlaubcornwall.de\/blog\/wp-content\/uploads\/2024\/03\/dartmoor-300x200.jpg 300w\" sizes=\"(max-width: 750px) 100vw, 750px\" \/><\/a><br \/>\nLuxus Hotel in Devon &#8211; Im Herzen des <a href=\"https:\/\/www.urlaubcornwall.de\/reiseziel\/devon.php\">Dartmoor Nationalparks in Devon <\/a>gelegen, befindet sich das 5 Sterne Bovey Castle innerhalb von 111,2 Hektar wundersch\u00f6ner Landschaft und sich sanft dahin schwingender T\u00e4ler.<\/p>\n<p>1930 wurde es erstmals als Hotel und Golfanlage von der Great Western Eisenbahngesellschaft er\u00f6ffnet. Dieses Luxus-Schlosshotel hat 60 fabelhafte Zimmer, 22 Selbstverpfleger-Landh\u00e4user auf dem Grundst\u00fcck, zwei preisgekr\u00f6nte Restaurants, ein Spa, sowie mit Preisen ausgezeichneten 18 Loch Meistergolfplatz, designt von J F Abercromby.<\/p>\n<p>Die breite Palette an Vergn\u00fcgungen auf dem Lande, Golf und Aktivit\u00e4ten, die wundervolle Auswahl an Speisem\u00f6glichkeiten, vom Nachmittagstee bis hin zu feinem Speisen im Great Western und der klassischen britischen Speisekarte der Smith Brasserie, die unvergleichliche Lage und Blick \u00fcber den dramatischen Dartmoor Nationalpark machen das Bovey Castle Hotel zu einem derart einzigartigen Urlaubsdomizil.<\/p>\n<p style=\"text-align: center;\">Das 5 Sterne Bovey Castle bedeutet Geschichte, Abenteuer, Glamour, Spannung und perfekter Landhausurlaub in Devon.<\/p>\n<p style=\"text-align: center;\"><a href=\"https:\/\/www.urlaubcornwall.de\/rundreisenservice.php\"><strong>Unser Rundreisenservice<\/strong><\/a><\/p>\n<p style=\"text-align: center;\">Das beste an unseren Touren ist, dass Sie \u00fcberhaupt nicht eingeschr\u00e4nkt sind.Sie reisen vielleicht g\u00fcnstig, doch das bedeutet nicht, dass Sie nicht eine besondere Nacht in einer Luxusunterkunft oder einem Schlosshotel verbringen k\u00f6nnen.<\/p>\n<p style=\"text-align: center;\"><strong>In welchem Hotel werde ich untergebracht sein?<\/strong><\/p>\n<p style=\"text-align: center;\">In jeder Region des UK, die Sie vielleicht besuchen m\u00f6chten, haben wir uns zusammengeschlossen mit Unterkunftsprovidern, jedem Budget entsprechend. Die Hotels, die wir w\u00e4hlen, sind sorgsam handverlesen bez\u00fcglich des Standards der Unterkunft, dem Service, Kundenbewertungen, der Lage und des Preises.<\/p>\n<p style=\"text-align: center;\"><a class=\"tidycta\" href=\"http:\/\/www.urlaubcornwall.de\/anfrage.php?tourcode=Rundreise S\u00fcdengland\">S\u00fcdengland Rundreise Anfrage<\/a><\/p>\n","protected":false},"excerpt":{"rendered":"<p>Luxus Hotel in Devon &#8211; Im Herzen des Dartmoor Nationalparks in Devon gelegen, befindet sich das 5 Sterne Bovey Castle innerhalb von 111,2 Hektar wundersch\u00f6ner Landschaft und sich sanft dahin schwingender T\u00e4ler. 1930 wurde es erstmals als Hotel und Golfanlage von der Great Western Eisenbahngesellschaft er\u00f6ffnet. Dieses Luxus-Schlosshotel hat 60 fabelhafte Zimmer, 22 Selbstverpfleger-Landh\u00e4user auf [&hellip;]<\/p>\n","protected":false},"author":1,"featured_media":0,"parent":0,"menu_order":0,"comment_status":"closed","ping_status":"closed","template":"single-four.php","meta":[],"acf":[],"yoast_head":"<!-- This site is optimized with the Yoast SEO plugin v19.4 - https:\/\/yoast.com\/wordpress\/plugins\/seo\/ -->\n<title>Luxus-Schlosshotel in Devon, S\u00fcdengland - Urlaub &amp; Reisen<\/title>\n<meta name=\"robots\" content=\"index, follow, max-snippet:-1, max-image-preview:large, max-video-preview:-1\" \/>\n<link rel=\"canonical\" href=\"https:\/\/www.urlaubcornwall.de\/blog\/luxus-schlosshotel-devon-suedengland\/\" \/>\n<meta property=\"og:locale\" content=\"en_US\" \/>\n<meta property=\"og:type\" content=\"article\" \/>\n<meta property=\"og:title\" content=\"Luxus-Schlosshotel in Devon, S\u00fcdengland - Urlaub &amp; Reisen\" \/>\n<meta property=\"og:description\" content=\"Luxus Hotel in Devon &#8211; Im Herzen des Dartmoor Nationalparks in Devon gelegen, befindet sich das 5 Sterne Bovey Castle innerhalb von 111,2 Hektar wundersch\u00f6ner Landschaft und sich sanft dahin schwingender T\u00e4ler. 1930 wurde es erstmals als Hotel und Golfanlage von der Great Western Eisenbahngesellschaft er\u00f6ffnet. Dieses Luxus-Schlosshotel hat 60 fabelhafte Zimmer, 22 Selbstverpfleger-Landh\u00e4user auf [&hellip;]\" \/>\n<meta property=\"og:url\" content=\"https:\/\/www.urlaubcornwall.de\/blog\/luxus-schlosshotel-devon-suedengland\/\" \/>\n<meta property=\"og:site_name\" content=\"Urlaub &amp; Reisen\" \/>\n<meta property=\"article:modified_time\" content=\"2024-05-29T14:57:35+00:00\" \/>\n<meta property=\"og:image\" content=\"https:\/\/www.urlaubcornwall.de\/blog\/wp-content\/uploads\/2024\/03\/dartmoor.jpg\" \/>\n<meta name=\"twitter:card\" content=\"summary\" \/>\n<meta name=\"twitter:label1\" content=\"Est. reading time\" \/>\n\t<meta name=\"twitter:data1\" content=\"1 minute\" \/>\n<script type=\"application\/ld+json\" class=\"yoast-schema-graph\">{\"@context\":\"https:\/\/schema.org\",\"@graph\":[{\"@type\":\"WebSite\",\"@id\":\"https:\/\/www.urlaubcornwall.de\/blog\/#website\",\"url\":\"https:\/\/www.urlaubcornwall.de\/blog\/\",\"name\":\"Urlaub &amp; Reisen\",\"description\":\"Urlaub, Reisen, Cornwall und S\u00fcdengland: eine perfekte Kombination\",\"potentialAction\":[{\"@type\":\"SearchAction\",\"target\":{\"@type\":\"EntryPoint\",\"urlTemplate\":\"https:\/\/www.urlaubcornwall.de\/blog\/?s={search_term_string}\"},\"query-input\":\"required name=search_term_string\"}],\"inLanguage\":\"en-US\"},{\"@type\":\"WebPage\",\"@id\":\"https:\/\/www.urlaubcornwall.de\/blog\/luxus-schlosshotel-devon-suedengland\/\",\"url\":\"https:\/\/www.urlaubcornwall.de\/blog\/luxus-schlosshotel-devon-suedengland\/\",\"name\":\"Luxus-Schlosshotel in Devon, S\u00fcdengland - Urlaub &amp; Reisen\",\"isPartOf\":{\"@id\":\"https:\/\/www.urlaubcornwall.de\/blog\/#website\"},\"datePublished\":\"2017-04-24T14:48:37+00:00\",\"dateModified\":\"2024-05-29T14:57:35+00:00\",\"breadcrumb\":{\"@id\":\"https:\/\/www.urlaubcornwall.de\/blog\/luxus-schlosshotel-devon-suedengland\/#breadcrumb\"},\"inLanguage\":\"en-US\",\"potentialAction\":[{\"@type\":\"ReadAction\",\"target\":[\"https:\/\/www.urlaubcornwall.de\/blog\/luxus-schlosshotel-devon-suedengland\/\"]}]},{\"@type\":\"BreadcrumbList\",\"@id\":\"https:\/\/www.urlaubcornwall.de\/blog\/luxus-schlosshotel-devon-suedengland\/#breadcrumb\",\"itemListElement\":[{\"@type\":\"ListItem\",\"position\":1,\"name\":\"Home\",\"item\":\"https:\/\/www.urlaubcornwall.de\/blog\/\"},{\"@type\":\"ListItem\",\"position\":2,\"name\":\"Luxus-Schlosshotel in Devon, S\u00fcdengland\"}]}]}<\/script>\n<!-- \/ Yoast SEO plugin. -->","yoast_head_json":{"title":"Luxus-Schlosshotel in Devon, S\u00fcdengland - Urlaub &amp; Reisen","robots":{"index":"index","follow":"follow","max-snippet":"max-snippet:-1","max-image-preview":"max-image-preview:large","max-video-preview":"max-video-preview:-1"},"canonical":"https:\/\/www.urlaubcornwall.de\/blog\/luxus-schlosshotel-devon-suedengland\/","og_locale":"en_US","og_type":"article","og_title":"Luxus-Schlosshotel in Devon, S\u00fcdengland - Urlaub &amp; Reisen","og_description":"Luxus Hotel in Devon &#8211; Im Herzen des Dartmoor Nationalparks in Devon gelegen, befindet sich das 5 Sterne Bovey Castle innerhalb von 111,2 Hektar wundersch\u00f6ner Landschaft und sich sanft dahin schwingender T\u00e4ler. 1930 wurde es erstmals als Hotel und Golfanlage von der Great Western Eisenbahngesellschaft er\u00f6ffnet. Dieses Luxus-Schlosshotel hat 60 fabelhafte Zimmer, 22 Selbstverpfleger-Landh\u00e4user auf [&hellip;]","og_url":"https:\/\/www.urlaubcornwall.de\/blog\/luxus-schlosshotel-devon-suedengland\/","og_site_name":"Urlaub &amp; Reisen","article_modified_time":"2024-05-29T14:57:35+00:00","og_image":[{"url":"https:\/\/www.urlaubcornwall.de\/blog\/wp-content\/uploads\/2024\/03\/dartmoor.jpg"}],"twitter_card":"summary","twitter_misc":{"Est. reading time":"1 minute"},"schema":{"@context":"https:\/\/schema.org","@graph":[{"@type":"WebSite","@id":"https:\/\/www.urlaubcornwall.de\/blog\/#website","url":"https:\/\/www.urlaubcornwall.de\/blog\/","name":"Urlaub &amp; Reisen","description":"Urlaub, Reisen, Cornwall und S\u00fcdengland: eine perfekte Kombination","potentialAction":[{"@type":"SearchAction","target":{"@type":"EntryPoint","urlTemplate":"https:\/\/www.urlaubcornwall.de\/blog\/?s={search_term_string}"},"query-input":"required name=search_term_string"}],"inLanguage":"en-US"},{"@type":"WebPage","@id":"https:\/\/www.urlaubcornwall.de\/blog\/luxus-schlosshotel-devon-suedengland\/","url":"https:\/\/www.urlaubcornwall.de\/blog\/luxus-schlosshotel-devon-suedengland\/","name":"Luxus-Schlosshotel in Devon, S\u00fcdengland - Urlaub &amp; Reisen","isPartOf":{"@id":"https:\/\/www.urlaubcornwall.de\/blog\/#website"},"datePublished":"2017-04-24T14:48:37+00:00","dateModified":"2024-05-29T14:57:35+00:00","breadcrumb":{"@id":"https:\/\/www.urlaubcornwall.de\/blog\/luxus-schlosshotel-devon-suedengland\/#breadcrumb"},"inLanguage":"en-US","potentialAction":[{"@type":"ReadAction","target":["https:\/\/www.urlaubcornwall.de\/blog\/luxus-schlosshotel-devon-suedengland\/"]}]},{"@type":"BreadcrumbList","@id":"https:\/\/www.urlaubcornwall.de\/blog\/luxus-schlosshotel-devon-suedengland\/#breadcrumb","itemListElement":[{"@type":"ListItem","position":1,"name":"Home","item":"https:\/\/www.urlaubcornwall.de\/blog\/"},{"@type":"ListItem","position":2,"name":"Luxus-Schlosshotel in Devon, S\u00fcdengland"}]}]}},"_links":{"self":[{"href":"https:\/\/www.urlaubcornwall.de\/blog\/wp-json\/wp\/v2\/pages\/27746"}],"collection":[{"href":"https:\/\/www.urlaubcornwall.de\/blog\/wp-json\/wp\/v2\/pages"}],"about":[{"href":"https:\/\/www.urlaubcornwall.de\/blog\/wp-json\/wp\/v2\/types\/page"}],"author":[{"embeddable":true,"href":"https:\/\/www.urlaubcornwall.de\/blog\/wp-json\/wp\/v2\/users\/1"}],"replies":[{"embeddable":true,"href":"https:\/\/www.urlaubcornwall.de\/blog\/wp-json\/wp\/v2\/comments?post=27746"}],"version-history":[{"count":4,"href":"https:\/\/www.urlaubcornwall.de\/blog\/wp-json\/wp\/v2\/pages\/27746\/revisions"}],"predecessor-version":[{"id":50720,"href":"https:\/\/www.urlaubcornwall.de\/blog\/wp-json\/wp\/v2\/pages\/27746\/revisions\/50720"}],"wp:attachment":[{"href":"https:\/\/www.urlaubcornwall.de\/blog\/wp-json\/wp\/v2\/media?parent=27746"}],"curies":[{"name":"wp","href":"https:\/\/api.w.org\/{rel}","templated":true}]}}