{"id":27294,"date":"2017-03-24T14:03:46","date_gmt":"2017-03-24T14:03:46","guid":{"rendered":"https:\/\/www.urlaubcornwall.de\/blog\/?page_id=27294"},"modified":"2021-12-13T09:52:46","modified_gmt":"2021-12-13T09:52:46","slug":"urlaub-broadway-cotswolds-unterkunft-sehenswuerdigkeiten-und-geschichte","status":"publish","type":"page","link":"https:\/\/www.urlaubcornwall.de\/blog\/urlaub-broadway-cotswolds-unterkunft-sehenswuerdigkeiten-und-geschichte\/","title":{"rendered":"Urlaub in Broadway, Cotswolds &#8211; Unterkunft, Sehensw\u00fcrdigkeiten und Geschichte"},"content":{"rendered":"<p><img loading=\"lazy\" class=\"aligncenter size-full wp-image-27295\" src=\"https:\/\/www.urlaubcornwall.de\/blog\/wp-content\/uploads\/2017\/03\/urlaub-broadway-cotswolds.jpg\" alt=\"urlaub broadway cotswolds\" width=\"746\" height=\"407\" srcset=\"https:\/\/www.urlaubcornwall.de\/blog\/wp-content\/uploads\/2017\/03\/urlaub-broadway-cotswolds.jpg 746w, https:\/\/www.urlaubcornwall.de\/blog\/wp-content\/uploads\/2017\/03\/urlaub-broadway-cotswolds-300x164.jpg 300w\" sizes=\"(max-width: 746px) 100vw, 746px\" \/><\/p>\n<p>Broadway mit seinen feinen H\u00e4usern, Cottages und Geb\u00e4uden, die die breite Hauptstra\u00dfe s\u00e4umen, gilt als das feinste Dorf der Cotswolds und ist das ganze Jahr \u00fcber bei Besuchern beliebt.<\/p>\n<p>Broadway Tower \u2013 Dieser Torturm wurde designt vom ber\u00fchmten Landschaftsg\u00e4rtner Capability Brown und befindet sich mit seinen 19,8m H\u00f6he am Cotswold Way. Der Turm ist das ganze Jahr \u00fcber ge\u00f6ffnet, befindet sich 312m \u00fcber dem Meeresspiegel und ist einer von Englands hervorragendsten Aussichtspunkten. Sie k\u00f6nnen in einem Radius von 100km \u00fcber die Landschaft blicken und \u00fcber 16 Grafschaften. Es gibt Ausstellungen auf drei Stockwerken, eine Aussichtsdachterrasse, ein Cafe und ein Gesch\u00e4ft.<\/p>\n<p><script async src=\"https:\/\/pagead2.googlesyndication.com\/pagead\/js\/adsbygoogle.js?client=ca-pub-3901089389175725\"\n     crossorigin=\"anonymous\"><\/script><br \/>\n<!-- New UC --><br \/>\n<ins class=\"adsbygoogle\"\n     style=\"display:block\"\n     data-ad-client=\"ca-pub-3901089389175725\"\n     data-ad-slot=\"8080314818\"\n     data-ad-format=\"auto\"\n     data-full-width-responsive=\"true\"><\/ins><br \/>\n<script>\n     (adsbygoogle = window.adsbygoogle || []).push({});\n<\/script><\/p>\n<p>Snowshill Manor &amp; Garden \u2013 Dieses Cotswold Herrenhaus, das sich im Besitz des National Trust befindet, ist vollgestopft mit au\u00dferordentlichen Sch\u00e4tzen, die w\u00e4hrend seines Lebens von Charles Wade gesammelt wurden. Die wundersch\u00f6n terrassenf\u00f6rmig angelegten G\u00e4rten, die Snowshill umgeben, eignen sich perfekt f\u00fcr Erkundungen. Wenn Haus und Garten im Fr\u00fchling \u00f6ffnen, sind die Schneegl\u00f6ckchen und Narzissen herrlich.<\/p>\n<p>Stanway House &amp; Fountain \u2013 Stanway ist ein wundersch\u00f6nes Beispiel eines jakobinischen Herrenhauses, das einst 800 Jahre lang im Besitz der Tewekesbury Abbey war, dann 500 Jahre lang in dem der Tracy Familie, und noch heute leben deren Nachkommen, die Earls of Wemyss hier. Das Haus mit seiner wundersch\u00f6nen Einrichtung, die gr\u00f6\u00dftenteils zur\u00fcckreicht in die Zeit des Erbauens, ist nur im Juni, Juli und August der \u00d6ffentlichkeit zug\u00e4nglich. Der Garten und wundersch\u00f6ne Wassergarten sind ebenfalls f\u00fcr Besucher ge\u00f6ffnet. Die Wasserg\u00e4rten, die urspr\u00fcnglich im Jahre 1720 designt wurden, sind eine der feinsten Englands und haben nun die h\u00f6chste einstrahlige Gravitationswasserbrunnenfont\u00e4ne Britanniens und der Welt, die 91,4m in die H\u00f6he reicht. Die Font\u00e4ne am Genfer See reicht 121,9m hoch, doch wird sie von einer Turbine angetrieben.<\/p>\n<h1 style=\"text-align: center;\"><strong>Bei uns finden Sie Ferienh\u00e4user zum Verlieben \u2013 so einfach ist das!<\/strong><\/h1>\n<p style=\"text-align: center;\">UrlaubCornwall verf\u00fcgt Ferienh\u00e4user und Ferienwohnungen in Broadway f\u00fcr Ihren <a href=\"https:\/\/www.urlaubcornwall.de\/reiseziel\/england.php\">Urlaub in England<\/a>. Unterk\u00fcnfte der Spitzenklasse f\u00fcr 2 Personen, Familien und Gruppen mit 4, 6, 8, 10 oder 12 G\u00e4sten.<\/p>\n<p style=\"text-align: center;\"><a class=\"tidycta\" href=\"https:\/\/www.urlaubcornwall.de\/ferienhaeuser\/cotswolds.php\">Suche Ferienh\u00e4user Cotswolds<\/a><\/p>\n<p><img loading=\"lazy\" class=\"aligncenter size-full wp-image-24598\" src=\"https:\/\/www.urlaubcornwall.de\/blog\/wp-content\/uploads\/2016\/06\/urlaub-und-gro\u00dfbritannien_logo_final.jpg\" alt=\"\" width=\"746\" height=\"361\" srcset=\"https:\/\/www.urlaubcornwall.de\/blog\/wp-content\/uploads\/2016\/06\/urlaub-und-gro\u00dfbritannien_logo_final.jpg 746w, https:\/\/www.urlaubcornwall.de\/blog\/wp-content\/uploads\/2016\/06\/urlaub-und-gro\u00dfbritannien_logo_final-300x145.jpg 300w\" sizes=\"(max-width: 746px) 100vw, 746px\" \/><\/p>\n<h2 style=\"text-align: center;\">Unser Rundreisenservice<\/h2>\n<p style=\"text-align: center;\"><a class=\"tidycta\" href=\"http:\/\/www.urlaubcornwall.de\/anfrage.php?tourcode=Urlaub Cotswolds\">Cotswolds Rundreise Anfrage<\/a><\/p>\n<p style=\"text-align: center;\"><a href=\"http:\/\/urlaubcornwall.de\/\">UrlaubCornwall.de<\/a> hat seinen Firmensitz in Cornwall in S\u00fcdwestengland und bietet Kunden im Deutsch sprechenden Europa Hilfe im Erstellen der perfekten Urlaubserfahrung hier. Wir haben <a href=\"http:\/\/www.urlaubcornwall.de\/rundreisenservice.php\">ein Team Deutsch sprechender Experten<\/a>, so dass wir eine individuelle Rundreise durch Cotswolds, S\u00fcdengland und nun auch durch den Rest Gro\u00dfbritanniens und Irlands anbieten k\u00f6nnen.<\/p>\n<p style=\"text-align: center;\">Wir bieten eine fantastische Auswahl an Rundreisen mit den beliebtesten Attraktionen und St\u00e4dten in <a href=\"http:\/\/www.urlaubcornwall.de\/reiseziel\/cornwall.php\">Cornwall<\/a>, <a href=\"https:\/\/www.urlaubcornwall.de\/blog\/rundreisen-england-wales\/\">England<\/a>, <a href=\"https:\/\/www.urlaubcornwall.de\/blog\/rundreisen-schottland\/\">Schottland,<\/a> <a href=\"https:\/\/www.urlaubcornwall.de\/blog\/rundreisen-england-wales\/\">Wales<\/a> und <a href=\"https:\/\/www.urlaubcornwall.de\/blog\/rundreisen-irland\/\">Irland.<\/a><\/p>\n\n","protected":false},"excerpt":{"rendered":"<p>Broadway mit seinen feinen H\u00e4usern, Cottages und Geb\u00e4uden, die die breite Hauptstra\u00dfe s\u00e4umen, gilt als das feinste Dorf der Cotswolds und ist das ganze Jahr \u00fcber bei Besuchern beliebt. Broadway Tower \u2013 Dieser Torturm wurde designt vom ber\u00fchmten Landschaftsg\u00e4rtner Capability Brown und befindet sich mit seinen 19,8m H\u00f6he am Cotswold Way. Der Turm ist das [&hellip;]<\/p>\n","protected":false},"author":1,"featured_media":0,"parent":0,"menu_order":0,"comment_status":"closed","ping_status":"closed","template":"single-four.php","meta":[],"acf":[],"yoast_head":"<!-- This site is optimized with the Yoast SEO plugin v19.4 - https:\/\/yoast.com\/wordpress\/plugins\/seo\/ -->\n<title>Urlaub in Broadway, Cotswolds - Unterkunft, Sehensw\u00fcrdigkeiten und Geschichte - Urlaub &amp; Reisen<\/title>\n<meta name=\"robots\" content=\"index, follow, max-snippet:-1, max-image-preview:large, max-video-preview:-1\" \/>\n<link rel=\"canonical\" href=\"https:\/\/www.urlaubcornwall.de\/blog\/urlaub-broadway-cotswolds-unterkunft-sehenswuerdigkeiten-und-geschichte\/\" \/>\n<meta property=\"og:locale\" content=\"en_US\" \/>\n<meta property=\"og:type\" content=\"article\" \/>\n<meta property=\"og:title\" content=\"Urlaub in Broadway, Cotswolds - Unterkunft, Sehensw\u00fcrdigkeiten und Geschichte - Urlaub &amp; Reisen\" \/>\n<meta property=\"og:description\" content=\"Broadway mit seinen feinen H\u00e4usern, Cottages und Geb\u00e4uden, die die breite Hauptstra\u00dfe s\u00e4umen, gilt als das feinste Dorf der Cotswolds und ist das ganze Jahr \u00fcber bei Besuchern beliebt. Broadway Tower \u2013 Dieser Torturm wurde designt vom ber\u00fchmten Landschaftsg\u00e4rtner Capability Brown und befindet sich mit seinen 19,8m H\u00f6he am Cotswold Way. Der Turm ist das [&hellip;]\" \/>\n<meta property=\"og:url\" content=\"https:\/\/www.urlaubcornwall.de\/blog\/urlaub-broadway-cotswolds-unterkunft-sehenswuerdigkeiten-und-geschichte\/\" \/>\n<meta property=\"og:site_name\" content=\"Urlaub &amp; Reisen\" \/>\n<meta property=\"article:modified_time\" content=\"2021-12-13T09:52:46+00:00\" \/>\n<meta property=\"og:image\" content=\"https:\/\/www.urlaubcornwall.de\/blog\/wp-content\/uploads\/2017\/03\/urlaub-broadway-cotswolds.jpg\" \/>\n<meta name=\"twitter:card\" content=\"summary\" \/>\n<meta name=\"twitter:label1\" content=\"Est. reading time\" \/>\n\t<meta name=\"twitter:data1\" content=\"2 minutes\" \/>\n<script type=\"application\/ld+json\" class=\"yoast-schema-graph\">{\"@context\":\"https:\/\/schema.org\",\"@graph\":[{\"@type\":\"WebSite\",\"@id\":\"https:\/\/www.urlaubcornwall.de\/blog\/#website\",\"url\":\"https:\/\/www.urlaubcornwall.de\/blog\/\",\"name\":\"Urlaub &amp; Reisen\",\"description\":\"Urlaub, Reisen, Cornwall und S\u00fcdengland: eine perfekte Kombination\",\"potentialAction\":[{\"@type\":\"SearchAction\",\"target\":{\"@type\":\"EntryPoint\",\"urlTemplate\":\"https:\/\/www.urlaubcornwall.de\/blog\/?s={search_term_string}\"},\"query-input\":\"required name=search_term_string\"}],\"inLanguage\":\"en-US\"},{\"@type\":\"WebPage\",\"@id\":\"https:\/\/www.urlaubcornwall.de\/blog\/urlaub-broadway-cotswolds-unterkunft-sehenswuerdigkeiten-und-geschichte\/\",\"url\":\"https:\/\/www.urlaubcornwall.de\/blog\/urlaub-broadway-cotswolds-unterkunft-sehenswuerdigkeiten-und-geschichte\/\",\"name\":\"Urlaub in Broadway, Cotswolds - Unterkunft, Sehensw\u00fcrdigkeiten und Geschichte - Urlaub &amp; Reisen\",\"isPartOf\":{\"@id\":\"https:\/\/www.urlaubcornwall.de\/blog\/#website\"},\"datePublished\":\"2017-03-24T14:03:46+00:00\",\"dateModified\":\"2021-12-13T09:52:46+00:00\",\"breadcrumb\":{\"@id\":\"https:\/\/www.urlaubcornwall.de\/blog\/urlaub-broadway-cotswolds-unterkunft-sehenswuerdigkeiten-und-geschichte\/#breadcrumb\"},\"inLanguage\":\"en-US\",\"potentialAction\":[{\"@type\":\"ReadAction\",\"target\":[\"https:\/\/www.urlaubcornwall.de\/blog\/urlaub-broadway-cotswolds-unterkunft-sehenswuerdigkeiten-und-geschichte\/\"]}]},{\"@type\":\"BreadcrumbList\",\"@id\":\"https:\/\/www.urlaubcornwall.de\/blog\/urlaub-broadway-cotswolds-unterkunft-sehenswuerdigkeiten-und-geschichte\/#breadcrumb\",\"itemListElement\":[{\"@type\":\"ListItem\",\"position\":1,\"name\":\"Home\",\"item\":\"https:\/\/www.urlaubcornwall.de\/blog\/\"},{\"@type\":\"ListItem\",\"position\":2,\"name\":\"Urlaub in Broadway, Cotswolds &#8211; Unterkunft, Sehensw\u00fcrdigkeiten und Geschichte\"}]}]}<\/script>\n<!-- \/ Yoast SEO plugin. -->","yoast_head_json":{"title":"Urlaub in Broadway, Cotswolds - Unterkunft, Sehensw\u00fcrdigkeiten und Geschichte - Urlaub &amp; Reisen","robots":{"index":"index","follow":"follow","max-snippet":"max-snippet:-1","max-image-preview":"max-image-preview:large","max-video-preview":"max-video-preview:-1"},"canonical":"https:\/\/www.urlaubcornwall.de\/blog\/urlaub-broadway-cotswolds-unterkunft-sehenswuerdigkeiten-und-geschichte\/","og_locale":"en_US","og_type":"article","og_title":"Urlaub in Broadway, Cotswolds - Unterkunft, Sehensw\u00fcrdigkeiten und Geschichte - Urlaub &amp; Reisen","og_description":"Broadway mit seinen feinen H\u00e4usern, Cottages und Geb\u00e4uden, die die breite Hauptstra\u00dfe s\u00e4umen, gilt als das feinste Dorf der Cotswolds und ist das ganze Jahr \u00fcber bei Besuchern beliebt. Broadway Tower \u2013 Dieser Torturm wurde designt vom ber\u00fchmten Landschaftsg\u00e4rtner Capability Brown und befindet sich mit seinen 19,8m H\u00f6he am Cotswold Way. Der Turm ist das [&hellip;]","og_url":"https:\/\/www.urlaubcornwall.de\/blog\/urlaub-broadway-cotswolds-unterkunft-sehenswuerdigkeiten-und-geschichte\/","og_site_name":"Urlaub &amp; Reisen","article_modified_time":"2021-12-13T09:52:46+00:00","og_image":[{"url":"https:\/\/www.urlaubcornwall.de\/blog\/wp-content\/uploads\/2017\/03\/urlaub-broadway-cotswolds.jpg"}],"twitter_card":"summary","twitter_misc":{"Est. reading time":"2 minutes"},"schema":{"@context":"https:\/\/schema.org","@graph":[{"@type":"WebSite","@id":"https:\/\/www.urlaubcornwall.de\/blog\/#website","url":"https:\/\/www.urlaubcornwall.de\/blog\/","name":"Urlaub &amp; Reisen","description":"Urlaub, Reisen, Cornwall und S\u00fcdengland: eine perfekte Kombination","potentialAction":[{"@type":"SearchAction","target":{"@type":"EntryPoint","urlTemplate":"https:\/\/www.urlaubcornwall.de\/blog\/?s={search_term_string}"},"query-input":"required name=search_term_string"}],"inLanguage":"en-US"},{"@type":"WebPage","@id":"https:\/\/www.urlaubcornwall.de\/blog\/urlaub-broadway-cotswolds-unterkunft-sehenswuerdigkeiten-und-geschichte\/","url":"https:\/\/www.urlaubcornwall.de\/blog\/urlaub-broadway-cotswolds-unterkunft-sehenswuerdigkeiten-und-geschichte\/","name":"Urlaub in Broadway, Cotswolds - Unterkunft, Sehensw\u00fcrdigkeiten und Geschichte - Urlaub &amp; Reisen","isPartOf":{"@id":"https:\/\/www.urlaubcornwall.de\/blog\/#website"},"datePublished":"2017-03-24T14:03:46+00:00","dateModified":"2021-12-13T09:52:46+00:00","breadcrumb":{"@id":"https:\/\/www.urlaubcornwall.de\/blog\/urlaub-broadway-cotswolds-unterkunft-sehenswuerdigkeiten-und-geschichte\/#breadcrumb"},"inLanguage":"en-US","potentialAction":[{"@type":"ReadAction","target":["https:\/\/www.urlaubcornwall.de\/blog\/urlaub-broadway-cotswolds-unterkunft-sehenswuerdigkeiten-und-geschichte\/"]}]},{"@type":"BreadcrumbList","@id":"https:\/\/www.urlaubcornwall.de\/blog\/urlaub-broadway-cotswolds-unterkunft-sehenswuerdigkeiten-und-geschichte\/#breadcrumb","itemListElement":[{"@type":"ListItem","position":1,"name":"Home","item":"https:\/\/www.urlaubcornwall.de\/blog\/"},{"@type":"ListItem","position":2,"name":"Urlaub in Broadway, Cotswolds &#8211; Unterkunft, Sehensw\u00fcrdigkeiten und Geschichte"}]}]}},"_links":{"self":[{"href":"https:\/\/www.urlaubcornwall.de\/blog\/wp-json\/wp\/v2\/pages\/27294"}],"collection":[{"href":"https:\/\/www.urlaubcornwall.de\/blog\/wp-json\/wp\/v2\/pages"}],"about":[{"href":"https:\/\/www.urlaubcornwall.de\/blog\/wp-json\/wp\/v2\/types\/page"}],"author":[{"embeddable":true,"href":"https:\/\/www.urlaubcornwall.de\/blog\/wp-json\/wp\/v2\/users\/1"}],"replies":[{"embeddable":true,"href":"https:\/\/www.urlaubcornwall.de\/blog\/wp-json\/wp\/v2\/comments?post=27294"}],"version-history":[{"count":4,"href":"https:\/\/www.urlaubcornwall.de\/blog\/wp-json\/wp\/v2\/pages\/27294\/revisions"}],"predecessor-version":[{"id":44387,"href":"https:\/\/www.urlaubcornwall.de\/blog\/wp-json\/wp\/v2\/pages\/27294\/revisions\/44387"}],"wp:attachment":[{"href":"https:\/\/www.urlaubcornwall.de\/blog\/wp-json\/wp\/v2\/media?parent=27294"}],"curies":[{"name":"wp","href":"https:\/\/api.w.org\/{rel}","templated":true}]}}