{"id":25606,"date":"2016-12-01T12:12:11","date_gmt":"2016-12-01T12:12:11","guid":{"rendered":"https:\/\/www.urlaubcornwall.de\/blog\/?page_id=25606"},"modified":"2024-03-15T11:37:21","modified_gmt":"2024-03-15T11:37:21","slug":"zugreise-nach-cornwall-magische-westkueste-8-tage","status":"publish","type":"page","link":"https:\/\/www.urlaubcornwall.de\/blog\/zugreise-nach-cornwall-magische-westkueste-8-tage\/","title":{"rendered":"Zugreise Cornwall: &#8220;Magische Westk\u00fcste&#8221; &#8211; 9 Tage"},"content":{"rendered":"<p><img loading=\"lazy\" class=\"aligncenter size-full wp-image-24897\" src=\"https:\/\/www.urlaubcornwall.de\/blog\/wp-content\/uploads\/2016\/08\/wandern-in-cornwall.jpg\" alt=\"zugreise cornwall\" width=\"748\" height=\"386\"\/><\/p>\n<p style=\"text-align: left;\"><strong>Highlights:<\/strong> London, Bath, Torquay, Penzance<\/p>\n<p style=\"text-align: left;\">T\u00e4glich m\u00f6glich!<\/p>\n<p style=\"text-align: left;\">Diese Zugreise Cornwall erm\u00f6glicht Ihnen einen der sch\u00f6nsten Teile Englands kennen zu lernen und das ohne die Unannehmlichkeiten einer Selbstfahrertour. Erholen Sie sich im Zug, w\u00e4hrend Sie von einer Attraktion zur n\u00e4chsten fahren, und bewundern Sie ungest\u00f6rt die bezaubernde Landschaft. Historische Monumente, gro\u00dfartige St\u00e4dte und grandiose Tagesausfl\u00fcge erwarten Sie!<\/p>\n<p style=\"text-align: center;\"><a class=\"tidycta\" href=\"https:\/\/www.urlaubcornwall.de\/reisebuchung.php?tourcode=ENG-ZUG1\">Anfrage \/ Buchung<\/a><\/p>\n<p><strong>Tourbeschreibung<\/strong><\/p>\n<p><strong>1.\/2. Tag: London<\/strong><\/p>\n<p>Anreise nach London in Eigenregie. Der eingeschlossene BritRail Pass beinhaltet auch den Heathrow Express und Z\u00fcge vom Flughafen Gatwick (mit Ausnahme des Gatwick Express), so dass Sie das Stadtzentrum schnell und bequem am Anreisetag erreichen. Achtung: f\u00fcr die Londoner U-Bahn kann der Pass nicht genutzt werden! Nach Ankunft in London stehen Ihnen zwei Tage zur freien Verf\u00fcgung um Englands Hauptstadt mit allen bekannten Sehensw\u00fcrdigkeiten zu erkunden. Wir empfehlen eine Stadtrundfahrt in den roten Hop on\/off Bussen (optional zubuchbar). Bei dieser Stadtrundfahrt k\u00f6nnen Sie nach belieben an den einzelnen Stationen ein- und aussteigen. 2 \u00dcbernachtungen in London (z.B. Phoenix Hotel).<\/p>\n<p><strong>3. Tag: London \u2013 Bath<\/strong><\/p>\n<p><img loading=\"lazy\" class=\"aligncenter size-full wp-image-21115\" src=\"https:\/\/www.urlaubcornwall.de\/blog\/wp-content\/uploads\/2015\/10\/Bath.jpg\" alt=\"Bath zugreise\" width=\"748\" height=\"294\"\/><\/p>\n<p>Der Zug bringt Sie heute innerhalb von 90 Minuten in den Westen Englands, in die europ\u00e4ische Kulturstadt Bath. Bath stammt aus der R\u00f6merzeit und besticht heute durch klassische Architektur aus dem 18. Jahrhundert, Boutiquen, Antiquit\u00e4ten und Kunsthandwerk. Sie haben ausreichend Zeit, um die Stadt zu erkunden. Auch hier empfehlen wir eine Hop on\/off Stadtrundfahrt (optional zubuchbar f\u00fcr 2017 \/ f\u00fcr 2018 ist die Stadtrundfahrt bereits im Preis enthalten). Besucher haben au\u00dferdem die M\u00f6glichkeit ein Bad in Gro\u00dfbritanniens einzigen hei\u00dfen Quellen zu nehmen, in der beeindruckenden neuen Therme, Therme Bath Spa. Die Jane Austen Fans unter Ihnen sollten dem Jane Austen Centre einen Besuch abstatten. 2 \u00dcbernachtungen in Bath (z.B. Hilton Bath City Hotel).<\/p>\n<p><strong>3. Tag:<\/strong> <strong>London \u2013 Bath<\/strong><\/p>\n<p>Der Zug bringt Sie heute innerhalb von 90 Minuten in den Westen Englands, in die europ\u00e4ische <a href=\"https:\/\/www.urlaubcornwall.de\/ferienhaeuser-fewos\/eng\/somerset\/bath.html\">Kulturstadt Bath<\/a>. Bath stammt aus der R\u00f6merzeit und besticht heute durch klassische Architektur aus dem 18. Jahrhundert, Boutiquen, Antiquit\u00e4ten und Kunsthandwerk. Sie haben ausreichend Zeit, um die Stadt zu erkunden. Auch hier empfehlen wir eine Hop on\/off Stadtrundfahrt (nicht enthalten).2 \u00dcbernachtungen in einem Mittelklasse Hotel (z.B. Hilton Bath City Hotel)<\/p>\n<p><strong>4. Tag: Tag zur freien Verf\u00fcgung<\/strong><\/p>\n<p>Dieser Tag steht Ihnen zur freien Verf\u00fcgung. Wie w\u00e4re ein optionaler Ausflug in die <a href=\"https:\/\/www.urlaubcornwall.de\/ferienhaeuser\/cotswolds.php\">Cotswolds<\/a> und nach Stonehenge (optional zubuchbar)? Dieser englischsprachige Ausflug f\u00fchrt Sie in die <a href=\"https:\/\/www.urlaubcornwall.de\/ferienhaeuser-fewos\/eng\/wiltshire\/wiltshire.html\">wundersch\u00f6ne Grafschaft Wiltshire<\/a>, wo sich das ber\u00fchmte Megalith-Denkmal Stonehenge befindet (Eintritt nicht einschlossen). Dort stehen Ihnen etwa 2 Stunden zur Verf\u00fcgung, um diese Sehensw\u00fcrdigkeit zu erkunden. Danach Weiterfahrt in das Lacock National Trust Village und in das Bilderbuchdorf Castle Combe, welches in den Cotswolds liegt. Unterwegs bleibt selbstverst\u00e4ndlich Zeit f\u00fcr den ein oder anderen Fotostopp. \u00dcbernachtung wie am Vortag.<\/p>\n<p><strong>5. Tag: Bath \u2013 Torquay<\/strong><\/p>\n<p>Sie brechen heute auf nach Torquay. <a href=\"https:\/\/www.urlaubcornwall.de\/ferienhaeuser-fewos\/eng\/sued-devon\/torquay.html\">Torquay ist eine Stadt an der S\u00fcdk\u00fcste von England<\/a>, in der <a href=\"https:\/\/www.urlaubcornwall.de\/reiseziel\/devon.php\">Grafschaft Devon an der \u201eEnglischen Riviera\u201c gelegen<\/a>. Im 19. Jahrhundert wurde Torquay ein popul\u00e4rer K\u00fcstenerholungsort, ber\u00fchmt f\u00fcr ein gesundes Klima. Da der Wind, geologisch bedingt, nie aus Norden oder Westen kommt, ist das Klima sehr mild und f\u00fcr englische Verh\u00e4ltnisse recht trocken und selten neblig. Nutzen Sie den restlichen Tag f\u00fcr eigene Erkundungen. 2 \u00dcbernachtungen in Torquay (z.B. Imperial Hotel).<\/p>\n<p><strong>6. Tag: Tag zur freien Verf\u00fcgung<\/strong><\/p>\n<p>F\u00fcr diesen Tag empfehlen wir den optionalen \u201eRound Robin\u201c Ausflug (nicht gef\u00fchrt!). Diese Tour startet und endet in Torquay und f\u00fchrt Sie in die beeindruckende Landschaft der Grafschaft Devon. Von Torquay aus f\u00fchrt ein Bus nach Totnes. Dort legt ein Schiff in Richtung Dartmouth ab, wo Sie etwas Zeit verbringen bevor es mit einer F\u00e4hre nach <a href=\"https:\/\/www.urlaubcornwall.de\/ferienhaeuser-fewos\/eng\/sued-devon\/kingswear.html\">Kingswear<\/a> weiter geht. Die nostalgische Dartmoor Steam Railway bringt Sie anschlie\u00dfen in etwa 30 Minuten nach Paignton, wo der Bus zur\u00fcck nach Torquay f\u00e4hrt. Ein einzigartiger Ausflug! \u00dcbernachtung wie am Vortag.<br \/>\n<img loading=\"lazy\" class=\"aligncenter size-full wp-image-23289\" src=\"https:\/\/www.urlaubcornwall.de\/blog\/wp-content\/uploads\/2016\/03\/urlaub-penzance.jpg\" alt=\"zug penzance\" width=\"748\" height=\"347\"\/><\/p>\n<p><strong>7.\/8. Tag Torquay \u2013 Penzance<\/strong><\/p>\n<p>Die heutige Zugfahrt f\u00fchrt Sie nach <a href=\"https:\/\/www.urlaubcornwall.de\/ferienhaeuser-fewos\/penzance.html\">Penzance<\/a> (ca. 4,5 Stunden Fahrt). Ihnen stehen dort zwei Tage zur freien Verf\u00fcgung. Die Stadt hat einiges zu bieten wie zum Beispiel das einzigartige \u00c4gyptische Haus, eine Vielzahl an urigen Pubs, subtropische Parkanlagen mit Palmen sowie eine sch\u00f6ne Strandpromenade mit dem Meerwasserschwimmbad Jubilee Pool. Dieser Ort eignet sich hervorragend um die <a href=\"https:\/\/www.urlaubcornwall.de\/reiseziel\/cornwall\/sehenswuerdigkeiten.php\">Sehensw\u00fcrdigkeiten von Cornwall<\/a> zu erkunden. Falls Sie noch ein Highlight w\u00fcnschen, empfehlen wir einen Tagesausflug auf die beeindruckenden <a href=\"https:\/\/www.urlaubcornwall.de\/Scilly-Inseln.php\">Scilly Inseln<\/a>. Freuen Sie sich schon jetzt auf die traumhaften Ausblicke w\u00e4hrend des kurzen Fluges von Lands End zur Insel und erleben Sie die ganz besondere Atmosph\u00e4re dieses Inselparadieses. F\u00fcr 2018 ist au\u00dferdem ein Cream Tea im Bay Restaurant in Penzance im Preis enthalten. 2 \u00dcbernachtungen in Penzance (z.B. Queens Hotel).<\/p>\n<p><strong>9. Tag: Heimreise<\/strong><\/p>\n<p>Die R\u00fcckfahrt mit dem Zug nach London dauert ca. 6 Stunden. Sie sollten also je nach Flugzeiten nach dem Fr\u00fchst\u00fcck aufbrechen. In London treten Sie die Heimreise in Eigenregie an, Ende der Cornwall Zugreise.<\/p>\n<p><strong>Eingeschlossene Leistungen<\/strong>&#8221;<\/p>\n<p>8 \u00dcbernachtungen in guten 3-4* Hotels<\/p>\n<p>T\u00e4gliches Fr\u00fchst\u00fcck<\/p>\n<p>Zugpass f\u00fcr 8 Tage (unberenzt viele Fahrten \/ Reisetage m\u00fcssen nicht aufeinanderfolgen)<\/p>\n<p>1 Reisef\u00fchrer \u00fcber England<\/p>\n<p><strong>Nicht eingeschlossene Leistungen:<\/strong><\/p>\n<p>Fl\u00fcge (bieten wir gerne an)<\/p>\n<p>Optionale Ausfl\u00fcge bzw. Eintritte<\/p>\n<p>Gep\u00e4cktransport<\/p>\n<p>Transfers (z.B. Flughafentransfers, Bahnhof &#8211; Hotel &#8211; Bahnhof)<\/p>\n<p>Weitere Mahlzeiten<\/p>\n<p>Pers\u00f6nliche Ausgaben aller Art<\/p>\n<p><strong>Termine\/Preise<\/strong><\/p>\n<p>Grundpaket (= \u00dcbernachtungen &#038; Zugpass)<\/p>\n<p>Preise auf Anfrage!<\/p>\n<p><strong>Optional zubuchbar: <\/strong><\/p>\n<p>Stadtrundfahrt London (Hop on\/off), t\u00e4glich m\u00f6glich<\/p>\n<p>Tagesausflug Cotswolds &#038; Stonehenge, t\u00e4glich m\u00f6glich<\/p>\n<p>Tagesausflug Round Robin Tour, t\u00e4glich m\u00f6glich<\/p>\n<p style=\"text-align: center;\"><a class=\"tidycta\" href=\"https:\/\/www.urlaubcornwall.de\/reisebuchung.php?tourcode=ENG-ZUG1\">Anfrage \/ Buchung<\/a><\/p>\n<p style=\"text-align: left;\">Unsere Websitedetails zeigen lediglich eine kleine Auswahl dessen, was wir anbieten k\u00f6nnen. Wir stellen Ihnen gerne ein <a href=\"http:\/\/www.urlaubcornwall.de\/anfrage.php\"><span style=\"text-decoration: underline;\">unverbindliches Angebot<\/span><\/a> mit allen Fl\u00fcgen und Transfers f\u00fcr Ihre Grossbritannien Reise zusammen.<\/p>\n","protected":false},"excerpt":{"rendered":"<p>Highlights: London, Bath, Torquay, Penzance T\u00e4glich m\u00f6glich! Diese Zugreise Cornwall erm\u00f6glicht Ihnen einen der sch\u00f6nsten Teile Englands kennen zu lernen und das ohne die Unannehmlichkeiten einer Selbstfahrertour. Erholen Sie sich im Zug, w\u00e4hrend Sie von einer Attraktion zur n\u00e4chsten fahren, und bewundern Sie ungest\u00f6rt die bezaubernde Landschaft. Historische Monumente, gro\u00dfartige St\u00e4dte und grandiose Tagesausfl\u00fcge erwarten [&hellip;]<\/p>\n","protected":false},"author":1,"featured_media":0,"parent":0,"menu_order":0,"comment_status":"closed","ping_status":"closed","template":"single-four.php","meta":[],"acf":[],"yoast_head":"<!-- This site is optimized with the Yoast SEO plugin v19.4 - https:\/\/yoast.com\/wordpress\/plugins\/seo\/ -->\n<title>Zugreise Cornwall: &quot;Magische Westk\u00fcste&quot; - 9 Tage - Urlaub &amp; Reisen<\/title>\n<meta name=\"robots\" content=\"index, follow, max-snippet:-1, max-image-preview:large, max-video-preview:-1\" \/>\n<link rel=\"canonical\" href=\"https:\/\/www.urlaubcornwall.de\/blog\/zugreise-nach-cornwall-magische-westkueste-8-tage\/\" \/>\n<meta property=\"og:locale\" content=\"en_US\" \/>\n<meta property=\"og:type\" content=\"article\" \/>\n<meta property=\"og:title\" content=\"Zugreise Cornwall: &quot;Magische Westk\u00fcste&quot; - 9 Tage - Urlaub &amp; Reisen\" \/>\n<meta property=\"og:description\" content=\"Highlights: London, Bath, Torquay, Penzance T\u00e4glich m\u00f6glich! Diese Zugreise Cornwall erm\u00f6glicht Ihnen einen der sch\u00f6nsten Teile Englands kennen zu lernen und das ohne die Unannehmlichkeiten einer Selbstfahrertour. Erholen Sie sich im Zug, w\u00e4hrend Sie von einer Attraktion zur n\u00e4chsten fahren, und bewundern Sie ungest\u00f6rt die bezaubernde Landschaft. Historische Monumente, gro\u00dfartige St\u00e4dte und grandiose Tagesausfl\u00fcge erwarten [&hellip;]\" \/>\n<meta property=\"og:url\" content=\"https:\/\/www.urlaubcornwall.de\/blog\/zugreise-nach-cornwall-magische-westkueste-8-tage\/\" \/>\n<meta property=\"og:site_name\" content=\"Urlaub &amp; Reisen\" \/>\n<meta property=\"article:modified_time\" content=\"2024-03-15T11:37:21+00:00\" \/>\n<meta property=\"og:image\" content=\"https:\/\/www.urlaubcornwall.de\/blog\/wp-content\/uploads\/2016\/08\/wandern-in-cornwall.jpg\" \/>\n<meta name=\"twitter:card\" content=\"summary\" \/>\n<meta name=\"twitter:label1\" content=\"Est. reading time\" \/>\n\t<meta name=\"twitter:data1\" content=\"5 minutes\" \/>\n<script type=\"application\/ld+json\" class=\"yoast-schema-graph\">{\"@context\":\"https:\/\/schema.org\",\"@graph\":[{\"@type\":\"WebSite\",\"@id\":\"https:\/\/www.urlaubcornwall.de\/blog\/#website\",\"url\":\"https:\/\/www.urlaubcornwall.de\/blog\/\",\"name\":\"Urlaub &amp; Reisen\",\"description\":\"Urlaub, Reisen, Cornwall und S\u00fcdengland: eine perfekte Kombination\",\"potentialAction\":[{\"@type\":\"SearchAction\",\"target\":{\"@type\":\"EntryPoint\",\"urlTemplate\":\"https:\/\/www.urlaubcornwall.de\/blog\/?s={search_term_string}\"},\"query-input\":\"required name=search_term_string\"}],\"inLanguage\":\"en-US\"},{\"@type\":\"WebPage\",\"@id\":\"https:\/\/www.urlaubcornwall.de\/blog\/zugreise-nach-cornwall-magische-westkueste-8-tage\/\",\"url\":\"https:\/\/www.urlaubcornwall.de\/blog\/zugreise-nach-cornwall-magische-westkueste-8-tage\/\",\"name\":\"Zugreise Cornwall: \\\"Magische Westk\u00fcste\\\" - 9 Tage - Urlaub &amp; Reisen\",\"isPartOf\":{\"@id\":\"https:\/\/www.urlaubcornwall.de\/blog\/#website\"},\"datePublished\":\"2016-12-01T12:12:11+00:00\",\"dateModified\":\"2024-03-15T11:37:21+00:00\",\"breadcrumb\":{\"@id\":\"https:\/\/www.urlaubcornwall.de\/blog\/zugreise-nach-cornwall-magische-westkueste-8-tage\/#breadcrumb\"},\"inLanguage\":\"en-US\",\"potentialAction\":[{\"@type\":\"ReadAction\",\"target\":[\"https:\/\/www.urlaubcornwall.de\/blog\/zugreise-nach-cornwall-magische-westkueste-8-tage\/\"]}]},{\"@type\":\"BreadcrumbList\",\"@id\":\"https:\/\/www.urlaubcornwall.de\/blog\/zugreise-nach-cornwall-magische-westkueste-8-tage\/#breadcrumb\",\"itemListElement\":[{\"@type\":\"ListItem\",\"position\":1,\"name\":\"Home\",\"item\":\"https:\/\/www.urlaubcornwall.de\/blog\/\"},{\"@type\":\"ListItem\",\"position\":2,\"name\":\"Zugreise Cornwall: &#8220;Magische Westk\u00fcste&#8221; &#8211; 9 Tage\"}]}]}<\/script>\n<!-- \/ Yoast SEO plugin. -->","yoast_head_json":{"title":"Zugreise Cornwall: \"Magische Westk\u00fcste\" - 9 Tage - Urlaub &amp; Reisen","robots":{"index":"index","follow":"follow","max-snippet":"max-snippet:-1","max-image-preview":"max-image-preview:large","max-video-preview":"max-video-preview:-1"},"canonical":"https:\/\/www.urlaubcornwall.de\/blog\/zugreise-nach-cornwall-magische-westkueste-8-tage\/","og_locale":"en_US","og_type":"article","og_title":"Zugreise Cornwall: \"Magische Westk\u00fcste\" - 9 Tage - Urlaub &amp; Reisen","og_description":"Highlights: London, Bath, Torquay, Penzance T\u00e4glich m\u00f6glich! Diese Zugreise Cornwall erm\u00f6glicht Ihnen einen der sch\u00f6nsten Teile Englands kennen zu lernen und das ohne die Unannehmlichkeiten einer Selbstfahrertour. Erholen Sie sich im Zug, w\u00e4hrend Sie von einer Attraktion zur n\u00e4chsten fahren, und bewundern Sie ungest\u00f6rt die bezaubernde Landschaft. Historische Monumente, gro\u00dfartige St\u00e4dte und grandiose Tagesausfl\u00fcge erwarten [&hellip;]","og_url":"https:\/\/www.urlaubcornwall.de\/blog\/zugreise-nach-cornwall-magische-westkueste-8-tage\/","og_site_name":"Urlaub &amp; Reisen","article_modified_time":"2024-03-15T11:37:21+00:00","og_image":[{"url":"https:\/\/www.urlaubcornwall.de\/blog\/wp-content\/uploads\/2016\/08\/wandern-in-cornwall.jpg"}],"twitter_card":"summary","twitter_misc":{"Est. reading time":"5 minutes"},"schema":{"@context":"https:\/\/schema.org","@graph":[{"@type":"WebSite","@id":"https:\/\/www.urlaubcornwall.de\/blog\/#website","url":"https:\/\/www.urlaubcornwall.de\/blog\/","name":"Urlaub &amp; Reisen","description":"Urlaub, Reisen, Cornwall und S\u00fcdengland: eine perfekte Kombination","potentialAction":[{"@type":"SearchAction","target":{"@type":"EntryPoint","urlTemplate":"https:\/\/www.urlaubcornwall.de\/blog\/?s={search_term_string}"},"query-input":"required name=search_term_string"}],"inLanguage":"en-US"},{"@type":"WebPage","@id":"https:\/\/www.urlaubcornwall.de\/blog\/zugreise-nach-cornwall-magische-westkueste-8-tage\/","url":"https:\/\/www.urlaubcornwall.de\/blog\/zugreise-nach-cornwall-magische-westkueste-8-tage\/","name":"Zugreise Cornwall: \"Magische Westk\u00fcste\" - 9 Tage - Urlaub &amp; Reisen","isPartOf":{"@id":"https:\/\/www.urlaubcornwall.de\/blog\/#website"},"datePublished":"2016-12-01T12:12:11+00:00","dateModified":"2024-03-15T11:37:21+00:00","breadcrumb":{"@id":"https:\/\/www.urlaubcornwall.de\/blog\/zugreise-nach-cornwall-magische-westkueste-8-tage\/#breadcrumb"},"inLanguage":"en-US","potentialAction":[{"@type":"ReadAction","target":["https:\/\/www.urlaubcornwall.de\/blog\/zugreise-nach-cornwall-magische-westkueste-8-tage\/"]}]},{"@type":"BreadcrumbList","@id":"https:\/\/www.urlaubcornwall.de\/blog\/zugreise-nach-cornwall-magische-westkueste-8-tage\/#breadcrumb","itemListElement":[{"@type":"ListItem","position":1,"name":"Home","item":"https:\/\/www.urlaubcornwall.de\/blog\/"},{"@type":"ListItem","position":2,"name":"Zugreise Cornwall: &#8220;Magische Westk\u00fcste&#8221; &#8211; 9 Tage"}]}]}},"_links":{"self":[{"href":"https:\/\/www.urlaubcornwall.de\/blog\/wp-json\/wp\/v2\/pages\/25606"}],"collection":[{"href":"https:\/\/www.urlaubcornwall.de\/blog\/wp-json\/wp\/v2\/pages"}],"about":[{"href":"https:\/\/www.urlaubcornwall.de\/blog\/wp-json\/wp\/v2\/types\/page"}],"author":[{"embeddable":true,"href":"https:\/\/www.urlaubcornwall.de\/blog\/wp-json\/wp\/v2\/users\/1"}],"replies":[{"embeddable":true,"href":"https:\/\/www.urlaubcornwall.de\/blog\/wp-json\/wp\/v2\/comments?post=25606"}],"version-history":[{"count":23,"href":"https:\/\/www.urlaubcornwall.de\/blog\/wp-json\/wp\/v2\/pages\/25606\/revisions"}],"predecessor-version":[{"id":48286,"href":"https:\/\/www.urlaubcornwall.de\/blog\/wp-json\/wp\/v2\/pages\/25606\/revisions\/48286"}],"wp:attachment":[{"href":"https:\/\/www.urlaubcornwall.de\/blog\/wp-json\/wp\/v2\/media?parent=25606"}],"curies":[{"name":"wp","href":"https:\/\/api.w.org\/{rel}","templated":true}]}}