{"id":25588,"date":"2016-11-29T12:06:23","date_gmt":"2016-11-29T12:06:23","guid":{"rendered":"https:\/\/www.urlaubcornwall.de\/blog\/?page_id=25588"},"modified":"2024-05-29T14:27:05","modified_gmt":"2024-05-29T14:27:05","slug":"urlaub-brecon-beacons-mittelwales-sehenswuerdigkeiten-und-unterkunft","status":"publish","type":"page","link":"https:\/\/www.urlaubcornwall.de\/blog\/urlaub-brecon-beacons-mittelwales-sehenswuerdigkeiten-und-unterkunft\/","title":{"rendered":"Urlaub Brecon Beacons &#038; Mittel-Wales: Sehensw\u00fcrdigkeiten und Unterkunft"},"content":{"rendered":"<p><img loading=\"lazy\" class=\"aligncenter size-full wp-image-47942\" src=\"https:\/\/www.urlaubcornwall.de\/blog\/wp-content\/uploads\/2024\/03\/Brecon-Beacons.jpg\" alt=\"Brecon Beacons\" width=\"750\" height=\"500\" srcset=\"https:\/\/www.urlaubcornwall.de\/blog\/wp-content\/uploads\/2024\/03\/Brecon-Beacons.jpg 750w, https:\/\/www.urlaubcornwall.de\/blog\/wp-content\/uploads\/2024\/03\/Brecon-Beacons-300x200.jpg 300w\" sizes=\"(max-width: 750px) 100vw, 750px\" \/><\/p>\n<p>Der <a href=\"https:\/\/www.urlaubcornwall.de\/ferienhaeuser-fewos\/wal\/mittelwales\/brecon.html\">Brecon Beacons Nationalpark<\/a> erstreckt sich \u00fcber 1352 Quadratkilometer; er hat vier Bergketten, 268 alte Monumente und mehr als 4800km Hecken. Der h\u00f6chste Berg ist Pen-y-Fan mit seinen 886m \u00fcber der alten Grafschaftsstadt Brecon; es gibt eine Menge Wanderpfade f\u00fcr jede F\u00e4higkeitsstufe durch die Brecon Beacon, durch vielf\u00e4ltige Landschaft hindurch.<\/p>\n<p>Die Brecon Beacons haben eine Menge mittelalterlicher Burgen, es gibt herrliche Ruinen bei Brecon, Crickhowell, Llandovery und Tretower . &nbsp;Die Ruinen des Carreg Cennen Castle befinden sich in einer der spektakul\u00e4rsten Landschaften, errichtet auf einem &nbsp;Kalksteinfelsen mit Blick \u00fcber den abgelegenen Black Mountain und den Fluss Cennen im westlichen Zipfel des Brecon Beacons Nationalparks bei Llandeilo.<\/p>\n<p style=\"text-align: center;\"><a class=\"tidycta\" href=\"https:\/\/www.urlaubcornwall.de\/ferienhaeuser-fewos\/wal\/mittelwales\/brecon.html\">Suche Ferienh\u00e4user in Brecon<\/a><\/p>\n<p>Es gibt einige sehr wichtige Schluchtensysteme im Nationalpark; einige sind lediglich erfahrenen H\u00f6hlenforschern zug\u00e4nglich, doch das Nationale Showh\u00f6hlenzentrum f\u00fcr&nbsp; bei Dan-yr-Ogof ist ein gro\u00dfartiger Ausgangspunkt. Es ist eine der beliebtesten Besucherattraktionen des Brecon Beacons Nationalparks und eines der wichtigsten nat\u00fcrlichen Netzwerke unterirdischer Passagen und H\u00f6hlen Britanniens; es gibt Beweise, dass die H\u00f6hlen w\u00e4hrend des Bronzezeitalters vor mehr als 3 000 Jahren bewohnt waren. Die Cathedral Cave, die sich 150m unter der Erde befindet und 10m hoch ist, ist ein Highlight der Tour; diese H\u00f6hle kann rechtsm\u00e4\u00dfig Hochzeitszeremonien durchf\u00fchren.<\/p>\n<p>Um den Nationalpark herum befinden sich viele Marktst\u00e4dte, die wichtigsten sind Abergavenny, Brecon, Crickhowell, Hay-on-Wye, Llandovery und Talgarth.&nbsp; Abergavenny gilt als das Tor nach Wales und zum Nationalpark; Brecon ist eine lebendige Marktstadt mit dem gr\u00f6\u00dften Bauernmarkt der Gegend, der jeden zweiten Samstag eines Monats stattfindet. Crickhowell ist eine kleine, gut erhaltene georgianische Stadt im Usk Tal, wo jedes Jahr ein Wanderfest stattfindet. Hay-on \u2013Wye ist bekannt als \u2018Stadt der B\u00fccher\u2019 und f\u00fcr sein j\u00e4hrliches Literaturfest, das Besucher aus der ganzen Welt anzieht. Llandovery ist eine gro\u00dfartige Ausgangsbasis, um die westlichen Brecon Beacons zu genie\u00dfen, ein Gebiet, das beliebt ist zum Wandern, Mountainbiken, Radfahren und Angeln. Hier finden Sie auch Llyn Brianne, den h\u00f6chsten Damm Britanniens mit 91m, der S\u00fcdwales mit Wasser versorgt. Talgarth ist eine kleine alte Marktstadt, ein ausgezeichnetes Tor zum Black Mountain, um H\u00fcgelwanderungen zu machen und zum Bergwandern.<\/p>\n<p style=\"text-align: center;\">UrlaubCornwall verf\u00fcgt Ferienh\u00e4user und Ferienwohnungen f\u00fcr Ihren <a href=\"https:\/\/www.urlaubcornwall.de\/reiseziel\/wales.php\">Urlaub in Wales<\/a>. Unterk\u00fcnfte der Spitzenklasse f\u00fcr 2 Personen, Familien und Gruppen mit 4, 6, 8, 10 oder 12 G\u00e4sten.<\/p>\n<h1 style=\"text-align: center;\"><strong>Bei uns finden Sie Ferienh\u00e4user zum Verlieben \u2013 so einfach ist das!<\/strong><\/h1>\n<p style=\"text-align: center;\"><a class=\"tidycta\" href=\"https:\/\/www.urlaubcornwall.de\/ferienhaeuser-fewos\/wal\/mittelwales\/mittelwales.html\">Suche Ferienh\u00e4user in Wales &gt;&gt;<\/a><\/p>\n<p style=\"text-align: center;\">UrlaubCornwall.de hat eine einzigartige Sammlung pers\u00f6nlich inspizierter Ferienh\u00e4user und Ferienwohnungen in Wales, <a href=\"https:\/\/www.urlaubcornwall.de\/ferienhaueser\/suedengland.php\">S\u00fcdengland<\/a> und nun auch im gesamten Gro\u00dfbritannien.<\/p>\n","protected":false},"excerpt":{"rendered":"<p>Der Brecon Beacons Nationalpark erstreckt sich \u00fcber 1352 Quadratkilometer; er hat vier Bergketten, 268 alte Monumente und mehr als 4800km Hecken. Der h\u00f6chste Berg ist Pen-y-Fan mit seinen 886m \u00fcber der alten Grafschaftsstadt Brecon; es gibt eine Menge Wanderpfade f\u00fcr jede F\u00e4higkeitsstufe durch die Brecon Beacon, durch vielf\u00e4ltige Landschaft hindurch. Die Brecon Beacons haben eine [&hellip;]<\/p>\n","protected":false},"author":1,"featured_media":0,"parent":0,"menu_order":0,"comment_status":"closed","ping_status":"closed","template":"single-four.php","meta":[],"acf":[],"yoast_head":"<!-- This site is optimized with the Yoast SEO plugin v19.4 - https:\/\/yoast.com\/wordpress\/plugins\/seo\/ -->\n<title>Urlaub Brecon Beacons &amp; Mittel-Wales: Sehensw\u00fcrdigkeiten und Unterkunft - Urlaub &amp; Reisen<\/title>\n<meta name=\"robots\" content=\"index, follow, max-snippet:-1, max-image-preview:large, max-video-preview:-1\" \/>\n<link rel=\"canonical\" href=\"https:\/\/www.urlaubcornwall.de\/blog\/urlaub-brecon-beacons-mittelwales-sehenswuerdigkeiten-und-unterkunft\/\" \/>\n<meta property=\"og:locale\" content=\"en_US\" \/>\n<meta property=\"og:type\" content=\"article\" \/>\n<meta property=\"og:title\" content=\"Urlaub Brecon Beacons &amp; Mittel-Wales: Sehensw\u00fcrdigkeiten und Unterkunft - Urlaub &amp; Reisen\" \/>\n<meta property=\"og:description\" content=\"Der Brecon Beacons Nationalpark erstreckt sich \u00fcber 1352 Quadratkilometer; er hat vier Bergketten, 268 alte Monumente und mehr als 4800km Hecken. Der h\u00f6chste Berg ist Pen-y-Fan mit seinen 886m \u00fcber der alten Grafschaftsstadt Brecon; es gibt eine Menge Wanderpfade f\u00fcr jede F\u00e4higkeitsstufe durch die Brecon Beacon, durch vielf\u00e4ltige Landschaft hindurch. Die Brecon Beacons haben eine [&hellip;]\" \/>\n<meta property=\"og:url\" content=\"https:\/\/www.urlaubcornwall.de\/blog\/urlaub-brecon-beacons-mittelwales-sehenswuerdigkeiten-und-unterkunft\/\" \/>\n<meta property=\"og:site_name\" content=\"Urlaub &amp; Reisen\" \/>\n<meta property=\"article:modified_time\" content=\"2024-05-29T14:27:05+00:00\" \/>\n<meta property=\"og:image\" content=\"https:\/\/www.urlaubcornwall.de\/blog\/wp-content\/uploads\/2024\/03\/Brecon-Beacons.jpg\" \/>\n<meta name=\"twitter:card\" content=\"summary\" \/>\n<meta name=\"twitter:label1\" content=\"Est. reading time\" \/>\n\t<meta name=\"twitter:data1\" content=\"3 minutes\" \/>\n<script type=\"application\/ld+json\" class=\"yoast-schema-graph\">{\"@context\":\"https:\/\/schema.org\",\"@graph\":[{\"@type\":\"WebSite\",\"@id\":\"https:\/\/www.urlaubcornwall.de\/blog\/#website\",\"url\":\"https:\/\/www.urlaubcornwall.de\/blog\/\",\"name\":\"Urlaub &amp; Reisen\",\"description\":\"Urlaub, Reisen, Cornwall und S\u00fcdengland: eine perfekte Kombination\",\"potentialAction\":[{\"@type\":\"SearchAction\",\"target\":{\"@type\":\"EntryPoint\",\"urlTemplate\":\"https:\/\/www.urlaubcornwall.de\/blog\/?s={search_term_string}\"},\"query-input\":\"required name=search_term_string\"}],\"inLanguage\":\"en-US\"},{\"@type\":\"WebPage\",\"@id\":\"https:\/\/www.urlaubcornwall.de\/blog\/urlaub-brecon-beacons-mittelwales-sehenswuerdigkeiten-und-unterkunft\/\",\"url\":\"https:\/\/www.urlaubcornwall.de\/blog\/urlaub-brecon-beacons-mittelwales-sehenswuerdigkeiten-und-unterkunft\/\",\"name\":\"Urlaub Brecon Beacons & Mittel-Wales: Sehensw\u00fcrdigkeiten und Unterkunft - Urlaub &amp; Reisen\",\"isPartOf\":{\"@id\":\"https:\/\/www.urlaubcornwall.de\/blog\/#website\"},\"datePublished\":\"2016-11-29T12:06:23+00:00\",\"dateModified\":\"2024-05-29T14:27:05+00:00\",\"breadcrumb\":{\"@id\":\"https:\/\/www.urlaubcornwall.de\/blog\/urlaub-brecon-beacons-mittelwales-sehenswuerdigkeiten-und-unterkunft\/#breadcrumb\"},\"inLanguage\":\"en-US\",\"potentialAction\":[{\"@type\":\"ReadAction\",\"target\":[\"https:\/\/www.urlaubcornwall.de\/blog\/urlaub-brecon-beacons-mittelwales-sehenswuerdigkeiten-und-unterkunft\/\"]}]},{\"@type\":\"BreadcrumbList\",\"@id\":\"https:\/\/www.urlaubcornwall.de\/blog\/urlaub-brecon-beacons-mittelwales-sehenswuerdigkeiten-und-unterkunft\/#breadcrumb\",\"itemListElement\":[{\"@type\":\"ListItem\",\"position\":1,\"name\":\"Home\",\"item\":\"https:\/\/www.urlaubcornwall.de\/blog\/\"},{\"@type\":\"ListItem\",\"position\":2,\"name\":\"Urlaub Brecon Beacons &#038; Mittel-Wales: Sehensw\u00fcrdigkeiten und Unterkunft\"}]}]}<\/script>\n<!-- \/ Yoast SEO plugin. -->","yoast_head_json":{"title":"Urlaub Brecon Beacons & Mittel-Wales: Sehensw\u00fcrdigkeiten und Unterkunft - Urlaub &amp; Reisen","robots":{"index":"index","follow":"follow","max-snippet":"max-snippet:-1","max-image-preview":"max-image-preview:large","max-video-preview":"max-video-preview:-1"},"canonical":"https:\/\/www.urlaubcornwall.de\/blog\/urlaub-brecon-beacons-mittelwales-sehenswuerdigkeiten-und-unterkunft\/","og_locale":"en_US","og_type":"article","og_title":"Urlaub Brecon Beacons & Mittel-Wales: Sehensw\u00fcrdigkeiten und Unterkunft - Urlaub &amp; Reisen","og_description":"Der Brecon Beacons Nationalpark erstreckt sich \u00fcber 1352 Quadratkilometer; er hat vier Bergketten, 268 alte Monumente und mehr als 4800km Hecken. Der h\u00f6chste Berg ist Pen-y-Fan mit seinen 886m \u00fcber der alten Grafschaftsstadt Brecon; es gibt eine Menge Wanderpfade f\u00fcr jede F\u00e4higkeitsstufe durch die Brecon Beacon, durch vielf\u00e4ltige Landschaft hindurch. Die Brecon Beacons haben eine [&hellip;]","og_url":"https:\/\/www.urlaubcornwall.de\/blog\/urlaub-brecon-beacons-mittelwales-sehenswuerdigkeiten-und-unterkunft\/","og_site_name":"Urlaub &amp; Reisen","article_modified_time":"2024-05-29T14:27:05+00:00","og_image":[{"url":"https:\/\/www.urlaubcornwall.de\/blog\/wp-content\/uploads\/2024\/03\/Brecon-Beacons.jpg"}],"twitter_card":"summary","twitter_misc":{"Est. reading time":"3 minutes"},"schema":{"@context":"https:\/\/schema.org","@graph":[{"@type":"WebSite","@id":"https:\/\/www.urlaubcornwall.de\/blog\/#website","url":"https:\/\/www.urlaubcornwall.de\/blog\/","name":"Urlaub &amp; Reisen","description":"Urlaub, Reisen, Cornwall und S\u00fcdengland: eine perfekte Kombination","potentialAction":[{"@type":"SearchAction","target":{"@type":"EntryPoint","urlTemplate":"https:\/\/www.urlaubcornwall.de\/blog\/?s={search_term_string}"},"query-input":"required name=search_term_string"}],"inLanguage":"en-US"},{"@type":"WebPage","@id":"https:\/\/www.urlaubcornwall.de\/blog\/urlaub-brecon-beacons-mittelwales-sehenswuerdigkeiten-und-unterkunft\/","url":"https:\/\/www.urlaubcornwall.de\/blog\/urlaub-brecon-beacons-mittelwales-sehenswuerdigkeiten-und-unterkunft\/","name":"Urlaub Brecon Beacons & Mittel-Wales: Sehensw\u00fcrdigkeiten und Unterkunft - Urlaub &amp; Reisen","isPartOf":{"@id":"https:\/\/www.urlaubcornwall.de\/blog\/#website"},"datePublished":"2016-11-29T12:06:23+00:00","dateModified":"2024-05-29T14:27:05+00:00","breadcrumb":{"@id":"https:\/\/www.urlaubcornwall.de\/blog\/urlaub-brecon-beacons-mittelwales-sehenswuerdigkeiten-und-unterkunft\/#breadcrumb"},"inLanguage":"en-US","potentialAction":[{"@type":"ReadAction","target":["https:\/\/www.urlaubcornwall.de\/blog\/urlaub-brecon-beacons-mittelwales-sehenswuerdigkeiten-und-unterkunft\/"]}]},{"@type":"BreadcrumbList","@id":"https:\/\/www.urlaubcornwall.de\/blog\/urlaub-brecon-beacons-mittelwales-sehenswuerdigkeiten-und-unterkunft\/#breadcrumb","itemListElement":[{"@type":"ListItem","position":1,"name":"Home","item":"https:\/\/www.urlaubcornwall.de\/blog\/"},{"@type":"ListItem","position":2,"name":"Urlaub Brecon Beacons &#038; Mittel-Wales: Sehensw\u00fcrdigkeiten und Unterkunft"}]}]}},"_links":{"self":[{"href":"https:\/\/www.urlaubcornwall.de\/blog\/wp-json\/wp\/v2\/pages\/25588"}],"collection":[{"href":"https:\/\/www.urlaubcornwall.de\/blog\/wp-json\/wp\/v2\/pages"}],"about":[{"href":"https:\/\/www.urlaubcornwall.de\/blog\/wp-json\/wp\/v2\/types\/page"}],"author":[{"embeddable":true,"href":"https:\/\/www.urlaubcornwall.de\/blog\/wp-json\/wp\/v2\/users\/1"}],"replies":[{"embeddable":true,"href":"https:\/\/www.urlaubcornwall.de\/blog\/wp-json\/wp\/v2\/comments?post=25588"}],"version-history":[{"count":10,"href":"https:\/\/www.urlaubcornwall.de\/blog\/wp-json\/wp\/v2\/pages\/25588\/revisions"}],"predecessor-version":[{"id":50699,"href":"https:\/\/www.urlaubcornwall.de\/blog\/wp-json\/wp\/v2\/pages\/25588\/revisions\/50699"}],"wp:attachment":[{"href":"https:\/\/www.urlaubcornwall.de\/blog\/wp-json\/wp\/v2\/media?parent=25588"}],"curies":[{"name":"wp","href":"https:\/\/api.w.org\/{rel}","templated":true}]}}