{"id":25581,"date":"2016-11-29T10:51:27","date_gmt":"2016-11-29T10:51:27","guid":{"rendered":"https:\/\/www.urlaubcornwall.de\/blog\/?page_id=25581"},"modified":"2024-04-09T11:17:20","modified_gmt":"2024-04-09T11:17:20","slug":"urlaub-in-snowdonia-sehenswuerdigkeiten-und-unterkunft","status":"publish","type":"page","link":"https:\/\/www.urlaubcornwall.de\/blog\/urlaub-in-snowdonia-sehenswuerdigkeiten-und-unterkunft\/","title":{"rendered":"Urlaub in Snowdonia: Sehensw\u00fcrdigkeiten und Unterkunft"},"content":{"rendered":"<p><img loading=\"lazy\" class=\"aligncenter size-full wp-image-47831\" src=\"https:\/\/www.urlaubcornwall.de\/blog\/wp-content\/uploads\/2024\/03\/snowdonia-wales.jpg\" alt=\"snowdonia wales\" width=\"750\" height=\"422\" srcset=\"https:\/\/www.urlaubcornwall.de\/blog\/wp-content\/uploads\/2024\/03\/snowdonia-wales.jpg 750w, https:\/\/www.urlaubcornwall.de\/blog\/wp-content\/uploads\/2024\/03\/snowdonia-wales-300x169.jpg 300w\" sizes=\"(max-width: 750px) 100vw, 750px\" \/><\/p>\n<p>Snowdonia mit seinen 2 142 Quadratkilometern ist der zweitgr\u00f6\u00dfte Nationalpark Britanniens nach dem Lake Distrikt; es ist einer der beliebtesten Urlaubsziele des Vereinigte K\u00f6nigreich zum Wandern und Urlaube im Freien und hat einige der besten <a href=\"https:\/\/www.urlaubcornwall.de\/reiseziel\/wales.php\">K\u00fcstenlandschaften von Wales<\/a>.<\/p>\n<p><strong>Llanberis:<\/strong> befindet sich im Herzen des <a href=\"https:\/\/www.urlaubcornwall.de\/ferienhaeuser-fewos\/wal\/nordwales\/snowdonia.html\">Snowdonia Nationalparks<\/a>; an den Ausl\u00e4ufern von Snowdon gelegen, ist es ein beliebtes Touristenzentrum. Llanberis ist der Ausgangspunkt f\u00fcr zwei der leichtesten Pfade zum Gipfel von Snowdon; einer ist der Llanberis Pfad, der sich die S\u00fcdh\u00e4nge hinaufwindet, ungef\u00e4hr 14,6km lang ist, und bei gutem Wetter braucht der Durchschnittswanderer ungef\u00e4hr 5-6 Stunden. Sie sollten jedoch gut ausger\u00fcstet sein zum Wandern, da der Gipfel \u00fcber &nbsp;1000m hoch ist. Die andere M\u00f6glichkeit, den Gipfel zu erreichen, ist mit der Snowdon Bergbahn, die seit 1896 in Betrieb ist. Diese Reise zur Dachspitze von Wales dauert 60 Minuten, und mit atemberaubendem Blick und herrlicher Landschaft ist dies ein gro\u00dfartiger Familienausflug.<\/p>\n<p><a href=\"https:\/\/www.urlaubcornwall.de\/blog\/wp-content\/uploads\/2024\/03\/harlech.jpg\"><img loading=\"lazy\" src=\"https:\/\/www.urlaubcornwall.de\/blog\/wp-content\/uploads\/2024\/03\/harlech.jpg\" alt=\"harlech\" width=\"750\" height=\"600\" class=\"alignnone size-full wp-image-47823\" srcset=\"https:\/\/www.urlaubcornwall.de\/blog\/wp-content\/uploads\/2024\/03\/harlech.jpg 750w, https:\/\/www.urlaubcornwall.de\/blog\/wp-content\/uploads\/2024\/03\/harlech-300x240.jpg 300w\" sizes=\"(max-width: 750px) 100vw, 750px\" \/><\/a><\/p>\n<p><strong>Harlech Castle:<\/strong> wurde im 13. Jahrhundert von Edward I erbaut. Diese eindrucksvolle Festung nahm teil an vielen Schlachten und Belagerungen und wurde unsterblich gemacht im Lied \u2018Men of Harlech\u2019, der inoffiziellen Nationalhymne von Wales, die von Rugbyfans gesungen wird und gespielt wird von Milit\u00e4rbands. Mit ihrer herrlichen mittelalterlichen Architektur und der atemberaubenden Lage ist dies eine Burg, die nicht verpasst werden sollte. Sie ist das ganze Jahr \u00fcber ge\u00f6ffnet.<\/p>\n<p><script async src=\"https:\/\/pagead2.googlesyndication.com\/pagead\/js\/adsbygoogle.js?client=ca-pub-3901089389175725\"\n     crossorigin=\"anonymous\"><\/script><br \/>\n<!-- New UC --><br \/>\n<ins class=\"adsbygoogle\"\n     style=\"display:block\"\n     data-ad-client=\"ca-pub-3901089389175725\"\n     data-ad-slot=\"8080314818\"\n     data-ad-format=\"auto\"\n     data-full-width-responsive=\"true\"><\/ins><br \/>\n<script>\n     (adsbygoogle = window.adsbygoogle || []).push({});\n<\/script><\/p>\n<p><strong>Bardsey Island:<\/strong> ist eine wilde walisische Insel, lediglich 3,2km vor der K\u00fcste der Llyn Halbinsel, und mit ihrem reichen Tierleben, einer dramatischen K\u00fcste und einer faszinierenden Geschichte, gibt es Vieles zu entdecken. Bardesy Island, die lediglich 2,5km lang und ungef\u00e4hr 1km breit ist, ist von M\u00e4rz bis Oktober f\u00fcr Besucher ge\u00f6ffnet. Es gibt Bootsfahrten von Aberdaron, die ungef\u00e4hr 15 Minuten dauern, und Sie haben dann ungef\u00e4hr 3-4 Stunden, um die Insel zu erkunden. Diese einzigartige Insel hat eine Bauern- und Fischergemeinde und ist zudem ein nationales Naturreservat; der ideale Ort, um V\u00f6gel zu beobachten, und 310 Vogelarten wurden auf der Insel gez\u00e4hlt. Es ist auch ein herrlicher Ort, um Robben, Delfine und Wasserschildkr\u00f6ten zu sichten. Bardsey Island war ein Mittelpunkt der keltisch christlichen Kirche, und im 6. Jahrhundert errichtete St Cadfan hier ein Kloster, und heute k\u00f6nnen Sie die Ruinen der Abtei St Mary aus dem 13. Jahrhundert erkunden, die einst Pilgerst\u00e4tte war. Der Leuchtturm von Bardsey Island, der 1821 errichtet wurde, ist der h\u00f6chste des UK mit einem viereckigen Turm. Heute wird er g\u00e4nzlich mit Solarenergie betrieben.<\/p>\n<p><img loading=\"lazy\" class=\"aligncenter size-full wp-image-47839\" src=\"https:\/\/www.urlaubcornwall.de\/blog\/wp-content\/uploads\/2024\/03\/Portmeirion.jpg\" alt=\"Portmeirion\" width=\"750\" height=\"500\" srcset=\"https:\/\/www.urlaubcornwall.de\/blog\/wp-content\/uploads\/2024\/03\/Portmeirion.jpg 750w, https:\/\/www.urlaubcornwall.de\/blog\/wp-content\/uploads\/2024\/03\/Portmeirion-300x200.jpg 300w\" sizes=\"(max-width: 750px) 100vw, 750px\" \/><\/p>\n<p><strong>Portmeirion<\/strong>, ein privates Dorf, hat eine wundervolle italienische Architektur und herrlichen Blick; es ist eine der Top Besucherattraktionen in Wales und wurde ber\u00fchmt, als es in der Fernsehserie \u2018The Prisoner\u2019 in den 1960ern in Erscheinung trat. Portmeirion Pottery wurde von Susan William-Ellis designt, die Tochter des Sir Clough William-Ellis ist, des Architekten, der das Dorf Portmeirion designte.<\/p>\n<p style=\"text-align: center;\">UrlaubCornwall verf\u00fcgt Ferienh\u00e4user und Ferienwohnungen f\u00fcr Ihren <a href=\"https:\/\/www.urlaubcornwall.de\/reiseziel\/wales.php\">Urlaub in Wales<\/a>. Unterk\u00fcnfte der Spitzenklasse f\u00fcr 2 Personen, Familien und Gruppen mit 4, 6, 8, 10 oder 12 G\u00e4sten.<\/p>\n<h1 style=\"text-align: center;\"><strong>Bei uns finden Sie Ferienh\u00e4user zum Verlieben \u2013 so einfach ist das!<\/strong><\/h1>\n<p style=\"text-align: center;\"><a class=\"tidycta\" href=\"https:\/\/www.urlaubcornwall.de\/ferienhaeuser-fewos\/wal\/nordwales\/snowdonia.html\">Suche Ferienh\u00e4user in Snowdonia<\/a><\/p>\n<p>UrlaubCornwall.de hat eine einzigartige Sammlung pers\u00f6nlich inspizierter Ferienh\u00e4user und Ferienwohnungen in Wales, <a href=\"https:\/\/www.urlaubcornwall.de\/ferienhaueser\/suedengland.php\">S\u00fcdengland<\/a> und nun auch im gesamten Gro\u00dfbritannien.<\/p>\n","protected":false},"excerpt":{"rendered":"<p>Snowdonia mit seinen 2 142 Quadratkilometern ist der zweitgr\u00f6\u00dfte Nationalpark Britanniens nach dem Lake Distrikt; es ist einer der beliebtesten Urlaubsziele des Vereinigte K\u00f6nigreich zum Wandern und Urlaube im Freien und hat einige der besten K\u00fcstenlandschaften von Wales. Llanberis: befindet sich im Herzen des Snowdonia Nationalparks; an den Ausl\u00e4ufern von Snowdon gelegen, ist es ein [&hellip;]<\/p>\n","protected":false},"author":1,"featured_media":0,"parent":0,"menu_order":0,"comment_status":"closed","ping_status":"closed","template":"single-four.php","meta":[],"acf":[],"yoast_head":"<!-- This site is optimized with the Yoast SEO plugin v19.4 - https:\/\/yoast.com\/wordpress\/plugins\/seo\/ -->\n<title>Urlaub in Snowdonia: Sehensw\u00fcrdigkeiten und Unterkunft - Urlaub &amp; Reisen<\/title>\n<meta name=\"robots\" content=\"index, follow, max-snippet:-1, max-image-preview:large, max-video-preview:-1\" \/>\n<link rel=\"canonical\" href=\"https:\/\/www.urlaubcornwall.de\/blog\/urlaub-in-snowdonia-sehenswuerdigkeiten-und-unterkunft\/\" \/>\n<meta property=\"og:locale\" content=\"en_US\" \/>\n<meta property=\"og:type\" content=\"article\" \/>\n<meta property=\"og:title\" content=\"Urlaub in Snowdonia: Sehensw\u00fcrdigkeiten und Unterkunft - Urlaub &amp; Reisen\" \/>\n<meta property=\"og:description\" content=\"Snowdonia mit seinen 2 142 Quadratkilometern ist der zweitgr\u00f6\u00dfte Nationalpark Britanniens nach dem Lake Distrikt; es ist einer der beliebtesten Urlaubsziele des Vereinigte K\u00f6nigreich zum Wandern und Urlaube im Freien und hat einige der besten K\u00fcstenlandschaften von Wales. Llanberis: befindet sich im Herzen des Snowdonia Nationalparks; an den Ausl\u00e4ufern von Snowdon gelegen, ist es ein [&hellip;]\" \/>\n<meta property=\"og:url\" content=\"https:\/\/www.urlaubcornwall.de\/blog\/urlaub-in-snowdonia-sehenswuerdigkeiten-und-unterkunft\/\" \/>\n<meta property=\"og:site_name\" content=\"Urlaub &amp; Reisen\" \/>\n<meta property=\"article:modified_time\" content=\"2024-04-09T11:17:20+00:00\" \/>\n<meta property=\"og:image\" content=\"https:\/\/www.urlaubcornwall.de\/blog\/wp-content\/uploads\/2024\/03\/snowdonia-wales.jpg\" \/>\n<meta name=\"twitter:card\" content=\"summary\" \/>\n<meta name=\"twitter:label1\" content=\"Est. reading time\" \/>\n\t<meta name=\"twitter:data1\" content=\"3 minutes\" \/>\n<script type=\"application\/ld+json\" class=\"yoast-schema-graph\">{\"@context\":\"https:\/\/schema.org\",\"@graph\":[{\"@type\":\"WebSite\",\"@id\":\"https:\/\/www.urlaubcornwall.de\/blog\/#website\",\"url\":\"https:\/\/www.urlaubcornwall.de\/blog\/\",\"name\":\"Urlaub &amp; Reisen\",\"description\":\"Urlaub, Reisen, Cornwall und S\u00fcdengland: eine perfekte Kombination\",\"potentialAction\":[{\"@type\":\"SearchAction\",\"target\":{\"@type\":\"EntryPoint\",\"urlTemplate\":\"https:\/\/www.urlaubcornwall.de\/blog\/?s={search_term_string}\"},\"query-input\":\"required name=search_term_string\"}],\"inLanguage\":\"en-US\"},{\"@type\":\"WebPage\",\"@id\":\"https:\/\/www.urlaubcornwall.de\/blog\/urlaub-in-snowdonia-sehenswuerdigkeiten-und-unterkunft\/\",\"url\":\"https:\/\/www.urlaubcornwall.de\/blog\/urlaub-in-snowdonia-sehenswuerdigkeiten-und-unterkunft\/\",\"name\":\"Urlaub in Snowdonia: Sehensw\u00fcrdigkeiten und Unterkunft - Urlaub &amp; Reisen\",\"isPartOf\":{\"@id\":\"https:\/\/www.urlaubcornwall.de\/blog\/#website\"},\"datePublished\":\"2016-11-29T10:51:27+00:00\",\"dateModified\":\"2024-04-09T11:17:20+00:00\",\"breadcrumb\":{\"@id\":\"https:\/\/www.urlaubcornwall.de\/blog\/urlaub-in-snowdonia-sehenswuerdigkeiten-und-unterkunft\/#breadcrumb\"},\"inLanguage\":\"en-US\",\"potentialAction\":[{\"@type\":\"ReadAction\",\"target\":[\"https:\/\/www.urlaubcornwall.de\/blog\/urlaub-in-snowdonia-sehenswuerdigkeiten-und-unterkunft\/\"]}]},{\"@type\":\"BreadcrumbList\",\"@id\":\"https:\/\/www.urlaubcornwall.de\/blog\/urlaub-in-snowdonia-sehenswuerdigkeiten-und-unterkunft\/#breadcrumb\",\"itemListElement\":[{\"@type\":\"ListItem\",\"position\":1,\"name\":\"Home\",\"item\":\"https:\/\/www.urlaubcornwall.de\/blog\/\"},{\"@type\":\"ListItem\",\"position\":2,\"name\":\"Urlaub in Snowdonia: Sehensw\u00fcrdigkeiten und Unterkunft\"}]}]}<\/script>\n<!-- \/ Yoast SEO plugin. -->","yoast_head_json":{"title":"Urlaub in Snowdonia: Sehensw\u00fcrdigkeiten und Unterkunft - Urlaub &amp; Reisen","robots":{"index":"index","follow":"follow","max-snippet":"max-snippet:-1","max-image-preview":"max-image-preview:large","max-video-preview":"max-video-preview:-1"},"canonical":"https:\/\/www.urlaubcornwall.de\/blog\/urlaub-in-snowdonia-sehenswuerdigkeiten-und-unterkunft\/","og_locale":"en_US","og_type":"article","og_title":"Urlaub in Snowdonia: Sehensw\u00fcrdigkeiten und Unterkunft - Urlaub &amp; Reisen","og_description":"Snowdonia mit seinen 2 142 Quadratkilometern ist der zweitgr\u00f6\u00dfte Nationalpark Britanniens nach dem Lake Distrikt; es ist einer der beliebtesten Urlaubsziele des Vereinigte K\u00f6nigreich zum Wandern und Urlaube im Freien und hat einige der besten K\u00fcstenlandschaften von Wales. Llanberis: befindet sich im Herzen des Snowdonia Nationalparks; an den Ausl\u00e4ufern von Snowdon gelegen, ist es ein [&hellip;]","og_url":"https:\/\/www.urlaubcornwall.de\/blog\/urlaub-in-snowdonia-sehenswuerdigkeiten-und-unterkunft\/","og_site_name":"Urlaub &amp; Reisen","article_modified_time":"2024-04-09T11:17:20+00:00","og_image":[{"url":"https:\/\/www.urlaubcornwall.de\/blog\/wp-content\/uploads\/2024\/03\/snowdonia-wales.jpg"}],"twitter_card":"summary","twitter_misc":{"Est. reading time":"3 minutes"},"schema":{"@context":"https:\/\/schema.org","@graph":[{"@type":"WebSite","@id":"https:\/\/www.urlaubcornwall.de\/blog\/#website","url":"https:\/\/www.urlaubcornwall.de\/blog\/","name":"Urlaub &amp; Reisen","description":"Urlaub, Reisen, Cornwall und S\u00fcdengland: eine perfekte Kombination","potentialAction":[{"@type":"SearchAction","target":{"@type":"EntryPoint","urlTemplate":"https:\/\/www.urlaubcornwall.de\/blog\/?s={search_term_string}"},"query-input":"required name=search_term_string"}],"inLanguage":"en-US"},{"@type":"WebPage","@id":"https:\/\/www.urlaubcornwall.de\/blog\/urlaub-in-snowdonia-sehenswuerdigkeiten-und-unterkunft\/","url":"https:\/\/www.urlaubcornwall.de\/blog\/urlaub-in-snowdonia-sehenswuerdigkeiten-und-unterkunft\/","name":"Urlaub in Snowdonia: Sehensw\u00fcrdigkeiten und Unterkunft - Urlaub &amp; Reisen","isPartOf":{"@id":"https:\/\/www.urlaubcornwall.de\/blog\/#website"},"datePublished":"2016-11-29T10:51:27+00:00","dateModified":"2024-04-09T11:17:20+00:00","breadcrumb":{"@id":"https:\/\/www.urlaubcornwall.de\/blog\/urlaub-in-snowdonia-sehenswuerdigkeiten-und-unterkunft\/#breadcrumb"},"inLanguage":"en-US","potentialAction":[{"@type":"ReadAction","target":["https:\/\/www.urlaubcornwall.de\/blog\/urlaub-in-snowdonia-sehenswuerdigkeiten-und-unterkunft\/"]}]},{"@type":"BreadcrumbList","@id":"https:\/\/www.urlaubcornwall.de\/blog\/urlaub-in-snowdonia-sehenswuerdigkeiten-und-unterkunft\/#breadcrumb","itemListElement":[{"@type":"ListItem","position":1,"name":"Home","item":"https:\/\/www.urlaubcornwall.de\/blog\/"},{"@type":"ListItem","position":2,"name":"Urlaub in Snowdonia: Sehensw\u00fcrdigkeiten und Unterkunft"}]}]}},"_links":{"self":[{"href":"https:\/\/www.urlaubcornwall.de\/blog\/wp-json\/wp\/v2\/pages\/25581"}],"collection":[{"href":"https:\/\/www.urlaubcornwall.de\/blog\/wp-json\/wp\/v2\/pages"}],"about":[{"href":"https:\/\/www.urlaubcornwall.de\/blog\/wp-json\/wp\/v2\/types\/page"}],"author":[{"embeddable":true,"href":"https:\/\/www.urlaubcornwall.de\/blog\/wp-json\/wp\/v2\/users\/1"}],"replies":[{"embeddable":true,"href":"https:\/\/www.urlaubcornwall.de\/blog\/wp-json\/wp\/v2\/comments?post=25581"}],"version-history":[{"count":10,"href":"https:\/\/www.urlaubcornwall.de\/blog\/wp-json\/wp\/v2\/pages\/25581\/revisions"}],"predecessor-version":[{"id":49149,"href":"https:\/\/www.urlaubcornwall.de\/blog\/wp-json\/wp\/v2\/pages\/25581\/revisions\/49149"}],"wp:attachment":[{"href":"https:\/\/www.urlaubcornwall.de\/blog\/wp-json\/wp\/v2\/media?parent=25581"}],"curies":[{"name":"wp","href":"https:\/\/api.w.org\/{rel}","templated":true}]}}