{"id":25578,"date":"2016-11-29T10:40:58","date_gmt":"2016-11-29T10:40:58","guid":{"rendered":"https:\/\/www.urlaubcornwall.de\/blog\/?page_id=25578"},"modified":"2024-05-29T14:30:38","modified_gmt":"2024-05-29T14:30:38","slug":"urlaub-in-west-wales-sehenswuerdigkeiten-und-unterkunft","status":"publish","type":"page","link":"https:\/\/www.urlaubcornwall.de\/blog\/urlaub-in-west-wales-sehenswuerdigkeiten-und-unterkunft\/","title":{"rendered":"Urlaub in Tenby, Westk\u00fcste Wales: Sehensw\u00fcrdigkeiten und Unterkunft"},"content":{"rendered":"<p><a href=\"https:\/\/www.urlaubcornwall.de\/blog\/wp-content\/uploads\/2019\/02\/rundreise-tenby-wales.jpg\"><img loading=\"lazy\" src=\"https:\/\/www.urlaubcornwall.de\/blog\/wp-content\/uploads\/2019\/02\/rundreise-tenby-wales.jpg\" alt=\"tenby wales\" width=\"752\" height=\"428\" class=\"alignnone size-full wp-image-36092\" srcset=\"https:\/\/www.urlaubcornwall.de\/blog\/wp-content\/uploads\/2019\/02\/rundreise-tenby-wales.jpg 752w, https:\/\/www.urlaubcornwall.de\/blog\/wp-content\/uploads\/2019\/02\/rundreise-tenby-wales-300x171.jpg 300w\" sizes=\"(max-width: 752px) 100vw, 752px\" \/><\/a><\/p>\n<p>Pembrokeshire in <a href=\"https:\/\/www.urlaubcornwall.de\/reiseziel\/wales.php\">Westwales<\/a> ist ein Paradies f\u00fcr Schwimmer, Strandgutsammler, Tierbeobachter, Wanderer und Freizeitabenteurer. Dieser Teil der K\u00fcste hat vieles gemeinsam mit Cornwall; Landzungen aus grauem Gestein und verschlungene Pfade, die zu einsamen Buchten f\u00fchren; es ist ein gro\u00dfartiger Ort f\u00fcr einen Familienurlaub.<\/p>\n<p><strong><a href=\"https:\/\/www.urlaubcornwall.de\/ferienhaeuser-fewos\/wal\/westwales\/tenby-am-meer.html\">Tenby:<\/a> <\/strong>ist einer der h\u00fcbschesten Badeorte Britanniens mit seinem Hafen voller Segelboote und den engen, verschlungenen Str\u00e4\u00dfchen der mittelalterlichen Stadt; mit seiner Originalit\u00e4t und seinem Charme kann es mithalten mit Orten wie Mevagissey und <a href=\"https:\/\/www.urlaubcornwall.de\/blog\/polperro-ein-charmantes-fischerdorf-in-cornwall\/\">Polperro in Cornwall<\/a>. Tenby hat drei gro\u00dfartige Str\u00e4nde, jeder mit seinem ganz eigenen Charakter und alle liegen in verschiedenen Richtungen, so dass man bei windigem Wetter gesch\u00fctzt sein kann. Das Tudor Merchant\u2019s House, das sich im Besitz des National Trust befindet, ist ein faszinierendes dreist\u00f6ckiges Haus, das so wieder hergestellt wurde, dass es ausschaut wie im sp\u00e4ten 15. Jahrhundert. Nur ein kleiner Turm ist \u00fcbrig geblieben vom Tenby Castle, das im 12. Jahrhundert errichtet wurde, um den nat\u00fcrlichen Hafen zu sch\u00fctzen, doch die Stadtmauern aus dem 13. Jahrhundert sind fast komplett erhalten.<\/p>\n<p>Machen Sie eine 20 min\u00fctige Bootsfahrt zur Caldey Island. Diese heilige Insel ist im Besitz und wird geleitet von einer Gemeinschaft an Zisterzienserm\u00f6nchen. Sie ist der \u00d6ffentlichkeit zug\u00e4nglich von Ostern bis Ende Oktober, geschlossen an Sonntagen. Priory Beach ist ein unber\u00fchrter Sandstrand und perfekt f\u00fcr Familien.<\/p>\n<p><strong>Der Pembrokeshire K\u00fcstennationalpark:<\/strong> mit 612 Quadratkilometern ist einer der kleinsten Nationalparks im UK; er ist einzigartig, da er sich \u00fcberwiegend an der K\u00fcste befindet und sich erstreckt von St Dogmaels im Norden nach Amroth im S\u00fcden, dabei die Presli Hills und die Daugleddau Flussm\u00fcndung mit einschlie\u00dft.<\/p>\n<p><a href=\"https:\/\/www.urlaubcornwall.de\/blog\/wp-content\/uploads\/2024\/03\/wales-kueste.jpg\"><img loading=\"lazy\" src=\"https:\/\/www.urlaubcornwall.de\/blog\/wp-content\/uploads\/2024\/03\/wales-kueste.jpg\" alt=\"wales kueste\" width=\"750\" height=\"516\" class=\"alignnone size-full wp-image-47807\" srcset=\"https:\/\/www.urlaubcornwall.de\/blog\/wp-content\/uploads\/2024\/03\/wales-kueste.jpg 750w, https:\/\/www.urlaubcornwall.de\/blog\/wp-content\/uploads\/2024\/03\/wales-kueste-300x206.jpg 300w\" sizes=\"(max-width: 750px) 100vw, 750px\" \/><\/a><\/p>\n<p>Seine herrliche 370km lange K\u00fcste wird einen Gro\u00dfteil der Strecke vom Pembrokeshire K\u00fcstenpfad begleitet; diese, einer Achterbahn gleichende Wanderung hat zerkl\u00fcftete Klippen, Sandbuchten und eine sich stets ver\u00e4ndernde Meereslandschaft. Die 274km des Pembrokeshire K\u00fcstenpfades verlaufen durch einige der spektakul\u00e4rsten Landschaften des UK, einschlie\u00dflich 58 Str\u00e4nden, 14 H\u00e4fen und Britanniens kleinste Stadt \u2013 St Davids.<\/p>\n<p><strong>St Davids:<\/strong> Am Fluss Alun gelegen, ist St Davids Britanniens kleinste Stadt. Ihre Kathedrale aus dem 12. Jahrhundert ist eine von Wales ikonischsten religi\u00f6sen St\u00e4tten und dem Schutzpatron von Wales gewidmet \u2013 St David. St David w\u00e4hlte im 6. Jahrhundert diese wundersch\u00f6ne Gegend f\u00fcr sein Kloster, und im Innern der Kathedrale befindet sich sein Schrein. Im Mittelalter war St Davids ein Pilgerzentrum und wurde von vielen Adligen, K\u00f6nigen und K\u00f6niginnen besucht.<\/p>\n<p>Gerade einmal mehr als 3km westlich von St Davids liegt Whitesands Bay; es ist einer der besten Surfstr\u00e4nde des Landes und das ganze Jahr \u00fcber sehr beliebt. Im August findet der Sandkirchenwettbewerb statt, und Menschen kommen aus der ganzen Welt, um Kirchen aus Sand zu bauen.<\/p>\n<p style=\"text-align: center;\">UrlaubCornwall verf\u00fcgt Ferienh\u00e4user und Ferienwohnungen f\u00fcr Ihren <a href=\"https:\/\/www.urlaubcornwall.de\/reiseziel\/wales.php\">Urlaub in Wales<\/a>. Unterk\u00fcnfte der Spitzenklasse f\u00fcr 2 Personen, Familien und Gruppen mit 4, 6, 8, 10 oder 12 G\u00e4sten.<\/p>\n<h1 style=\"text-align: center;\"><strong>Bei uns finden Sie Ferienh\u00e4user zum Verlieben \u2013 so einfach ist das!<\/strong><\/h1>\n<p style=\"text-align: center;\"><a class=\"tidycta\" href=\"https:\/\/www.urlaubcornwall.de\/ferienhaeuser-fewos\/wal\/westwales\/tenby-am-meer.html\">Suche Ferienh\u00e4user in Tenby<\/a><\/p>\n<p style=\"text-align: center;\">UrlaubCornwall.de hat eine einzigartige Sammlung pers\u00f6nlich inspizierter <a href=\"https:\/\/www.urlaubcornwall.de\/ferienhaeuser\/wales.php\">Ferienh\u00e4user und Ferienwohnungen in Wales<\/a>, <a href=\"https:\/\/www.urlaubcornwall.de\/ferienhaueser\/suedengland.php\">S\u00fcdengland<\/a> und nun auch im gesamten Gro\u00dfbritannien.<\/p>\n<p style=\"text-align: center;\">UrlaubCornwall.de hat seinen Firmensitz in Cornwall in S\u00fcdwestengland und bietet Kunden im Deutsch sprechenden Europa Hilfe im Erstellen der perfekten Urlaubserfahrung hier. Wir haben <a href=\"http:\/\/www.urlaubcornwall.de\/rundreisenservice.php\">ein Team Deutsch sprechender Experten<\/a>, so dass wir eine individuelle Urlaub in England &amp; Wales.<\/p>\n","protected":false},"excerpt":{"rendered":"<p>Pembrokeshire in Westwales ist ein Paradies f\u00fcr Schwimmer, Strandgutsammler, Tierbeobachter, Wanderer und Freizeitabenteurer. Dieser Teil der K\u00fcste hat vieles gemeinsam mit Cornwall; Landzungen aus grauem Gestein und verschlungene Pfade, die zu einsamen Buchten f\u00fchren; es ist ein gro\u00dfartiger Ort f\u00fcr einen Familienurlaub. Tenby: ist einer der h\u00fcbschesten Badeorte Britanniens mit seinem Hafen voller Segelboote und [&hellip;]<\/p>\n","protected":false},"author":1,"featured_media":0,"parent":0,"menu_order":0,"comment_status":"closed","ping_status":"closed","template":"single-four.php","meta":[],"acf":[],"yoast_head":"<!-- This site is optimized with the Yoast SEO plugin v19.4 - https:\/\/yoast.com\/wordpress\/plugins\/seo\/ -->\n<title>Urlaub in Tenby, Westk\u00fcste Wales: Sehensw\u00fcrdigkeiten und Unterkunft - Urlaub &amp; Reisen<\/title>\n<meta name=\"robots\" content=\"index, follow, max-snippet:-1, max-image-preview:large, max-video-preview:-1\" \/>\n<link rel=\"canonical\" href=\"https:\/\/www.urlaubcornwall.de\/blog\/urlaub-in-west-wales-sehenswuerdigkeiten-und-unterkunft\/\" \/>\n<meta property=\"og:locale\" content=\"en_US\" \/>\n<meta property=\"og:type\" content=\"article\" \/>\n<meta property=\"og:title\" content=\"Urlaub in Tenby, Westk\u00fcste Wales: Sehensw\u00fcrdigkeiten und Unterkunft - Urlaub &amp; Reisen\" \/>\n<meta property=\"og:description\" content=\"Pembrokeshire in Westwales ist ein Paradies f\u00fcr Schwimmer, Strandgutsammler, Tierbeobachter, Wanderer und Freizeitabenteurer. Dieser Teil der K\u00fcste hat vieles gemeinsam mit Cornwall; Landzungen aus grauem Gestein und verschlungene Pfade, die zu einsamen Buchten f\u00fchren; es ist ein gro\u00dfartiger Ort f\u00fcr einen Familienurlaub. Tenby: ist einer der h\u00fcbschesten Badeorte Britanniens mit seinem Hafen voller Segelboote und [&hellip;]\" \/>\n<meta property=\"og:url\" content=\"https:\/\/www.urlaubcornwall.de\/blog\/urlaub-in-west-wales-sehenswuerdigkeiten-und-unterkunft\/\" \/>\n<meta property=\"og:site_name\" content=\"Urlaub &amp; Reisen\" \/>\n<meta property=\"article:modified_time\" content=\"2024-05-29T14:30:38+00:00\" \/>\n<meta property=\"og:image\" content=\"https:\/\/www.urlaubcornwall.de\/blog\/wp-content\/uploads\/2019\/02\/rundreise-tenby-wales.jpg\" \/>\n<meta name=\"twitter:card\" content=\"summary\" \/>\n<meta name=\"twitter:label1\" content=\"Est. reading time\" \/>\n\t<meta name=\"twitter:data1\" content=\"3 minutes\" \/>\n<script type=\"application\/ld+json\" class=\"yoast-schema-graph\">{\"@context\":\"https:\/\/schema.org\",\"@graph\":[{\"@type\":\"WebSite\",\"@id\":\"https:\/\/www.urlaubcornwall.de\/blog\/#website\",\"url\":\"https:\/\/www.urlaubcornwall.de\/blog\/\",\"name\":\"Urlaub &amp; Reisen\",\"description\":\"Urlaub, Reisen, Cornwall und S\u00fcdengland: eine perfekte Kombination\",\"potentialAction\":[{\"@type\":\"SearchAction\",\"target\":{\"@type\":\"EntryPoint\",\"urlTemplate\":\"https:\/\/www.urlaubcornwall.de\/blog\/?s={search_term_string}\"},\"query-input\":\"required name=search_term_string\"}],\"inLanguage\":\"en-US\"},{\"@type\":\"WebPage\",\"@id\":\"https:\/\/www.urlaubcornwall.de\/blog\/urlaub-in-west-wales-sehenswuerdigkeiten-und-unterkunft\/\",\"url\":\"https:\/\/www.urlaubcornwall.de\/blog\/urlaub-in-west-wales-sehenswuerdigkeiten-und-unterkunft\/\",\"name\":\"Urlaub in Tenby, Westk\u00fcste Wales: Sehensw\u00fcrdigkeiten und Unterkunft - Urlaub &amp; Reisen\",\"isPartOf\":{\"@id\":\"https:\/\/www.urlaubcornwall.de\/blog\/#website\"},\"datePublished\":\"2016-11-29T10:40:58+00:00\",\"dateModified\":\"2024-05-29T14:30:38+00:00\",\"breadcrumb\":{\"@id\":\"https:\/\/www.urlaubcornwall.de\/blog\/urlaub-in-west-wales-sehenswuerdigkeiten-und-unterkunft\/#breadcrumb\"},\"inLanguage\":\"en-US\",\"potentialAction\":[{\"@type\":\"ReadAction\",\"target\":[\"https:\/\/www.urlaubcornwall.de\/blog\/urlaub-in-west-wales-sehenswuerdigkeiten-und-unterkunft\/\"]}]},{\"@type\":\"BreadcrumbList\",\"@id\":\"https:\/\/www.urlaubcornwall.de\/blog\/urlaub-in-west-wales-sehenswuerdigkeiten-und-unterkunft\/#breadcrumb\",\"itemListElement\":[{\"@type\":\"ListItem\",\"position\":1,\"name\":\"Home\",\"item\":\"https:\/\/www.urlaubcornwall.de\/blog\/\"},{\"@type\":\"ListItem\",\"position\":2,\"name\":\"Urlaub in Tenby, Westk\u00fcste Wales: Sehensw\u00fcrdigkeiten und Unterkunft\"}]}]}<\/script>\n<!-- \/ Yoast SEO plugin. -->","yoast_head_json":{"title":"Urlaub in Tenby, Westk\u00fcste Wales: Sehensw\u00fcrdigkeiten und Unterkunft - Urlaub &amp; Reisen","robots":{"index":"index","follow":"follow","max-snippet":"max-snippet:-1","max-image-preview":"max-image-preview:large","max-video-preview":"max-video-preview:-1"},"canonical":"https:\/\/www.urlaubcornwall.de\/blog\/urlaub-in-west-wales-sehenswuerdigkeiten-und-unterkunft\/","og_locale":"en_US","og_type":"article","og_title":"Urlaub in Tenby, Westk\u00fcste Wales: Sehensw\u00fcrdigkeiten und Unterkunft - Urlaub &amp; Reisen","og_description":"Pembrokeshire in Westwales ist ein Paradies f\u00fcr Schwimmer, Strandgutsammler, Tierbeobachter, Wanderer und Freizeitabenteurer. Dieser Teil der K\u00fcste hat vieles gemeinsam mit Cornwall; Landzungen aus grauem Gestein und verschlungene Pfade, die zu einsamen Buchten f\u00fchren; es ist ein gro\u00dfartiger Ort f\u00fcr einen Familienurlaub. Tenby: ist einer der h\u00fcbschesten Badeorte Britanniens mit seinem Hafen voller Segelboote und [&hellip;]","og_url":"https:\/\/www.urlaubcornwall.de\/blog\/urlaub-in-west-wales-sehenswuerdigkeiten-und-unterkunft\/","og_site_name":"Urlaub &amp; Reisen","article_modified_time":"2024-05-29T14:30:38+00:00","og_image":[{"url":"https:\/\/www.urlaubcornwall.de\/blog\/wp-content\/uploads\/2019\/02\/rundreise-tenby-wales.jpg"}],"twitter_card":"summary","twitter_misc":{"Est. reading time":"3 minutes"},"schema":{"@context":"https:\/\/schema.org","@graph":[{"@type":"WebSite","@id":"https:\/\/www.urlaubcornwall.de\/blog\/#website","url":"https:\/\/www.urlaubcornwall.de\/blog\/","name":"Urlaub &amp; Reisen","description":"Urlaub, Reisen, Cornwall und S\u00fcdengland: eine perfekte Kombination","potentialAction":[{"@type":"SearchAction","target":{"@type":"EntryPoint","urlTemplate":"https:\/\/www.urlaubcornwall.de\/blog\/?s={search_term_string}"},"query-input":"required name=search_term_string"}],"inLanguage":"en-US"},{"@type":"WebPage","@id":"https:\/\/www.urlaubcornwall.de\/blog\/urlaub-in-west-wales-sehenswuerdigkeiten-und-unterkunft\/","url":"https:\/\/www.urlaubcornwall.de\/blog\/urlaub-in-west-wales-sehenswuerdigkeiten-und-unterkunft\/","name":"Urlaub in Tenby, Westk\u00fcste Wales: Sehensw\u00fcrdigkeiten und Unterkunft - Urlaub &amp; Reisen","isPartOf":{"@id":"https:\/\/www.urlaubcornwall.de\/blog\/#website"},"datePublished":"2016-11-29T10:40:58+00:00","dateModified":"2024-05-29T14:30:38+00:00","breadcrumb":{"@id":"https:\/\/www.urlaubcornwall.de\/blog\/urlaub-in-west-wales-sehenswuerdigkeiten-und-unterkunft\/#breadcrumb"},"inLanguage":"en-US","potentialAction":[{"@type":"ReadAction","target":["https:\/\/www.urlaubcornwall.de\/blog\/urlaub-in-west-wales-sehenswuerdigkeiten-und-unterkunft\/"]}]},{"@type":"BreadcrumbList","@id":"https:\/\/www.urlaubcornwall.de\/blog\/urlaub-in-west-wales-sehenswuerdigkeiten-und-unterkunft\/#breadcrumb","itemListElement":[{"@type":"ListItem","position":1,"name":"Home","item":"https:\/\/www.urlaubcornwall.de\/blog\/"},{"@type":"ListItem","position":2,"name":"Urlaub in Tenby, Westk\u00fcste Wales: Sehensw\u00fcrdigkeiten und Unterkunft"}]}]}},"_links":{"self":[{"href":"https:\/\/www.urlaubcornwall.de\/blog\/wp-json\/wp\/v2\/pages\/25578"}],"collection":[{"href":"https:\/\/www.urlaubcornwall.de\/blog\/wp-json\/wp\/v2\/pages"}],"about":[{"href":"https:\/\/www.urlaubcornwall.de\/blog\/wp-json\/wp\/v2\/types\/page"}],"author":[{"embeddable":true,"href":"https:\/\/www.urlaubcornwall.de\/blog\/wp-json\/wp\/v2\/users\/1"}],"replies":[{"embeddable":true,"href":"https:\/\/www.urlaubcornwall.de\/blog\/wp-json\/wp\/v2\/comments?post=25578"}],"version-history":[{"count":12,"href":"https:\/\/www.urlaubcornwall.de\/blog\/wp-json\/wp\/v2\/pages\/25578\/revisions"}],"predecessor-version":[{"id":50701,"href":"https:\/\/www.urlaubcornwall.de\/blog\/wp-json\/wp\/v2\/pages\/25578\/revisions\/50701"}],"wp:attachment":[{"href":"https:\/\/www.urlaubcornwall.de\/blog\/wp-json\/wp\/v2\/media?parent=25578"}],"curies":[{"name":"wp","href":"https:\/\/api.w.org\/{rel}","templated":true}]}}