{"id":25540,"date":"2016-11-26T16:14:17","date_gmt":"2016-11-26T16:14:17","guid":{"rendered":"https:\/\/www.urlaubcornwall.de\/blog\/?page_id=25540"},"modified":"2021-12-09T14:00:48","modified_gmt":"2021-12-09T14:00:48","slug":"urlaub-anglesey-nord-wales-sehenswuerdigkeiten-geschichte-und-unterkunft","status":"publish","type":"page","link":"https:\/\/www.urlaubcornwall.de\/blog\/urlaub-anglesey-nord-wales-sehenswuerdigkeiten-geschichte-und-unterkunft\/","title":{"rendered":"Urlaub Anglesey, Nord-Wales: Sehensw\u00fcrdigkeiten, Geschichte und Unterkunft"},"content":{"rendered":"<p><img loading=\"lazy\" class=\"aligncenter size-full wp-image-25541\" src=\"https:\/\/www.urlaubcornwall.de\/blog\/wp-content\/uploads\/2016\/11\/anglesey-urlaub.jpg\" alt=\"urlaub Anglesey nord wales\" width=\"749\" height=\"368\"\/><\/p>\n<p>Die <a href=\"https:\/\/www.urlaubcornwall.de\/ferienhaeuser-fewos\/wal\/nordwales\/anglesey.html\">Insel Anglesey<\/a> ist vom <a href=\"https:\/\/www.urlaubcornwall.de\/reiseziel\/wales.php\">Festland von Wales<\/a> getrennt durch Menai Strait; dieser Meeresabschnitt mit starken Gezeiten wird von zwei Br\u00fccken \u00fcberspannt; Thomas Telfords anmutiger H\u00e4ngebr\u00fccke, die 1826 f\u00fcr Postkutschen erbaut wurde, tr\u00e4gt heute die A5 hin\u00fcber nach&nbsp; Anglesey, und Robert Stephensons Britannia Bridge, die 1850 f\u00fcr Z\u00fcge erbaut wurde, ist heute eine Stra\u00dfen- und Zugbr\u00fccke.<\/p>\n<p>Das leicht erreichbare Anglesey hat eine wundersch\u00f6ne K\u00fcste steiler Klippen und sandiger Buchten, &nbsp;historische St\u00e4dte und zahlreiche Feste, die einheimische Speisen, Musik und Kultur feiern. Es hat auch den l\u00e4ngsten Ortsnamen Europas Llanfairpwllgwyngyllgogerychwyrndrobwllllantysiliogogogoch.<\/p>\n<p><strong>Beaumaris:<\/strong> Eines der sch\u00f6nsten Schl\u00f6sser von Edward I ist das mit einem Burggraben umgebene Beaumaris Castle, das im sp\u00e4ten 13. Jahrhundert erbaut wurde, um die Zug\u00e4nge zu den Menai Straits zu bewachen. Die Burg wurde nie komplett beendet, doch es ist eine herrliche Festung und das ganze Jahr \u00fcber f\u00fcr Besucher ge\u00f6ffnet.<\/p>\n<p><strong>Der Isle of Anglesey K\u00fcstenpfad:<\/strong> Der K\u00fcstenpfad erstreckt sich \u00fcber 95% der K\u00fcste; er f\u00fchrt durch eine Landschaft, die eine Mischung von Bauernland, K\u00fcstenheideland, D\u00fcnen, Salzs\u00fcmpfenn, Klippen ist, etwas Waldgebiet und ein nationales Naturreservat beinhaltet. Er ist 200km lang und der offizielle Startpunkt ist St Cybil\u2019s Church, Holyhead. Durchschnittlich brauchen Sie 12 Tage, um den gesamten Pfad zur\u00fcckzulegen.<\/p>\n<p style=\"text-align: center;\"><a class=\"tidycta\" href=\"https:\/\/www.urlaubcornwall.de\/ferienhaeuser-fewos\/wal\/nordwales\/anglesey.html\">Suche Ferienh\u00e4user Anglesey<\/a><\/p>\n<p><strong>Holyhead:<\/strong> Holyhead Mountain mit seinen 219m H\u00f6he, ist einer der besten Aussichtspunkte in Anglesey; der Blick erstreckt sich zur K\u00fcste Irlands hin im Westen und der Isle of Man im Norden und im <a href=\"https:\/\/www.urlaubcornwall.de\/ferienhaeuser-fewos\/wal\/nordwales\/snowdonia.html\">S\u00fcdosten Snowdonia<\/a>. Der Berg ist auch bedeckt mit pr\u00e4historischen \u00dcberbleibseln von H\u00fcgelfestungen und Rundh\u00fctten. Die Stadt Holyhead ist die gr\u00f6\u00dfte auf Anglesey, und von hier aus verkehren Autof\u00e4hren \u00fcber die irische See nach Dublin.<\/p>\n<p><script async src=\"https:\/\/pagead2.googlesyndication.com\/pagead\/js\/adsbygoogle.js?client=ca-pub-3901089389175725\"\n     crossorigin=\"anonymous\"><\/script><br \/>\n<!-- New UC --><br \/>\n<ins class=\"adsbygoogle\"\n     style=\"display:block\"\n     data-ad-client=\"ca-pub-3901089389175725\"\n     data-ad-slot=\"8080314818\"\n     data-ad-format=\"auto\"\n     data-full-width-responsive=\"true\"><\/ins><br \/>\n<script>\n     (adsbygoogle = window.adsbygoogle || []).push({});\n<\/script><\/p>\n<p><strong>Lligwy Beach:<\/strong> Lligwy Bay ist einer von Angleseys 6 blau beflaggten Str\u00e4nden; diese gesch\u00fctzte Bucht an der Nordostk\u00fcste hat einen breiten Sandstrand mit Sandd\u00fcnen im Hintergrund. Es ist ein gro\u00dfartiger Familienstrand mit Annehmlichkeiten und hat dennoch eine nat\u00fcrliche Atmosph\u00e4re. Beliebt bei Windsurfern, Surfern und Kitesurfern ist es auch ein hundefreundlicher Strand. Robben und Delfine k\u00f6nnen h\u00e4ufig gesichtet werden, wenn sie vor der K\u00fcste hier schwimmen.<\/p>\n<p><strong>South Stack Leuchtturm:<\/strong> South Stack ist eine winzige Insel vor Holy Island \u2013 selbst eine Insel vor dem nordwestlichen Zipfel Angleseys. Sie ist verbunden mit Holy Island mittels einer kleinen H\u00e4ngebr\u00fccke f\u00fcr Fu\u00dfg\u00e4nger. Spazieren Sie 400 Stufen hinunter zum Leuchtturm, machen Sie eine F\u00fchrung und erleben Sie, wie das Leben f\u00fcr Leuchtturmw\u00e4chter war, die hier lebten, bevor das Lichtsignal automatisch betrieben wurde. South Stack ist auch ein herrlicher Ort, um V\u00f6gel zu beobachten; &nbsp;Lummen, Papageientaucher und Tordalken nisten hier, w\u00e4hrend Sie drau\u00dfen im Meer Meeresschildkr\u00f6ten und Delfine entdecken k\u00f6nnen.<\/p>\n<p>UrlaubCornwall verf\u00fcgt Ferienh\u00e4user und Ferienwohnungen f\u00fcr Ihren <a href=\"https:\/\/www.urlaubcornwall.de\/reiseziel\/wales.php\">Urlaub in Wales<\/a>. Unterk\u00fcnfte der Spitzenklasse f\u00fcr 2 Personen, Familien und Gruppen mit 4, 6, 8, 10 oder 12 G\u00e4sten.<\/p>\n<h1 style=\"text-align: center;\"><strong>Bei uns finden Sie Ferienh\u00e4user zum Verlieben \u2013 so einfach ist das!<\/strong><\/h1>\n<p style=\"text-align: center;\"><a class=\"tidycta\" href=\"https:\/\/www.urlaubcornwall.de\/ferienhaeuser\/wales.php\">Suche Ferienh\u00e4user in Wales &gt;&gt;<\/a><\/p>\n<p>UrlaubCornwall.de hat eine einzigartige Sammlung pers\u00f6nlich inspizierter Ferienh\u00e4user und Ferienwohnungen in Wales, <a href=\"https:\/\/www.urlaubcornwall.de\/ferienhaueser\/suedengland.php\">S\u00fcdengland<\/a> und nun auch im gesamten Gro\u00dfbritannien.<\/p>\n","protected":false},"excerpt":{"rendered":"<p>Die Insel Anglesey ist vom Festland von Wales getrennt durch Menai Strait; dieser Meeresabschnitt mit starken Gezeiten wird von zwei Br\u00fccken \u00fcberspannt; Thomas Telfords anmutiger H\u00e4ngebr\u00fccke, die 1826 f\u00fcr Postkutschen erbaut wurde, tr\u00e4gt heute die A5 hin\u00fcber nach&nbsp; Anglesey, und Robert Stephensons Britannia Bridge, die 1850 f\u00fcr Z\u00fcge erbaut wurde, ist heute eine Stra\u00dfen- und [&hellip;]<\/p>\n","protected":false},"author":1,"featured_media":0,"parent":0,"menu_order":0,"comment_status":"closed","ping_status":"closed","template":"single-four.php","meta":[],"acf":[],"yoast_head":"<!-- This site is optimized with the Yoast SEO plugin v19.4 - https:\/\/yoast.com\/wordpress\/plugins\/seo\/ -->\n<title>Urlaub Anglesey, Nord-Wales: Sehensw\u00fcrdigkeiten, Geschichte und Unterkunft - Urlaub &amp; Reisen<\/title>\n<meta name=\"robots\" content=\"index, follow, max-snippet:-1, max-image-preview:large, max-video-preview:-1\" \/>\n<link rel=\"canonical\" href=\"https:\/\/www.urlaubcornwall.de\/blog\/urlaub-anglesey-nord-wales-sehenswuerdigkeiten-geschichte-und-unterkunft\/\" \/>\n<meta property=\"og:locale\" content=\"en_US\" \/>\n<meta property=\"og:type\" content=\"article\" \/>\n<meta property=\"og:title\" content=\"Urlaub Anglesey, Nord-Wales: Sehensw\u00fcrdigkeiten, Geschichte und Unterkunft - Urlaub &amp; Reisen\" \/>\n<meta property=\"og:description\" content=\"Die Insel Anglesey ist vom Festland von Wales getrennt durch Menai Strait; dieser Meeresabschnitt mit starken Gezeiten wird von zwei Br\u00fccken \u00fcberspannt; Thomas Telfords anmutiger H\u00e4ngebr\u00fccke, die 1826 f\u00fcr Postkutschen erbaut wurde, tr\u00e4gt heute die A5 hin\u00fcber nach&nbsp; Anglesey, und Robert Stephensons Britannia Bridge, die 1850 f\u00fcr Z\u00fcge erbaut wurde, ist heute eine Stra\u00dfen- und [&hellip;]\" \/>\n<meta property=\"og:url\" content=\"https:\/\/www.urlaubcornwall.de\/blog\/urlaub-anglesey-nord-wales-sehenswuerdigkeiten-geschichte-und-unterkunft\/\" \/>\n<meta property=\"og:site_name\" content=\"Urlaub &amp; Reisen\" \/>\n<meta property=\"article:modified_time\" content=\"2021-12-09T14:00:48+00:00\" \/>\n<meta property=\"og:image\" content=\"https:\/\/www.urlaubcornwall.de\/blog\/wp-content\/uploads\/2016\/11\/anglesey-urlaub.jpg\" \/>\n<meta name=\"twitter:card\" content=\"summary\" \/>\n<meta name=\"twitter:label1\" content=\"Est. reading time\" \/>\n\t<meta name=\"twitter:data1\" content=\"3 minutes\" \/>\n<script type=\"application\/ld+json\" class=\"yoast-schema-graph\">{\"@context\":\"https:\/\/schema.org\",\"@graph\":[{\"@type\":\"WebSite\",\"@id\":\"https:\/\/www.urlaubcornwall.de\/blog\/#website\",\"url\":\"https:\/\/www.urlaubcornwall.de\/blog\/\",\"name\":\"Urlaub &amp; Reisen\",\"description\":\"Urlaub, Reisen, Cornwall und S\u00fcdengland: eine perfekte Kombination\",\"potentialAction\":[{\"@type\":\"SearchAction\",\"target\":{\"@type\":\"EntryPoint\",\"urlTemplate\":\"https:\/\/www.urlaubcornwall.de\/blog\/?s={search_term_string}\"},\"query-input\":\"required name=search_term_string\"}],\"inLanguage\":\"en-US\"},{\"@type\":\"WebPage\",\"@id\":\"https:\/\/www.urlaubcornwall.de\/blog\/urlaub-anglesey-nord-wales-sehenswuerdigkeiten-geschichte-und-unterkunft\/\",\"url\":\"https:\/\/www.urlaubcornwall.de\/blog\/urlaub-anglesey-nord-wales-sehenswuerdigkeiten-geschichte-und-unterkunft\/\",\"name\":\"Urlaub Anglesey, Nord-Wales: Sehensw\u00fcrdigkeiten, Geschichte und Unterkunft - Urlaub &amp; Reisen\",\"isPartOf\":{\"@id\":\"https:\/\/www.urlaubcornwall.de\/blog\/#website\"},\"datePublished\":\"2016-11-26T16:14:17+00:00\",\"dateModified\":\"2021-12-09T14:00:48+00:00\",\"breadcrumb\":{\"@id\":\"https:\/\/www.urlaubcornwall.de\/blog\/urlaub-anglesey-nord-wales-sehenswuerdigkeiten-geschichte-und-unterkunft\/#breadcrumb\"},\"inLanguage\":\"en-US\",\"potentialAction\":[{\"@type\":\"ReadAction\",\"target\":[\"https:\/\/www.urlaubcornwall.de\/blog\/urlaub-anglesey-nord-wales-sehenswuerdigkeiten-geschichte-und-unterkunft\/\"]}]},{\"@type\":\"BreadcrumbList\",\"@id\":\"https:\/\/www.urlaubcornwall.de\/blog\/urlaub-anglesey-nord-wales-sehenswuerdigkeiten-geschichte-und-unterkunft\/#breadcrumb\",\"itemListElement\":[{\"@type\":\"ListItem\",\"position\":1,\"name\":\"Home\",\"item\":\"https:\/\/www.urlaubcornwall.de\/blog\/\"},{\"@type\":\"ListItem\",\"position\":2,\"name\":\"Urlaub Anglesey, Nord-Wales: Sehensw\u00fcrdigkeiten, Geschichte und Unterkunft\"}]}]}<\/script>\n<!-- \/ Yoast SEO plugin. -->","yoast_head_json":{"title":"Urlaub Anglesey, Nord-Wales: Sehensw\u00fcrdigkeiten, Geschichte und Unterkunft - Urlaub &amp; Reisen","robots":{"index":"index","follow":"follow","max-snippet":"max-snippet:-1","max-image-preview":"max-image-preview:large","max-video-preview":"max-video-preview:-1"},"canonical":"https:\/\/www.urlaubcornwall.de\/blog\/urlaub-anglesey-nord-wales-sehenswuerdigkeiten-geschichte-und-unterkunft\/","og_locale":"en_US","og_type":"article","og_title":"Urlaub Anglesey, Nord-Wales: Sehensw\u00fcrdigkeiten, Geschichte und Unterkunft - Urlaub &amp; Reisen","og_description":"Die Insel Anglesey ist vom Festland von Wales getrennt durch Menai Strait; dieser Meeresabschnitt mit starken Gezeiten wird von zwei Br\u00fccken \u00fcberspannt; Thomas Telfords anmutiger H\u00e4ngebr\u00fccke, die 1826 f\u00fcr Postkutschen erbaut wurde, tr\u00e4gt heute die A5 hin\u00fcber nach&nbsp; Anglesey, und Robert Stephensons Britannia Bridge, die 1850 f\u00fcr Z\u00fcge erbaut wurde, ist heute eine Stra\u00dfen- und [&hellip;]","og_url":"https:\/\/www.urlaubcornwall.de\/blog\/urlaub-anglesey-nord-wales-sehenswuerdigkeiten-geschichte-und-unterkunft\/","og_site_name":"Urlaub &amp; Reisen","article_modified_time":"2021-12-09T14:00:48+00:00","og_image":[{"url":"https:\/\/www.urlaubcornwall.de\/blog\/wp-content\/uploads\/2016\/11\/anglesey-urlaub.jpg"}],"twitter_card":"summary","twitter_misc":{"Est. reading time":"3 minutes"},"schema":{"@context":"https:\/\/schema.org","@graph":[{"@type":"WebSite","@id":"https:\/\/www.urlaubcornwall.de\/blog\/#website","url":"https:\/\/www.urlaubcornwall.de\/blog\/","name":"Urlaub &amp; Reisen","description":"Urlaub, Reisen, Cornwall und S\u00fcdengland: eine perfekte Kombination","potentialAction":[{"@type":"SearchAction","target":{"@type":"EntryPoint","urlTemplate":"https:\/\/www.urlaubcornwall.de\/blog\/?s={search_term_string}"},"query-input":"required name=search_term_string"}],"inLanguage":"en-US"},{"@type":"WebPage","@id":"https:\/\/www.urlaubcornwall.de\/blog\/urlaub-anglesey-nord-wales-sehenswuerdigkeiten-geschichte-und-unterkunft\/","url":"https:\/\/www.urlaubcornwall.de\/blog\/urlaub-anglesey-nord-wales-sehenswuerdigkeiten-geschichte-und-unterkunft\/","name":"Urlaub Anglesey, Nord-Wales: Sehensw\u00fcrdigkeiten, Geschichte und Unterkunft - Urlaub &amp; Reisen","isPartOf":{"@id":"https:\/\/www.urlaubcornwall.de\/blog\/#website"},"datePublished":"2016-11-26T16:14:17+00:00","dateModified":"2021-12-09T14:00:48+00:00","breadcrumb":{"@id":"https:\/\/www.urlaubcornwall.de\/blog\/urlaub-anglesey-nord-wales-sehenswuerdigkeiten-geschichte-und-unterkunft\/#breadcrumb"},"inLanguage":"en-US","potentialAction":[{"@type":"ReadAction","target":["https:\/\/www.urlaubcornwall.de\/blog\/urlaub-anglesey-nord-wales-sehenswuerdigkeiten-geschichte-und-unterkunft\/"]}]},{"@type":"BreadcrumbList","@id":"https:\/\/www.urlaubcornwall.de\/blog\/urlaub-anglesey-nord-wales-sehenswuerdigkeiten-geschichte-und-unterkunft\/#breadcrumb","itemListElement":[{"@type":"ListItem","position":1,"name":"Home","item":"https:\/\/www.urlaubcornwall.de\/blog\/"},{"@type":"ListItem","position":2,"name":"Urlaub Anglesey, Nord-Wales: Sehensw\u00fcrdigkeiten, Geschichte und Unterkunft"}]}]}},"_links":{"self":[{"href":"https:\/\/www.urlaubcornwall.de\/blog\/wp-json\/wp\/v2\/pages\/25540"}],"collection":[{"href":"https:\/\/www.urlaubcornwall.de\/blog\/wp-json\/wp\/v2\/pages"}],"about":[{"href":"https:\/\/www.urlaubcornwall.de\/blog\/wp-json\/wp\/v2\/types\/page"}],"author":[{"embeddable":true,"href":"https:\/\/www.urlaubcornwall.de\/blog\/wp-json\/wp\/v2\/users\/1"}],"replies":[{"embeddable":true,"href":"https:\/\/www.urlaubcornwall.de\/blog\/wp-json\/wp\/v2\/comments?post=25540"}],"version-history":[{"count":9,"href":"https:\/\/www.urlaubcornwall.de\/blog\/wp-json\/wp\/v2\/pages\/25540\/revisions"}],"predecessor-version":[{"id":44320,"href":"https:\/\/www.urlaubcornwall.de\/blog\/wp-json\/wp\/v2\/pages\/25540\/revisions\/44320"}],"wp:attachment":[{"href":"https:\/\/www.urlaubcornwall.de\/blog\/wp-json\/wp\/v2\/media?parent=25540"}],"curies":[{"name":"wp","href":"https:\/\/api.w.org\/{rel}","templated":true}]}}