{"id":25463,"date":"2016-11-19T16:29:48","date_gmt":"2016-11-19T16:29:48","guid":{"rendered":"https:\/\/www.urlaubcornwall.de\/blog\/?page_id=25463"},"modified":"2024-04-15T14:49:13","modified_gmt":"2024-04-15T14:49:13","slug":"25463-2","status":"publish","type":"page","link":"https:\/\/www.urlaubcornwall.de\/blog\/25463-2\/","title":{"rendered":"Urlaub Insel Islay: Sehensw\u00fcrdigkeiten, Geschichte und Unterkunft"},"content":{"rendered":"<p><img loading=\"lazy\" class=\"aligncenter size-full wp-image-25464\" src=\"https:\/\/www.urlaubcornwall.de\/blog\/wp-content\/uploads\/2016\/11\/urlaub-islay.jpg\" alt=\"urlaub insel islay\" height=\"366\" width=\"748\" srcset=\"https:\/\/www.urlaubcornwall.de\/blog\/wp-content\/uploads\/2016\/11\/urlaub-islay.jpg 745w, https:\/\/www.urlaubcornwall.de\/blog\/wp-content\/uploads\/2016\/11\/urlaub-islay-300x147.jpg 300w\" sizes=\"(max-width: 748px) 100vw, 748px\" \/><\/p>\n<p>Die Insel Islay der Inneren Hebriden ist bekannt als \u2018K\u00f6nigin der Hebriden\u2019. Islay ist bestbekannt f\u00fcr ihren Whisky, es gibt acht Brennereien auf der Insel, die alle verschiedene Whiskys produzieren. Islay besteht in weiten Teilen seiner 608 Quadratkilometer aus Torf, und die Brennereien verbrennen Torf, um das Malz zu trocknen. Neben dem reinen Wasser von Islays Str\u00f6men tr\u00e4gt dies dazu bei, das der hier hergestellte Whisky einen einzigartigen Geschmack hat. Neben dem Whisky bietet Islay eine dramatische Landschaft, wundervolles Vogelleben und erstaunliche Meeresfr\u00fcchte.<\/p>\n<p>Nach Islay gelangen Sie mittels einer t\u00e4glichen F\u00e4hrverbindung von Kennacraig bei Tarbert aus, es gibt auch eine w\u00f6chentliche F\u00e4hre von Oban aus. Kleine Flugzeuge von Glasgow, Oban und Colonsay fliegen ebenfalls den Flughafen auf Islay an. Islay ist auch das Haupttor zur Insel Jura; die F\u00e4hrverbindung dauert nur 5 Minuten.<\/p>\n<p><img loading=\"lazy\" class=\"aligncenter size-full wp-image-25465\" src=\"https:\/\/www.urlaubcornwall.de\/blog\/wp-content\/uploads\/2016\/11\/distillery-tour-in-islay.jpg\" alt=\"distillery-tour-in-islay\" height=\"384\" width=\"748\"\/><\/p>\n<p style=\"text-align: right;\">\u00a9 https:\/\/beerandbaking.com<\/p>\n<p><strong>Bowmore:<\/strong> ist die Hauptstadt auf Islay und befindet sich an den Ufern von Loch Indaal, bekannt f\u00fcr seine Whiskybrennerei, die 1779 gegr\u00fcndet wurde und somit die \u00e4lteste der Insel ist. Die Brennerei hei\u00dft Besucher willkommen, und Touren sind erh\u00e4ltlich. Die Kirche in Bowmore ist total rund; sie wurde in einer Rundform errichtet, so dass der Teufel keine Ecken finden sollte, um sich darin zu verstecken. In Bowmore finden Sie auch auf dem Hauptplatz das Informationszentrum.<\/p>\n<div class=\"snippet\"> <a class=\"featured-item\" href=\" https:\/\/www.urlaubcornwall.de\/blog\/rundreisen-schottland\/\"> <span class=\"image-holder\" style=\"background-image: url(' https:\/\/www.urlaubcornwall.de\/blog\/wp-content\/uploads\/2019\/01\/urlaub-schottland-highlands.jpg ');\"><\/span> <span class=\"featured-content\"> \n<h2 class=\"featured-title\">Rundreise durch Schottland: mit dem Auto bereisen <\/h2>\n<p class=\"featured-body\">Urlaub in Schottland haben etwas f\u00fcr jeden Geschmack zu bieten \u2013 herrliche Sonnenunterg\u00e4nge \u00fcber magischen Inseln, wundersch\u00f6ne und dramatische K\u00fcstenstriche, tiefe, verborgene T\u00e4ler und eine unglaubliche Landschaft&#8230;<\/p>\n<\/span> <span class=\"featured-link-holder\"> <span class=\"featured-extra-info\"> \n<p>Ready Made Touren<\/p>\n<\/span> \n<p class=\"featured-link\">DETAILS<\/p>\n<\/span> <\/a><\/div>\n<p><strong>Port Ellen:<\/strong> ist der Haupthafen der Insel, und Besucher, die mit dem Boot ankommen, werden den ungew\u00f6hnlich viereckigen Leuchtturm bemerken, den Carraig Fhada 1832 erbaute. Dieses gepflegte kleine Dorf mit gewei\u00dfelten Cottages wurde 1821 erbaut und entworfen von Walter Frederick Campbell und ist nach seiner Ehefrau benannt.<\/p>\n<p><script async src=\"https:\/\/pagead2.googlesyndication.com\/pagead\/js\/adsbygoogle.js?client=ca-pub-3901089389175725\"\n     crossorigin=\"anonymous\"><\/script><br \/>\n<!-- New UC --><br \/>\n<ins class=\"adsbygoogle\"\n     style=\"display:block\"\n     data-ad-client=\"ca-pub-3901089389175725\"\n     data-ad-slot=\"8080314818\"\n     data-ad-format=\"auto\"\n     data-full-width-responsive=\"true\"><\/ins><br \/>\n<script>\n     (adsbygoogle = window.adsbygoogle || []).push({});\n<\/script><\/p>\n<p><img loading=\"lazy\" class=\"aligncenter size-full wp-image-25466\" src=\"https:\/\/www.urlaubcornwall.de\/blog\/wp-content\/uploads\/2016\/11\/Machrie-Golf-Links-740x342.jpg\" alt=\"machrie-golf-links-schottland\" height=\"342\" width=\"748\"\/><\/p>\n<p><strong>Machrie Golf Links:<\/strong> Der Golfplatz auf Islay ist einer der \u00e4ltesten und traditionellsten Links Courses in Schottland. Der Blick von diesem 18-Loch Golfplatz ist spektakul\u00e4r.<\/p>\n<p><strong>Tierleben:<\/strong> Von Port Ellen aus k\u00f6nnen Sie Bootsfahrten machen, um das wundervolle Tierleben um die Inseln herum zu sehen. Auf diese Art und Weise erhalten Sie auch den besten Blick auf die Insel. Auf der Fahrt werden Sie Robben, &nbsp;Wei\u00dfschwanzadler und Hirsche sehen. Es gibt auch Angelfahrten; die K\u00fcste um Islay bietet einige der besten Angelm\u00f6glichkeiten <a href=\"https:\/\/www.urlaubcornwall.de\/reiseziel\/schottland.php\">Schottlands<\/a>.&nbsp; Das Loch Gruinart Naturreservat hat das ganze Jahr \u00fcber ge\u00f6ffnet, und hier k\u00f6nnen Sie die breite Vielfalt an Vogelleben sehen, die auf der Insel leben und diejenigen, die Islay besuchen.<\/p>\n<p><strong>Islay Festival:<\/strong> Das Islay Festival findet jedes Jahr w\u00e4hrend der letzten Maiwoche statt; diese einw\u00f6chige Feier bietet das Beste, was Islay zu geben hat, Musik, Tanz, Essen, G\u00e4lischstunden, Golf, Kegeln und Whiskygeschmacksproben.<\/p>\n<p><strong>Whiskybrennereien:<\/strong> Die acht Brennereien auf Islay sind Ardbeg, Bowmore, Bunnahabhain, Bruichladdich, Caol Ila, Kilchoman, Lagavulin, Laphroaig, einige sind besser bekannt als andere, doch der Whisky, der jeweils produziert wird, ist einzigartig in jeder Brennerei. Alle bieten sie Touren und Geschmacksproben.<\/p>\n<div class=\"snippet\"> <a class=\"featured-item\" href=\" https:\/\/www.urlaubcornwall.de\/ferienhaeuser\/schottland.php\"> <span class=\"image-holder\" style=\"background-image: url(' https:\/\/www.urlaubcornwall.de\/blog\/wp-content\/uploads\/2019\/01\/urlaub-schottland-highlands-1.jpg ');\"><\/span> <span class=\"featured-content\"> \n<h2 class=\"featured-title\">Bei uns finden Sie Ferienh\u00e4user in Schottland zum Verlieben!<\/h2>\n<p class=\"featured-body\">Untenstehend finden Sie eine Auswahl an Ferienh\u00e4usern in Schottland. Hier finden Sie pers\u00f6nlich inspizierte Cottages entlang der schottischen K\u00fcste, in den schottischen Highlands und auf den Inseln&#8230;..<\/p>\n<\/span> <span class=\"featured-link-holder\"> <span class=\"featured-extra-info\"> \n<p>F\u00fcr Paare, Familien &#038; Gruppen<\/p>\n<\/span> \n<p class=\"featured-link\">DETAILS<\/p>\n<\/span> <\/a><\/div>\n<p style=\"text-align: center;\">UrlaubCornwall.de hat seinen Firmensitz in Cornwall in S\u00fcdwestengland und bietet Kunden im Deutsch sprechenden Europa Hilfe im Erstellen der perfekten Urlaubserfahrung hier. Wir haben ein Team Deutsch sprechender Experten, so dass wir eine <a href=\"https:\/\/www.urlaubcornwall.de\/rundreisen\/grossbritannien.php\">individuelle Urlaub in Gro\u00dfbritannien<\/a>.<\/p>\n","protected":false},"excerpt":{"rendered":"<p>Die Insel Islay der Inneren Hebriden ist bekannt als \u2018K\u00f6nigin der Hebriden\u2019. Islay ist bestbekannt f\u00fcr ihren Whisky, es gibt acht Brennereien auf der Insel, die alle verschiedene Whiskys produzieren. Islay besteht in weiten Teilen seiner 608 Quadratkilometer aus Torf, und die Brennereien verbrennen Torf, um das Malz zu trocknen. Neben dem reinen Wasser von [&hellip;]<\/p>\n","protected":false},"author":1,"featured_media":0,"parent":0,"menu_order":0,"comment_status":"closed","ping_status":"closed","template":"single-four.php","meta":[],"acf":[],"yoast_head":"<!-- This site is optimized with the Yoast SEO plugin v19.4 - https:\/\/yoast.com\/wordpress\/plugins\/seo\/ -->\n<title>Urlaub Insel Islay: Sehensw\u00fcrdigkeiten, Geschichte und Unterkunft - Urlaub &amp; Reisen<\/title>\n<meta name=\"robots\" content=\"index, follow, max-snippet:-1, max-image-preview:large, max-video-preview:-1\" \/>\n<link rel=\"canonical\" href=\"https:\/\/www.urlaubcornwall.de\/blog\/25463-2\/\" \/>\n<meta property=\"og:locale\" content=\"en_US\" \/>\n<meta property=\"og:type\" content=\"article\" \/>\n<meta property=\"og:title\" content=\"Urlaub Insel Islay: Sehensw\u00fcrdigkeiten, Geschichte und Unterkunft - Urlaub &amp; Reisen\" \/>\n<meta property=\"og:description\" content=\"Die Insel Islay der Inneren Hebriden ist bekannt als \u2018K\u00f6nigin der Hebriden\u2019. Islay ist bestbekannt f\u00fcr ihren Whisky, es gibt acht Brennereien auf der Insel, die alle verschiedene Whiskys produzieren. Islay besteht in weiten Teilen seiner 608 Quadratkilometer aus Torf, und die Brennereien verbrennen Torf, um das Malz zu trocknen. Neben dem reinen Wasser von [&hellip;]\" \/>\n<meta property=\"og:url\" content=\"https:\/\/www.urlaubcornwall.de\/blog\/25463-2\/\" \/>\n<meta property=\"og:site_name\" content=\"Urlaub &amp; Reisen\" \/>\n<meta property=\"article:modified_time\" content=\"2024-04-15T14:49:13+00:00\" \/>\n<meta property=\"og:image\" content=\"https:\/\/www.urlaubcornwall.de\/blog\/wp-content\/uploads\/2016\/11\/urlaub-islay.jpg\" \/>\n<meta name=\"twitter:card\" content=\"summary\" \/>\n<meta name=\"twitter:label1\" content=\"Est. reading time\" \/>\n\t<meta name=\"twitter:data1\" content=\"4 minutes\" \/>\n<script type=\"application\/ld+json\" class=\"yoast-schema-graph\">{\"@context\":\"https:\/\/schema.org\",\"@graph\":[{\"@type\":\"WebSite\",\"@id\":\"https:\/\/www.urlaubcornwall.de\/blog\/#website\",\"url\":\"https:\/\/www.urlaubcornwall.de\/blog\/\",\"name\":\"Urlaub &amp; Reisen\",\"description\":\"Urlaub, Reisen, Cornwall und S\u00fcdengland: eine perfekte Kombination\",\"potentialAction\":[{\"@type\":\"SearchAction\",\"target\":{\"@type\":\"EntryPoint\",\"urlTemplate\":\"https:\/\/www.urlaubcornwall.de\/blog\/?s={search_term_string}\"},\"query-input\":\"required name=search_term_string\"}],\"inLanguage\":\"en-US\"},{\"@type\":\"WebPage\",\"@id\":\"https:\/\/www.urlaubcornwall.de\/blog\/25463-2\/\",\"url\":\"https:\/\/www.urlaubcornwall.de\/blog\/25463-2\/\",\"name\":\"Urlaub Insel Islay: Sehensw\u00fcrdigkeiten, Geschichte und Unterkunft - Urlaub &amp; Reisen\",\"isPartOf\":{\"@id\":\"https:\/\/www.urlaubcornwall.de\/blog\/#website\"},\"datePublished\":\"2016-11-19T16:29:48+00:00\",\"dateModified\":\"2024-04-15T14:49:13+00:00\",\"breadcrumb\":{\"@id\":\"https:\/\/www.urlaubcornwall.de\/blog\/25463-2\/#breadcrumb\"},\"inLanguage\":\"en-US\",\"potentialAction\":[{\"@type\":\"ReadAction\",\"target\":[\"https:\/\/www.urlaubcornwall.de\/blog\/25463-2\/\"]}]},{\"@type\":\"BreadcrumbList\",\"@id\":\"https:\/\/www.urlaubcornwall.de\/blog\/25463-2\/#breadcrumb\",\"itemListElement\":[{\"@type\":\"ListItem\",\"position\":1,\"name\":\"Home\",\"item\":\"https:\/\/www.urlaubcornwall.de\/blog\/\"},{\"@type\":\"ListItem\",\"position\":2,\"name\":\"Urlaub Insel Islay: Sehensw\u00fcrdigkeiten, Geschichte und Unterkunft\"}]}]}<\/script>\n<!-- \/ Yoast SEO plugin. -->","yoast_head_json":{"title":"Urlaub Insel Islay: Sehensw\u00fcrdigkeiten, Geschichte und Unterkunft - Urlaub &amp; Reisen","robots":{"index":"index","follow":"follow","max-snippet":"max-snippet:-1","max-image-preview":"max-image-preview:large","max-video-preview":"max-video-preview:-1"},"canonical":"https:\/\/www.urlaubcornwall.de\/blog\/25463-2\/","og_locale":"en_US","og_type":"article","og_title":"Urlaub Insel Islay: Sehensw\u00fcrdigkeiten, Geschichte und Unterkunft - Urlaub &amp; Reisen","og_description":"Die Insel Islay der Inneren Hebriden ist bekannt als \u2018K\u00f6nigin der Hebriden\u2019. Islay ist bestbekannt f\u00fcr ihren Whisky, es gibt acht Brennereien auf der Insel, die alle verschiedene Whiskys produzieren. Islay besteht in weiten Teilen seiner 608 Quadratkilometer aus Torf, und die Brennereien verbrennen Torf, um das Malz zu trocknen. Neben dem reinen Wasser von [&hellip;]","og_url":"https:\/\/www.urlaubcornwall.de\/blog\/25463-2\/","og_site_name":"Urlaub &amp; Reisen","article_modified_time":"2024-04-15T14:49:13+00:00","og_image":[{"url":"https:\/\/www.urlaubcornwall.de\/blog\/wp-content\/uploads\/2016\/11\/urlaub-islay.jpg"}],"twitter_card":"summary","twitter_misc":{"Est. reading time":"4 minutes"},"schema":{"@context":"https:\/\/schema.org","@graph":[{"@type":"WebSite","@id":"https:\/\/www.urlaubcornwall.de\/blog\/#website","url":"https:\/\/www.urlaubcornwall.de\/blog\/","name":"Urlaub &amp; Reisen","description":"Urlaub, Reisen, Cornwall und S\u00fcdengland: eine perfekte Kombination","potentialAction":[{"@type":"SearchAction","target":{"@type":"EntryPoint","urlTemplate":"https:\/\/www.urlaubcornwall.de\/blog\/?s={search_term_string}"},"query-input":"required name=search_term_string"}],"inLanguage":"en-US"},{"@type":"WebPage","@id":"https:\/\/www.urlaubcornwall.de\/blog\/25463-2\/","url":"https:\/\/www.urlaubcornwall.de\/blog\/25463-2\/","name":"Urlaub Insel Islay: Sehensw\u00fcrdigkeiten, Geschichte und Unterkunft - Urlaub &amp; Reisen","isPartOf":{"@id":"https:\/\/www.urlaubcornwall.de\/blog\/#website"},"datePublished":"2016-11-19T16:29:48+00:00","dateModified":"2024-04-15T14:49:13+00:00","breadcrumb":{"@id":"https:\/\/www.urlaubcornwall.de\/blog\/25463-2\/#breadcrumb"},"inLanguage":"en-US","potentialAction":[{"@type":"ReadAction","target":["https:\/\/www.urlaubcornwall.de\/blog\/25463-2\/"]}]},{"@type":"BreadcrumbList","@id":"https:\/\/www.urlaubcornwall.de\/blog\/25463-2\/#breadcrumb","itemListElement":[{"@type":"ListItem","position":1,"name":"Home","item":"https:\/\/www.urlaubcornwall.de\/blog\/"},{"@type":"ListItem","position":2,"name":"Urlaub Insel Islay: Sehensw\u00fcrdigkeiten, Geschichte und Unterkunft"}]}]}},"_links":{"self":[{"href":"https:\/\/www.urlaubcornwall.de\/blog\/wp-json\/wp\/v2\/pages\/25463"}],"collection":[{"href":"https:\/\/www.urlaubcornwall.de\/blog\/wp-json\/wp\/v2\/pages"}],"about":[{"href":"https:\/\/www.urlaubcornwall.de\/blog\/wp-json\/wp\/v2\/types\/page"}],"author":[{"embeddable":true,"href":"https:\/\/www.urlaubcornwall.de\/blog\/wp-json\/wp\/v2\/users\/1"}],"replies":[{"embeddable":true,"href":"https:\/\/www.urlaubcornwall.de\/blog\/wp-json\/wp\/v2\/comments?post=25463"}],"version-history":[{"count":11,"href":"https:\/\/www.urlaubcornwall.de\/blog\/wp-json\/wp\/v2\/pages\/25463\/revisions"}],"predecessor-version":[{"id":49619,"href":"https:\/\/www.urlaubcornwall.de\/blog\/wp-json\/wp\/v2\/pages\/25463\/revisions\/49619"}],"wp:attachment":[{"href":"https:\/\/www.urlaubcornwall.de\/blog\/wp-json\/wp\/v2\/media?parent=25463"}],"curies":[{"name":"wp","href":"https:\/\/api.w.org\/{rel}","templated":true}]}}