{"id":25451,"date":"2016-11-19T15:28:01","date_gmt":"2016-11-19T15:28:01","guid":{"rendered":"https:\/\/www.urlaubcornwall.de\/blog\/?page_id=25451"},"modified":"2024-05-29T14:16:44","modified_gmt":"2024-05-29T14:16:44","slug":"urlaub-in-pitlochry-sehenswuerdigkeiten-geschichte-und-unterkunft","status":"publish","type":"page","link":"https:\/\/www.urlaubcornwall.de\/blog\/urlaub-in-pitlochry-sehenswuerdigkeiten-geschichte-und-unterkunft\/","title":{"rendered":"Urlaub in Pitlochry: Sehensw\u00fcrdigkeiten, Geschichte und Unterkunft"},"content":{"rendered":"<p><a href=\"https:\/\/www.urlaubcornwall.de\/blog\/wp-content\/uploads\/2024\/05\/Pitlochry.jpg\"><img loading=\"lazy\" src=\"https:\/\/www.urlaubcornwall.de\/blog\/wp-content\/uploads\/2024\/05\/Pitlochry.jpg\" alt=\"Pitlochry\" width=\"750\" height=\"565\" class=\"alignnone size-full wp-image-50689\" srcset=\"https:\/\/www.urlaubcornwall.de\/blog\/wp-content\/uploads\/2024\/05\/Pitlochry.jpg 750w, https:\/\/www.urlaubcornwall.de\/blog\/wp-content\/uploads\/2024\/05\/Pitlochry-300x226.jpg 300w\" sizes=\"(max-width: 750px) 100vw, 750px\" \/><\/a><\/p>\n<p>Pitlochry ist wundersch\u00f6n gelegen an den bewaldeten Ufern des Flusses Tummel und ist beliebt bei Besuchern, seit K\u00f6nigin Viktoria die Sch\u00f6nheit dieser H\u00fcgelstadt entdeckte. <a href=\"https:\/\/www.urlaubcornwall.de\/ferienhaeuser\/schottland.php\">Pitlochry ist eine ausgezeichnete Ausgangsbasis, um Perthshire zu erkunden.<\/a><\/p>\n<p><strong>Pitlochry Golfplatz:<\/strong> Der Pitlochry Golfplatz ist einer der feinsten, im Binnenland gelegenen Golfpl\u00e4tze Schottlands. Er hat gepflegte Gr\u00fcnfl\u00e4chen, von B\u00e4umen ges\u00e4umte Fairways, und mit majest\u00e4tischen Bergen im Hintergrund und herrlichem Blick \u00fcber das Tummel Valley erm\u00f6glicht er ein angenehmes Spiel dem Durchschnittsgolfer und pr\u00fcft selbst den fortgeschrittensten Spieler.<\/p>\n<p><strong>Blair Atholl Castle und G\u00e4rten:<\/strong> Das aus Stein errichtete Dorf Blair Atholl befindet sich in Clustern um die Tore von Blair Castle herum, das das Zuhause des Duke of Atholl ist, sowie das der einzigen privaten Armee des UK, der Atholl Highlanders. Das Schloss reicht ins Jahr 1269 zur\u00fcck und wurde durch die Zeitalter hindurch ver\u00e4ndert hin zu einem feinen viktorianischen Schloss baronialen Stils. Blair Castle ist der \u00d6ffentlichkeit zug\u00e4nglich von Ende M\u00e4rz bis Ende Oktober. Mehr als 30 R\u00e4ume werden zur Schau gestellt, voller schottischer Kulturgeschichte, M\u00f6beln jener Zeit, Familienportraits, Landschafsgem\u00e4lden und Werken der Milit\u00e4rgeschichte, einschlie\u00dflich Waffen, die in der Schlacht von Culloden benutzt wurden.&nbsp; Der viktorianische Tanzsaal ist mit 175 Paar Geweihen dekoriert. Es gibt einen wundervollen Mauergarten, der zu seinem urspr\u00fcnglichen georgianischen Design wiederhergestellt wurde; das Grundst\u00fcck ist herrlich und Heimat vieler Tiere, einschlie\u00dflich Rotwild.<\/p>\n<div class=\"snippet\"> <a class=\"featured-item\" href=\" https:\/\/www.urlaubcornwall.de\/blog\/rundreisen-schottland\/\"> <span class=\"image-holder\" style=\"background-image: url(' https:\/\/www.urlaubcornwall.de\/blog\/wp-content\/uploads\/2019\/01\/urlaub-schottland-highlands.jpg ');\"><\/span> <span class=\"featured-content\"> \n<h2 class=\"featured-title\">Rundreise durch Schottland: mit dem Auto bereisen <\/h2>\n<p class=\"featured-body\">Urlaub in Schottland haben etwas f\u00fcr jeden Geschmack zu bieten \u2013 herrliche Sonnenunterg\u00e4nge \u00fcber magischen Inseln, wundersch\u00f6ne und dramatische K\u00fcstenstriche, tiefe, verborgene T\u00e4ler und eine unglaubliche Landschaft&#8230;<\/p>\n<\/span> <span class=\"featured-link-holder\"> <span class=\"featured-extra-info\"> \n<p>Ready Made Touren<\/p>\n<\/span> \n<p class=\"featured-link\">DETAILS<\/p>\n<\/span> <\/a><\/div>\n<p><strong>Loch Tummel:<\/strong> 9,6 km westlich von Pitlochry liegt Loch Tummel, ein langer, schmaler See im sch\u00f6nsten Teil von Perthshire. Diese Gegend Perthshires ist auch bekannt als \u2018Big Tree Country\u2019, da sie einige der&nbsp; spektakul\u00e4rsten B\u00e4ume des UK hat. Oberhalb des Loch Tummel befindet sich \u2018Queen\u2019s View\u2019, einst besucht von K\u00f6nigin Viktoria , ist es einer der ber\u00fchmtesten Aussichtspunkte Schottlands, und der Panoramablick zum Gipfel von Schiehallion und Rannoch Moor ist spektakul\u00e4r. Es gibt Radwege und Wanderpfade um das Ufer von Loch Tummel herum und ein Besucherzentrum mit Informationen und Annehmlichkeiten.<\/p>\n<p><script async src=\"https:\/\/pagead2.googlesyndication.com\/pagead\/js\/adsbygoogle.js?client=ca-pub-3901089389175725\"\n     crossorigin=\"anonymous\"><\/script><br \/>\n<!-- New UC --><br \/>\n<ins class=\"adsbygoogle\"\n     style=\"display:block\"\n     data-ad-client=\"ca-pub-3901089389175725\"\n     data-ad-slot=\"8080314818\"\n     data-ad-format=\"auto\"\n     data-full-width-responsive=\"true\"><\/ins><br \/>\n<script>\n     (adsbygoogle = window.adsbygoogle || []).push({});\n<\/script><\/p>\n<p><a href=\"https:\/\/www.urlaubcornwall.de\/blog\/wp-content\/uploads\/2024\/03\/whisky-schottland.jpg\"><img loading=\"lazy\" src=\"https:\/\/www.urlaubcornwall.de\/blog\/wp-content\/uploads\/2024\/03\/whisky-schottland.jpg\" alt=\"whisky schottland\" width=\"750\" height=\"500\" class=\"alignnone size-full wp-image-47805\" srcset=\"https:\/\/www.urlaubcornwall.de\/blog\/wp-content\/uploads\/2024\/03\/whisky-schottland.jpg 750w, https:\/\/www.urlaubcornwall.de\/blog\/wp-content\/uploads\/2024\/03\/whisky-schottland-300x200.jpg 300w\" sizes=\"(max-width: 750px) 100vw, 750px\" \/><\/a><\/p>\n<p><strong>Blair Atholl Brennerei:<\/strong> Blair Atholl ist eine der \u00e4ltesten noch immer im Betrieb sich befindenden Brennereien Schottlands, gegr\u00fcndet 1798. Neben dem Single Malt Whisky tr\u00e4gt sie auch bei zu Bells Blended Scotch Whisky, bekannt geworden durch Arthur Bell in den 1850ern. Die Brennerei ist das ganze Jahr \u00fcber f\u00fcr Touren und Geschmacksproben ge\u00f6ffnet.<\/p>\n<p><strong>Highland Safaris:<\/strong> Die Gegend von Perthshire um Pitlochry herum ist beliebt f\u00fcr Safaris mit dem Landrover. Dies ist eine gro\u00dfartige M\u00f6glichkeit, um die atemberaubende Landschaft zu erleben und das bemerkenswerte einheimische Naturleben zu sehen. Mit einem erfahrenen Fahrer, der \u00fcber die \u00f6rtliche Gegend Bescheid wei\u00df, f\u00e4hrt Sie der &nbsp;Land Rover durch das Moorgebiet, durch Waldgebiet, offene Landschaft und hinauf in die H\u00fcgel von mehr als 914m, wo Sie eine der unber\u00fchrtesten Landschaften erleben k\u00f6nnen und Tiere sehen werden wie Rotwild, &nbsp;Raubv\u00f6gel, Auerh\u00e4hne, Berghasen und rote Eichh\u00f6rnchen.<\/p>\n<div class=\"snippet\"> <a class=\"featured-item\" href=\" https:\/\/www.urlaubcornwall.de\/ferienhaeuser\/schottland.php\"> <span class=\"image-holder\" style=\"background-image: url(' https:\/\/www.urlaubcornwall.de\/blog\/wp-content\/uploads\/2019\/01\/urlaub-schottland-highlands-1.jpg ');\"><\/span> <span class=\"featured-content\"> \n<h2 class=\"featured-title\">Bei uns finden Sie Ferienh\u00e4user in Schottland zum Verlieben!<\/h2>\n<p class=\"featured-body\">Untenstehend finden Sie eine Auswahl an Ferienh\u00e4usern in Schottland. Hier finden Sie pers\u00f6nlich inspizierte Cottages entlang der schottischen K\u00fcste, in den schottischen Highlands und auf den Inseln&#8230;..<\/p>\n<\/span> <span class=\"featured-link-holder\"> <span class=\"featured-extra-info\"> \n<p>F\u00fcr Paare, Familien &#038; Gruppen<\/p>\n<\/span> \n<p class=\"featured-link\">DETAILS<\/p>\n<\/span> <\/a><\/div>\n<p style=\"text-align: center;\">UrlaubCornwall.de hat seinen Firmensitz in Cornwall in S\u00fcdwestengland und bietet Kunden im Deutsch sprechenden Europa Hilfe im Erstellen der perfekten Urlaubserfahrung hier. Wir haben ein Team Deutsch sprechender Experten, so dass wir eine <a href=\"https:\/\/www.urlaubcornwall.de\/rundreisen\/grossbritannien.php\">individuelle Urlaub in Gro\u00dfbritannien<\/a>.<\/p>\n","protected":false},"excerpt":{"rendered":"<p>Pitlochry ist wundersch\u00f6n gelegen an den bewaldeten Ufern des Flusses Tummel und ist beliebt bei Besuchern, seit K\u00f6nigin Viktoria die Sch\u00f6nheit dieser H\u00fcgelstadt entdeckte. Pitlochry ist eine ausgezeichnete Ausgangsbasis, um Perthshire zu erkunden. Pitlochry Golfplatz: Der Pitlochry Golfplatz ist einer der feinsten, im Binnenland gelegenen Golfpl\u00e4tze Schottlands. Er hat gepflegte Gr\u00fcnfl\u00e4chen, von B\u00e4umen ges\u00e4umte Fairways, [&hellip;]<\/p>\n","protected":false},"author":1,"featured_media":0,"parent":0,"menu_order":0,"comment_status":"closed","ping_status":"closed","template":"single-four.php","meta":[],"acf":[],"yoast_head":"<!-- This site is optimized with the Yoast SEO plugin v19.4 - https:\/\/yoast.com\/wordpress\/plugins\/seo\/ -->\n<title>Urlaub in Pitlochry: Sehensw\u00fcrdigkeiten, Geschichte und Unterkunft - Urlaub &amp; Reisen<\/title>\n<meta name=\"robots\" content=\"index, follow, max-snippet:-1, max-image-preview:large, max-video-preview:-1\" \/>\n<link rel=\"canonical\" href=\"https:\/\/www.urlaubcornwall.de\/blog\/urlaub-in-pitlochry-sehenswuerdigkeiten-geschichte-und-unterkunft\/\" \/>\n<meta property=\"og:locale\" content=\"en_US\" \/>\n<meta property=\"og:type\" content=\"article\" \/>\n<meta property=\"og:title\" content=\"Urlaub in Pitlochry: Sehensw\u00fcrdigkeiten, Geschichte und Unterkunft - Urlaub &amp; Reisen\" \/>\n<meta property=\"og:description\" content=\"Pitlochry ist wundersch\u00f6n gelegen an den bewaldeten Ufern des Flusses Tummel und ist beliebt bei Besuchern, seit K\u00f6nigin Viktoria die Sch\u00f6nheit dieser H\u00fcgelstadt entdeckte. Pitlochry ist eine ausgezeichnete Ausgangsbasis, um Perthshire zu erkunden. Pitlochry Golfplatz: Der Pitlochry Golfplatz ist einer der feinsten, im Binnenland gelegenen Golfpl\u00e4tze Schottlands. Er hat gepflegte Gr\u00fcnfl\u00e4chen, von B\u00e4umen ges\u00e4umte Fairways, [&hellip;]\" \/>\n<meta property=\"og:url\" content=\"https:\/\/www.urlaubcornwall.de\/blog\/urlaub-in-pitlochry-sehenswuerdigkeiten-geschichte-und-unterkunft\/\" \/>\n<meta property=\"og:site_name\" content=\"Urlaub &amp; Reisen\" \/>\n<meta property=\"article:modified_time\" content=\"2024-05-29T14:16:44+00:00\" \/>\n<meta property=\"og:image\" content=\"https:\/\/www.urlaubcornwall.de\/blog\/wp-content\/uploads\/2024\/05\/Pitlochry.jpg\" \/>\n<meta name=\"twitter:card\" content=\"summary\" \/>\n<meta name=\"twitter:label1\" content=\"Est. reading time\" \/>\n\t<meta name=\"twitter:data1\" content=\"4 minutes\" \/>\n<script type=\"application\/ld+json\" class=\"yoast-schema-graph\">{\"@context\":\"https:\/\/schema.org\",\"@graph\":[{\"@type\":\"WebSite\",\"@id\":\"https:\/\/www.urlaubcornwall.de\/blog\/#website\",\"url\":\"https:\/\/www.urlaubcornwall.de\/blog\/\",\"name\":\"Urlaub &amp; Reisen\",\"description\":\"Urlaub, Reisen, Cornwall und S\u00fcdengland: eine perfekte Kombination\",\"potentialAction\":[{\"@type\":\"SearchAction\",\"target\":{\"@type\":\"EntryPoint\",\"urlTemplate\":\"https:\/\/www.urlaubcornwall.de\/blog\/?s={search_term_string}\"},\"query-input\":\"required name=search_term_string\"}],\"inLanguage\":\"en-US\"},{\"@type\":\"WebPage\",\"@id\":\"https:\/\/www.urlaubcornwall.de\/blog\/urlaub-in-pitlochry-sehenswuerdigkeiten-geschichte-und-unterkunft\/\",\"url\":\"https:\/\/www.urlaubcornwall.de\/blog\/urlaub-in-pitlochry-sehenswuerdigkeiten-geschichte-und-unterkunft\/\",\"name\":\"Urlaub in Pitlochry: Sehensw\u00fcrdigkeiten, Geschichte und Unterkunft - Urlaub &amp; Reisen\",\"isPartOf\":{\"@id\":\"https:\/\/www.urlaubcornwall.de\/blog\/#website\"},\"datePublished\":\"2016-11-19T15:28:01+00:00\",\"dateModified\":\"2024-05-29T14:16:44+00:00\",\"breadcrumb\":{\"@id\":\"https:\/\/www.urlaubcornwall.de\/blog\/urlaub-in-pitlochry-sehenswuerdigkeiten-geschichte-und-unterkunft\/#breadcrumb\"},\"inLanguage\":\"en-US\",\"potentialAction\":[{\"@type\":\"ReadAction\",\"target\":[\"https:\/\/www.urlaubcornwall.de\/blog\/urlaub-in-pitlochry-sehenswuerdigkeiten-geschichte-und-unterkunft\/\"]}]},{\"@type\":\"BreadcrumbList\",\"@id\":\"https:\/\/www.urlaubcornwall.de\/blog\/urlaub-in-pitlochry-sehenswuerdigkeiten-geschichte-und-unterkunft\/#breadcrumb\",\"itemListElement\":[{\"@type\":\"ListItem\",\"position\":1,\"name\":\"Home\",\"item\":\"https:\/\/www.urlaubcornwall.de\/blog\/\"},{\"@type\":\"ListItem\",\"position\":2,\"name\":\"Urlaub in Pitlochry: Sehensw\u00fcrdigkeiten, Geschichte und Unterkunft\"}]}]}<\/script>\n<!-- \/ Yoast SEO plugin. -->","yoast_head_json":{"title":"Urlaub in Pitlochry: Sehensw\u00fcrdigkeiten, Geschichte und Unterkunft - Urlaub &amp; Reisen","robots":{"index":"index","follow":"follow","max-snippet":"max-snippet:-1","max-image-preview":"max-image-preview:large","max-video-preview":"max-video-preview:-1"},"canonical":"https:\/\/www.urlaubcornwall.de\/blog\/urlaub-in-pitlochry-sehenswuerdigkeiten-geschichte-und-unterkunft\/","og_locale":"en_US","og_type":"article","og_title":"Urlaub in Pitlochry: Sehensw\u00fcrdigkeiten, Geschichte und Unterkunft - Urlaub &amp; Reisen","og_description":"Pitlochry ist wundersch\u00f6n gelegen an den bewaldeten Ufern des Flusses Tummel und ist beliebt bei Besuchern, seit K\u00f6nigin Viktoria die Sch\u00f6nheit dieser H\u00fcgelstadt entdeckte. Pitlochry ist eine ausgezeichnete Ausgangsbasis, um Perthshire zu erkunden. Pitlochry Golfplatz: Der Pitlochry Golfplatz ist einer der feinsten, im Binnenland gelegenen Golfpl\u00e4tze Schottlands. Er hat gepflegte Gr\u00fcnfl\u00e4chen, von B\u00e4umen ges\u00e4umte Fairways, [&hellip;]","og_url":"https:\/\/www.urlaubcornwall.de\/blog\/urlaub-in-pitlochry-sehenswuerdigkeiten-geschichte-und-unterkunft\/","og_site_name":"Urlaub &amp; Reisen","article_modified_time":"2024-05-29T14:16:44+00:00","og_image":[{"url":"https:\/\/www.urlaubcornwall.de\/blog\/wp-content\/uploads\/2024\/05\/Pitlochry.jpg"}],"twitter_card":"summary","twitter_misc":{"Est. reading time":"4 minutes"},"schema":{"@context":"https:\/\/schema.org","@graph":[{"@type":"WebSite","@id":"https:\/\/www.urlaubcornwall.de\/blog\/#website","url":"https:\/\/www.urlaubcornwall.de\/blog\/","name":"Urlaub &amp; Reisen","description":"Urlaub, Reisen, Cornwall und S\u00fcdengland: eine perfekte Kombination","potentialAction":[{"@type":"SearchAction","target":{"@type":"EntryPoint","urlTemplate":"https:\/\/www.urlaubcornwall.de\/blog\/?s={search_term_string}"},"query-input":"required name=search_term_string"}],"inLanguage":"en-US"},{"@type":"WebPage","@id":"https:\/\/www.urlaubcornwall.de\/blog\/urlaub-in-pitlochry-sehenswuerdigkeiten-geschichte-und-unterkunft\/","url":"https:\/\/www.urlaubcornwall.de\/blog\/urlaub-in-pitlochry-sehenswuerdigkeiten-geschichte-und-unterkunft\/","name":"Urlaub in Pitlochry: Sehensw\u00fcrdigkeiten, Geschichte und Unterkunft - Urlaub &amp; Reisen","isPartOf":{"@id":"https:\/\/www.urlaubcornwall.de\/blog\/#website"},"datePublished":"2016-11-19T15:28:01+00:00","dateModified":"2024-05-29T14:16:44+00:00","breadcrumb":{"@id":"https:\/\/www.urlaubcornwall.de\/blog\/urlaub-in-pitlochry-sehenswuerdigkeiten-geschichte-und-unterkunft\/#breadcrumb"},"inLanguage":"en-US","potentialAction":[{"@type":"ReadAction","target":["https:\/\/www.urlaubcornwall.de\/blog\/urlaub-in-pitlochry-sehenswuerdigkeiten-geschichte-und-unterkunft\/"]}]},{"@type":"BreadcrumbList","@id":"https:\/\/www.urlaubcornwall.de\/blog\/urlaub-in-pitlochry-sehenswuerdigkeiten-geschichte-und-unterkunft\/#breadcrumb","itemListElement":[{"@type":"ListItem","position":1,"name":"Home","item":"https:\/\/www.urlaubcornwall.de\/blog\/"},{"@type":"ListItem","position":2,"name":"Urlaub in Pitlochry: Sehensw\u00fcrdigkeiten, Geschichte und Unterkunft"}]}]}},"_links":{"self":[{"href":"https:\/\/www.urlaubcornwall.de\/blog\/wp-json\/wp\/v2\/pages\/25451"}],"collection":[{"href":"https:\/\/www.urlaubcornwall.de\/blog\/wp-json\/wp\/v2\/pages"}],"about":[{"href":"https:\/\/www.urlaubcornwall.de\/blog\/wp-json\/wp\/v2\/types\/page"}],"author":[{"embeddable":true,"href":"https:\/\/www.urlaubcornwall.de\/blog\/wp-json\/wp\/v2\/users\/1"}],"replies":[{"embeddable":true,"href":"https:\/\/www.urlaubcornwall.de\/blog\/wp-json\/wp\/v2\/comments?post=25451"}],"version-history":[{"count":10,"href":"https:\/\/www.urlaubcornwall.de\/blog\/wp-json\/wp\/v2\/pages\/25451\/revisions"}],"predecessor-version":[{"id":50690,"href":"https:\/\/www.urlaubcornwall.de\/blog\/wp-json\/wp\/v2\/pages\/25451\/revisions\/50690"}],"wp:attachment":[{"href":"https:\/\/www.urlaubcornwall.de\/blog\/wp-json\/wp\/v2\/media?parent=25451"}],"curies":[{"name":"wp","href":"https:\/\/api.w.org\/{rel}","templated":true}]}}