{"id":25447,"date":"2016-11-19T15:15:01","date_gmt":"2016-11-19T15:15:01","guid":{"rendered":"https:\/\/www.urlaubcornwall.de\/blog\/?page_id=25447"},"modified":"2024-05-29T14:18:30","modified_gmt":"2024-05-29T14:18:30","slug":"urlaub-in-perth-kueste-schottland-sehenswuerdigkeiten-geschichte-und-unterkunft","status":"publish","type":"page","link":"https:\/\/www.urlaubcornwall.de\/blog\/urlaub-in-perth-kueste-schottland-sehenswuerdigkeiten-geschichte-und-unterkunft\/","title":{"rendered":"Urlaub in Perth, Schottland: Sehensw\u00fcrdigkeiten, Geschichte und Unterkunft"},"content":{"rendered":"<p><a href=\"https:\/\/www.urlaubcornwall.de\/blog\/wp-content\/uploads\/2024\/05\/perth-schottland.jpg\"><img loading=\"lazy\" src=\"https:\/\/www.urlaubcornwall.de\/blog\/wp-content\/uploads\/2024\/05\/perth-schottland.jpg\" alt=\"perth schottland\" width=\"750\" height=\"498\" class=\"alignnone size-full wp-image-50691\" srcset=\"https:\/\/www.urlaubcornwall.de\/blog\/wp-content\/uploads\/2024\/05\/perth-schottland.jpg 750w, https:\/\/www.urlaubcornwall.de\/blog\/wp-content\/uploads\/2024\/05\/perth-schottland-300x199.jpg 300w\" sizes=\"(max-width: 750px) 100vw, 750px\" \/><\/a><\/p>\n<p>An der K\u00fcste Schottlands an den Ufern des Flusses Tay ist die Stadt Perth. Sie war einst die Hauptstadt Schottlands und hat eine reichhaltige Geschichte, die mehr als 800 Jahre zur\u00fcckreicht. Heute ist Perth eine gesch\u00e4ftige Stadt mit feinen georgianischen Geb\u00e4uden, Unterhaltungsangeboten, Gesch\u00e4ften, Caf\u00e9s und Restaurants und gilt als eines der besten kulinarischen <a href=\"https:\/\/www.urlaubcornwall.de\/blog\/entdecken-sie-schottland-britanniens-spektakulaerster-landschaft\/\">Zentren Schottlands<\/a>.<\/p>\n<p>Perth ist lediglich eine Autostunde von <a href=\"https:\/\/www.urlaubcornwall.de\/blog\/reisetipps-fuer-edinburgh-unsere-top-10-sie-sie-sehen-und-erleben-sollten\/\">Edinburgh<\/a> entfernt und ungef\u00e4hr eineinhalb Stunden von <a href=\"https:\/\/www.urlaubcornwall.de\/blog\/urlaub-in-glasgow-sehenswuerdigkeiten-geschichte-und-unterkunft\/\">Glasgow<\/a>; es gibt auch Direktzugverbindungen von Glasgow und Edinburgh und einen Nachtzugservice von London.<\/p>\n<p><script async src=\"https:\/\/pagead2.googlesyndication.com\/pagead\/js\/adsbygoogle.js?client=ca-pub-3901089389175725\"\n     crossorigin=\"anonymous\"><\/script><br \/>\n<!-- New UC --><br \/>\n<ins class=\"adsbygoogle\"\n     style=\"display:block\"\n     data-ad-client=\"ca-pub-3901089389175725\"\n     data-ad-slot=\"8080314818\"\n     data-ad-format=\"auto\"\n     data-full-width-responsive=\"true\"><\/ins><br \/>\n<script>\n     (adsbygoogle = window.adsbygoogle || []).push({});\n<\/script><\/p>\n<p><strong>Stone of Destiny am Scone Palast:<\/strong> Scone Palace, der 3,2 km n\u00f6rdlich von Perth liegt, wurde 1803 f\u00fcr den Earl of Mansfield erbaut. Dieser eindrucksvolle neo-gotische befestigte Palast ist eine von Schottlands f\u00fchrenden Touristenattraktionen, und die Burg mit ihrem Grund und den G\u00e4rten ist absolut herrlich.&nbsp; Am nahe gelegenen Moot Hill wurden die schottischen K\u00f6nige gekr\u00f6nt, die Platz nahmen auf dem Stone of Scone (Stone of Destiny). Der Stone of Scone ist verankert in Mythen und Legenden; es wird davon ausgegangen, dass er vom 1. K\u00f6nig Schottlands, Kenneth MacAlpin vom <a href=\"https:\/\/www.urlaubcornwall.de\/blog\/urlaub-oban-an-der-westkueste-schottlands-sehenswuerdigkeiten-geschichte-und-unterkunft\/\">Dunstaffnage Castle<\/a> in Argyll, nach Scone gebracht wurde. Vom 9. bis zum 13. Jahrhundert wurden hier s\u00e4mtliche schottische K\u00f6nige gekr\u00f6nt, bis er 1296 von Edward I nach London gebracht wurde; er wurde im Coronation Chair in der Westminster Abbey installiert. 1996 wurde der Stone of Destiny Schottland zur\u00fcckgegeben und befindet sich nun im Edinburgh Castle. Scone Palace ist vom 1. April \u2013 31. Oktober ge\u00f6ffnet.<\/p>\n<p><strong>River Tay:<\/strong> Mit 192km L\u00e4nge ist der Fluss Tay der l\u00e4ngste Fluss Schottlands und einer der f\u00fcnf gro\u00dfen Lachsfangfl\u00fcsse. Der Fluss Tay bietet auch M\u00f6glichkeiten zum Kajaken und Kanufahren und Wildwasserrafting. Im herrlichen Dorf Dunkeld am Fluss Tay k\u00f6nnen Sie am Fluss entlang spazieren und die majest\u00e4tische Dunkeld Kathedrale besichtigen, die hellfarbenen H\u00e4user und die Dunkeld Bridge, die von Thomas Telford erbaut wurde.<\/p>\n<p><a href=\"https:\/\/www.urlaubcornwall.de\/blog\/wp-content\/uploads\/2024\/03\/whisky-schottland.jpg\"><img loading=\"lazy\" src=\"https:\/\/www.urlaubcornwall.de\/blog\/wp-content\/uploads\/2024\/03\/whisky-schottland.jpg\" alt=\"whisky schottland\" width=\"750\" height=\"500\" class=\"alignnone size-full wp-image-47805\" srcset=\"https:\/\/www.urlaubcornwall.de\/blog\/wp-content\/uploads\/2024\/03\/whisky-schottland.jpg 750w, https:\/\/www.urlaubcornwall.de\/blog\/wp-content\/uploads\/2024\/03\/whisky-schottland-300x200.jpg 300w\" sizes=\"(max-width: 750px) 100vw, 750px\" \/><\/a><\/p>\n<p><strong>Crieff:<\/strong> Die Stadt Crieff befindet sich 29km westlich von Perth, dort, wo die Lowland Landschaft auf Highland Terrain trifft. Zwischen dem 16. und 18. Jahrhundert war es das Hauptviehhandelszentrum Schottlands mit einem riesigen Viehzuchtmarkt. The Famous Grouse Experience bei der Glenturret Brennerei ist ein interaktives Besucherzentrum, das die Geschichte von Schottlands ber\u00fchmtestem Whisky erz\u00e4hlt.&nbsp; Direkt au\u00dferhalb der Stadt befindet sich das Caithness Glass Besucherzentrum. Neben der Aussichtsplattform der Caithness Glass Fabrik, gibt es die Drover\u2019s Ausstellung, die Einblick bietet in die Geschichte der Gegend und das Leben von Schottlands Cattle Drovers.<\/p>\n<p style=\"text-align: center;\">UrlaubCornwall verf\u00fcgt Ferienh\u00e4user und Ferienwohnungen in Perth f\u00fcr Ihren <a href=\"https:\/\/www.urlaubcornwall.de\/reiseziel\/schottland.php\">Urlaub in Schottland<\/a>. Unterk\u00fcnfte der Spitzenklasse f\u00fcr 2 Personen, Familien und Gruppen mit 4, 6, 8, 10 oder 12 G\u00e4sten.<\/p>\n<h1 style=\"text-align: center;\"><strong>Bei uns finden Sie Ferienh\u00e4user zum Verlieben \u2013 so einfach ist das!<\/strong><\/h1>\n<p style=\"text-align: center;\"><a class=\"tidycta\" href=\"https:\/\/www.urlaubcornwall.de\/ferienhaeuser-fewos\/sco\/zentralschottland\/perth.html\">Suche Ferienh\u00e4user in Perth<\/a><\/p>\n<p style=\"text-align: center;\">UrlaubCornwall.de hat eine einzigartige Sammlung pers\u00f6nlich inspizierter <a href=\"https:\/\/www.urlaubcornwall.de\/ferienhaeuser-fewos\/sco\/zentralschottland\/zentralschottland.html\">Ferienh\u00e4user und Ferienwohnungen in Schottland<\/a> und nun auch im gesamten Gro\u00dfbritannien.<\/p>\n<p style=\"text-align: center;\">UrlaubCornwall.de hat seinen Firmensitz in Cornwall in S\u00fcdwestengland und bietet Kunden im Deutsch sprechenden Europa Hilfe im Erstellen der perfekten Urlaubserfahrung hier. Wir haben ein Team Deutsch sprechender Experten, so dass wir eine <a href=\"https:\/\/www.urlaubcornwall.de\/rundreisen\/grossbritannien.php\">individuelle Urlaub in Gro\u00dfbritannien<\/a>.<\/p>\n","protected":false},"excerpt":{"rendered":"<p>An der K\u00fcste Schottlands an den Ufern des Flusses Tay ist die Stadt Perth. Sie war einst die Hauptstadt Schottlands und hat eine reichhaltige Geschichte, die mehr als 800 Jahre zur\u00fcckreicht. Heute ist Perth eine gesch\u00e4ftige Stadt mit feinen georgianischen Geb\u00e4uden, Unterhaltungsangeboten, Gesch\u00e4ften, Caf\u00e9s und Restaurants und gilt als eines der besten kulinarischen Zentren Schottlands. [&hellip;]<\/p>\n","protected":false},"author":1,"featured_media":0,"parent":0,"menu_order":0,"comment_status":"closed","ping_status":"closed","template":"single-four.php","meta":[],"acf":[],"yoast_head":"<!-- This site is optimized with the Yoast SEO plugin v19.4 - https:\/\/yoast.com\/wordpress\/plugins\/seo\/ -->\n<title>Urlaub in Perth, Schottland: Sehensw\u00fcrdigkeiten, Geschichte und Unterkunft - Urlaub &amp; Reisen<\/title>\n<meta name=\"robots\" content=\"index, follow, max-snippet:-1, max-image-preview:large, max-video-preview:-1\" \/>\n<link rel=\"canonical\" href=\"https:\/\/www.urlaubcornwall.de\/blog\/urlaub-in-perth-kueste-schottland-sehenswuerdigkeiten-geschichte-und-unterkunft\/\" \/>\n<meta property=\"og:locale\" content=\"en_US\" \/>\n<meta property=\"og:type\" content=\"article\" \/>\n<meta property=\"og:title\" content=\"Urlaub in Perth, Schottland: Sehensw\u00fcrdigkeiten, Geschichte und Unterkunft - Urlaub &amp; Reisen\" \/>\n<meta property=\"og:description\" content=\"An der K\u00fcste Schottlands an den Ufern des Flusses Tay ist die Stadt Perth. Sie war einst die Hauptstadt Schottlands und hat eine reichhaltige Geschichte, die mehr als 800 Jahre zur\u00fcckreicht. Heute ist Perth eine gesch\u00e4ftige Stadt mit feinen georgianischen Geb\u00e4uden, Unterhaltungsangeboten, Gesch\u00e4ften, Caf\u00e9s und Restaurants und gilt als eines der besten kulinarischen Zentren Schottlands. [&hellip;]\" \/>\n<meta property=\"og:url\" content=\"https:\/\/www.urlaubcornwall.de\/blog\/urlaub-in-perth-kueste-schottland-sehenswuerdigkeiten-geschichte-und-unterkunft\/\" \/>\n<meta property=\"og:site_name\" content=\"Urlaub &amp; Reisen\" \/>\n<meta property=\"article:modified_time\" content=\"2024-05-29T14:18:30+00:00\" \/>\n<meta property=\"og:image\" content=\"https:\/\/www.urlaubcornwall.de\/blog\/wp-content\/uploads\/2024\/05\/perth-schottland.jpg\" \/>\n<meta name=\"twitter:card\" content=\"summary\" \/>\n<meta name=\"twitter:label1\" content=\"Est. reading time\" \/>\n\t<meta name=\"twitter:data1\" content=\"3 minutes\" \/>\n<script type=\"application\/ld+json\" class=\"yoast-schema-graph\">{\"@context\":\"https:\/\/schema.org\",\"@graph\":[{\"@type\":\"WebSite\",\"@id\":\"https:\/\/www.urlaubcornwall.de\/blog\/#website\",\"url\":\"https:\/\/www.urlaubcornwall.de\/blog\/\",\"name\":\"Urlaub &amp; Reisen\",\"description\":\"Urlaub, Reisen, Cornwall und S\u00fcdengland: eine perfekte Kombination\",\"potentialAction\":[{\"@type\":\"SearchAction\",\"target\":{\"@type\":\"EntryPoint\",\"urlTemplate\":\"https:\/\/www.urlaubcornwall.de\/blog\/?s={search_term_string}\"},\"query-input\":\"required name=search_term_string\"}],\"inLanguage\":\"en-US\"},{\"@type\":\"WebPage\",\"@id\":\"https:\/\/www.urlaubcornwall.de\/blog\/urlaub-in-perth-kueste-schottland-sehenswuerdigkeiten-geschichte-und-unterkunft\/\",\"url\":\"https:\/\/www.urlaubcornwall.de\/blog\/urlaub-in-perth-kueste-schottland-sehenswuerdigkeiten-geschichte-und-unterkunft\/\",\"name\":\"Urlaub in Perth, Schottland: Sehensw\u00fcrdigkeiten, Geschichte und Unterkunft - Urlaub &amp; Reisen\",\"isPartOf\":{\"@id\":\"https:\/\/www.urlaubcornwall.de\/blog\/#website\"},\"datePublished\":\"2016-11-19T15:15:01+00:00\",\"dateModified\":\"2024-05-29T14:18:30+00:00\",\"breadcrumb\":{\"@id\":\"https:\/\/www.urlaubcornwall.de\/blog\/urlaub-in-perth-kueste-schottland-sehenswuerdigkeiten-geschichte-und-unterkunft\/#breadcrumb\"},\"inLanguage\":\"en-US\",\"potentialAction\":[{\"@type\":\"ReadAction\",\"target\":[\"https:\/\/www.urlaubcornwall.de\/blog\/urlaub-in-perth-kueste-schottland-sehenswuerdigkeiten-geschichte-und-unterkunft\/\"]}]},{\"@type\":\"BreadcrumbList\",\"@id\":\"https:\/\/www.urlaubcornwall.de\/blog\/urlaub-in-perth-kueste-schottland-sehenswuerdigkeiten-geschichte-und-unterkunft\/#breadcrumb\",\"itemListElement\":[{\"@type\":\"ListItem\",\"position\":1,\"name\":\"Home\",\"item\":\"https:\/\/www.urlaubcornwall.de\/blog\/\"},{\"@type\":\"ListItem\",\"position\":2,\"name\":\"Urlaub in Perth, Schottland: Sehensw\u00fcrdigkeiten, Geschichte und Unterkunft\"}]}]}<\/script>\n<!-- \/ Yoast SEO plugin. -->","yoast_head_json":{"title":"Urlaub in Perth, Schottland: Sehensw\u00fcrdigkeiten, Geschichte und Unterkunft - Urlaub &amp; Reisen","robots":{"index":"index","follow":"follow","max-snippet":"max-snippet:-1","max-image-preview":"max-image-preview:large","max-video-preview":"max-video-preview:-1"},"canonical":"https:\/\/www.urlaubcornwall.de\/blog\/urlaub-in-perth-kueste-schottland-sehenswuerdigkeiten-geschichte-und-unterkunft\/","og_locale":"en_US","og_type":"article","og_title":"Urlaub in Perth, Schottland: Sehensw\u00fcrdigkeiten, Geschichte und Unterkunft - Urlaub &amp; Reisen","og_description":"An der K\u00fcste Schottlands an den Ufern des Flusses Tay ist die Stadt Perth. Sie war einst die Hauptstadt Schottlands und hat eine reichhaltige Geschichte, die mehr als 800 Jahre zur\u00fcckreicht. Heute ist Perth eine gesch\u00e4ftige Stadt mit feinen georgianischen Geb\u00e4uden, Unterhaltungsangeboten, Gesch\u00e4ften, Caf\u00e9s und Restaurants und gilt als eines der besten kulinarischen Zentren Schottlands. [&hellip;]","og_url":"https:\/\/www.urlaubcornwall.de\/blog\/urlaub-in-perth-kueste-schottland-sehenswuerdigkeiten-geschichte-und-unterkunft\/","og_site_name":"Urlaub &amp; Reisen","article_modified_time":"2024-05-29T14:18:30+00:00","og_image":[{"url":"https:\/\/www.urlaubcornwall.de\/blog\/wp-content\/uploads\/2024\/05\/perth-schottland.jpg"}],"twitter_card":"summary","twitter_misc":{"Est. reading time":"3 minutes"},"schema":{"@context":"https:\/\/schema.org","@graph":[{"@type":"WebSite","@id":"https:\/\/www.urlaubcornwall.de\/blog\/#website","url":"https:\/\/www.urlaubcornwall.de\/blog\/","name":"Urlaub &amp; Reisen","description":"Urlaub, Reisen, Cornwall und S\u00fcdengland: eine perfekte Kombination","potentialAction":[{"@type":"SearchAction","target":{"@type":"EntryPoint","urlTemplate":"https:\/\/www.urlaubcornwall.de\/blog\/?s={search_term_string}"},"query-input":"required name=search_term_string"}],"inLanguage":"en-US"},{"@type":"WebPage","@id":"https:\/\/www.urlaubcornwall.de\/blog\/urlaub-in-perth-kueste-schottland-sehenswuerdigkeiten-geschichte-und-unterkunft\/","url":"https:\/\/www.urlaubcornwall.de\/blog\/urlaub-in-perth-kueste-schottland-sehenswuerdigkeiten-geschichte-und-unterkunft\/","name":"Urlaub in Perth, Schottland: Sehensw\u00fcrdigkeiten, Geschichte und Unterkunft - Urlaub &amp; Reisen","isPartOf":{"@id":"https:\/\/www.urlaubcornwall.de\/blog\/#website"},"datePublished":"2016-11-19T15:15:01+00:00","dateModified":"2024-05-29T14:18:30+00:00","breadcrumb":{"@id":"https:\/\/www.urlaubcornwall.de\/blog\/urlaub-in-perth-kueste-schottland-sehenswuerdigkeiten-geschichte-und-unterkunft\/#breadcrumb"},"inLanguage":"en-US","potentialAction":[{"@type":"ReadAction","target":["https:\/\/www.urlaubcornwall.de\/blog\/urlaub-in-perth-kueste-schottland-sehenswuerdigkeiten-geschichte-und-unterkunft\/"]}]},{"@type":"BreadcrumbList","@id":"https:\/\/www.urlaubcornwall.de\/blog\/urlaub-in-perth-kueste-schottland-sehenswuerdigkeiten-geschichte-und-unterkunft\/#breadcrumb","itemListElement":[{"@type":"ListItem","position":1,"name":"Home","item":"https:\/\/www.urlaubcornwall.de\/blog\/"},{"@type":"ListItem","position":2,"name":"Urlaub in Perth, Schottland: Sehensw\u00fcrdigkeiten, Geschichte und Unterkunft"}]}]}},"_links":{"self":[{"href":"https:\/\/www.urlaubcornwall.de\/blog\/wp-json\/wp\/v2\/pages\/25447"}],"collection":[{"href":"https:\/\/www.urlaubcornwall.de\/blog\/wp-json\/wp\/v2\/pages"}],"about":[{"href":"https:\/\/www.urlaubcornwall.de\/blog\/wp-json\/wp\/v2\/types\/page"}],"author":[{"embeddable":true,"href":"https:\/\/www.urlaubcornwall.de\/blog\/wp-json\/wp\/v2\/users\/1"}],"replies":[{"embeddable":true,"href":"https:\/\/www.urlaubcornwall.de\/blog\/wp-json\/wp\/v2\/comments?post=25447"}],"version-history":[{"count":8,"href":"https:\/\/www.urlaubcornwall.de\/blog\/wp-json\/wp\/v2\/pages\/25447\/revisions"}],"predecessor-version":[{"id":50692,"href":"https:\/\/www.urlaubcornwall.de\/blog\/wp-json\/wp\/v2\/pages\/25447\/revisions\/50692"}],"wp:attachment":[{"href":"https:\/\/www.urlaubcornwall.de\/blog\/wp-json\/wp\/v2\/media?parent=25447"}],"curies":[{"name":"wp","href":"https:\/\/api.w.org\/{rel}","templated":true}]}}