{"id":25430,"date":"2016-11-19T11:34:39","date_gmt":"2016-11-19T11:34:39","guid":{"rendered":"https:\/\/www.urlaubcornwall.de\/blog\/?page_id=25430"},"modified":"2024-05-29T14:20:54","modified_gmt":"2024-05-29T14:20:54","slug":"urlaub-inseln-orkney-sehenswuerdigkeiten-geschichte-und-unterkunft","status":"publish","type":"page","link":"https:\/\/www.urlaubcornwall.de\/blog\/urlaub-inseln-orkney-sehenswuerdigkeiten-geschichte-und-unterkunft\/","title":{"rendered":"Urlaub Orkney Inseln: Sehensw\u00fcrdigkeiten, Geschichte und Unterkunft"},"content":{"rendered":"<p><a href=\"https:\/\/www.urlaubcornwall.de\/blog\/wp-content\/uploads\/2024\/03\/orkney.jpg\"><img loading=\"lazy\" src=\"https:\/\/www.urlaubcornwall.de\/blog\/wp-content\/uploads\/2024\/03\/orkney.jpg\" alt=\"orkney\" width=\"750\" height=\"500\" class=\"alignnone size-full wp-image-48206\" srcset=\"https:\/\/www.urlaubcornwall.de\/blog\/wp-content\/uploads\/2024\/03\/orkney.jpg 750w, https:\/\/www.urlaubcornwall.de\/blog\/wp-content\/uploads\/2024\/03\/orkney-300x200.jpg 300w\" sizes=\"(max-width: 750px) 100vw, 750px\" \/><\/a><\/p>\n<p>Orkney befindet sich vor der <a href=\"https:\/\/www.urlaubcornwall.de\/reiseziel\/schottland.php\">Nordk\u00fcste Schottlands<\/a>; es besteht aus 70, \u00fcberwiegend unbewohnten Inseln. Orkney ist ein atemberaubend sch\u00f6ner Ort mit vielen alten Monumenten, einer einzigartigen Landschaft und Kultur und einer erstaunlichen Vielfalt an Tierleben.<\/p>\n<p>Es gibt t\u00e4glich Flugverbindungen nach Kirkwall, Orkney von Edinburgh, Glasgow, Aberdeen, Inverness, London und Sumburgh auf den Shetlands aus.&nbsp; Sie k\u00f6nnen auch mit einer Autof\u00e4hre von Aberdeen, Thurso und Gill\u2019s Bay fahren oder eine Passagierf\u00e4hre von John O\u2019Groats nehmen. Wenn Sie erst einmal auf Orkney sind, ist es leicht, die Insel mit dem Auto, Bus und zwischen den Inseln verkehrenden Booten zu erkunden.<\/p>\n<p>Kirkwall ist die Hauptstadt von Orkney und befindet sich auf der Insel namens Mainland, es ist eine lebendige, quirlige Stadt mit zahlreichen Gesch\u00e4ften, Restaurants und Bars. Die Geschichte Kirkwalls reicht zur\u00fcck in normannische Zeiten, ins 11. Jahrhundert, als es \u2018Kirkjuvagr\u2019genannt wurde \u2013 die Kirche der Bucht. Kirkwalls Skyline wird dominiert von der herrlichen St Magnus Kathedrale.<\/p>\n<div class=\"snippet\"> <a class=\"featured-item\" href=\" https:\/\/www.urlaubcornwall.de\/blog\/rundreisen-schottland\/\"> <span class=\"image-holder\" style=\"background-image: url(' https:\/\/www.urlaubcornwall.de\/blog\/wp-content\/uploads\/2019\/01\/urlaub-schottland-highlands.jpg ');\"><\/span> <span class=\"featured-content\"> \n<h2 class=\"featured-title\">Rundreise durch Schottland: mit dem Auto bereisen <\/h2>\n<p class=\"featured-body\">Urlaub in Schottland haben etwas f\u00fcr jeden Geschmack zu bieten \u2013 herrliche Sonnenunterg\u00e4nge \u00fcber magischen Inseln, wundersch\u00f6ne und dramatische K\u00fcstenstriche, tiefe, verborgene T\u00e4ler und eine unglaubliche Landschaft&#8230;<\/p>\n<\/span> <span class=\"featured-link-holder\"> <span class=\"featured-extra-info\"> \n<p>Ready Made Touren<\/p>\n<\/span> \n<p class=\"featured-link\">DETAILS<\/p>\n<\/span> <\/a><\/div>\n<p>Bekannt als \u2018Licht des Nordens\u2019 ist sie eines der feinsten Beispiele mittelalterlicher Architektur, die in Britannien auffindbar ist. Sie wurde 1137 erbaut, als Orkney unter der Herrschaft der Wickinger war. Heute k\u00f6nnen Besucher eine gef\u00fchrte Tour der Kathedrale genie\u00dfen und den Turm erklimmen, um die Erfahrung eines wundervollen 360 Grad Blickes \u00fcber das Meer zu machen. Im Orkney Museum in Tankerness House k\u00f6nnen Sie die Geschichte von Orkney kennenlernen, von der Steinzeit bis zum heutigen Tage.<\/p>\n<p><script async src=\"https:\/\/pagead2.googlesyndication.com\/pagead\/js\/adsbygoogle.js?client=ca-pub-3901089389175725\"\n     crossorigin=\"anonymous\"><\/script><br \/>\n<!-- New UC --><br \/>\n<ins class=\"adsbygoogle\"\n     style=\"display:block\"\n     data-ad-client=\"ca-pub-3901089389175725\"\n     data-ad-slot=\"8080314818\"\n     data-ad-format=\"auto\"\n     data-full-width-responsive=\"true\"><\/ins><br \/>\n<script>\n     (adsbygoogle = window.adsbygoogle || []).push({});\n<\/script><\/p>\n<p>Stromness ist die zweitgr\u00f6\u00dfte Stadt auf Orkney; wenn Sie mit der F\u00e4hre ankommen, haben Sie einen ausgezeichneten Blick auf die alte Steinstadt, die ein architektonisches Juwel ist. Sie hat immer schon Schriftsteller und K\u00fcnstler inspiriert und ist seit Jahrhunderten unver\u00e4ndert.<\/p>\n<p>Tierleben und Natur: Orkney ist mit keinem anderen Ort der britischen Inseln vergleichbar, hier gibt es einige der besten Flecken, um Papageientaucher, Robben, Wale, Meeresschildkr\u00f6ten und Delfine zu sehen. Es gibt 21 br\u00fctende Seev\u00f6gel, und 13 RSPB Reservate auf den Inseln, die hier beheimatete und Zugv\u00f6gel anziehen. Orkney ist auch ein Paradies f\u00fcr Blumenliebhaber; Wildblumen bl\u00fchen vom fr\u00fchen Fr\u00fchling an, und die abgasfreie Luft ist die ideal Umgebung f\u00fcr eine derart vielf\u00e4ltige Reihe an Pflanzen.<\/p>\n<p>Skara Brae: Das ber\u00fchmte pr\u00e4historische Dorf bei Skara Brae ist eine von Orkneys beliebtesten Besucherattraktionen. Skara Brae ist eine der fr\u00fchesten pr\u00e4historischen St\u00e4tten Schottlands und lag mehr als 4000 Jahre lang unter Sandd\u00fcnen begraben, bis 1850 ein riesiger Sturm an die Bay of Skaill schlug und den Sand wegblies. Es ist eines der am besten erhaltenen Steinzeitd\u00f6rfern Europas und Teil des \u2018Heart of Neolithic Orkney UNESCO World Heritage Site\u2019.&nbsp; Skaill House ist das feinste herrschaftliche Haus aus dem 17. Jahrhundert in Orkney und war das Zuhause des Mannes, der Skara Brae 1850 entdeckte; das Haus ist von April bis Oktober ge\u00f6ffnet und Teil der gef\u00fchrten Tour von Skara Brae.<\/p>\n<div class=\"snippet\"> <a class=\"featured-item\" href=\" https:\/\/www.urlaubcornwall.de\/ferienhaeuser\/schottland.php\"> <span class=\"image-holder\" style=\"background-image: url(' https:\/\/www.urlaubcornwall.de\/blog\/wp-content\/uploads\/2019\/01\/urlaub-schottland-highlands-1.jpg ');\"><\/span> <span class=\"featured-content\"> \n<h2 class=\"featured-title\">Bei uns finden Sie Ferienh\u00e4user in Schottland zum Verlieben!<\/h2>\n<p class=\"featured-body\">Untenstehend finden Sie eine Auswahl an Ferienh\u00e4usern in Schottland. Hier finden Sie pers\u00f6nlich inspizierte Cottages entlang der schottischen K\u00fcste, in den schottischen Highlands und auf den Inseln&#8230;..<\/p>\n<\/span> <span class=\"featured-link-holder\"> <span class=\"featured-extra-info\"> \n<p>F\u00fcr Paare, Familien &#038; Gruppen<\/p>\n<\/span> \n<p class=\"featured-link\">DETAILS<\/p>\n<\/span> <\/a><\/div>\n<p style=\"text-align: center;\">UrlaubCornwall.de hat seinen Firmensitz in Cornwall in S\u00fcdwestengland und bietet Kunden im Deutsch sprechenden Europa Hilfe im Erstellen der perfekten Urlaubserfahrung hier. Wir haben ein Team Deutsch sprechender Experten, so dass wir eine <a href=\"https:\/\/www.urlaubcornwall.de\/rundreisen\/grossbritannien.php\">individuelle Urlaub in Gro\u00dfbritannien<\/a>.<\/p>\n","protected":false},"excerpt":{"rendered":"<p>Orkney befindet sich vor der Nordk\u00fcste Schottlands; es besteht aus 70, \u00fcberwiegend unbewohnten Inseln. Orkney ist ein atemberaubend sch\u00f6ner Ort mit vielen alten Monumenten, einer einzigartigen Landschaft und Kultur und einer erstaunlichen Vielfalt an Tierleben. Es gibt t\u00e4glich Flugverbindungen nach Kirkwall, Orkney von Edinburgh, Glasgow, Aberdeen, Inverness, London und Sumburgh auf den Shetlands aus.&nbsp; Sie [&hellip;]<\/p>\n","protected":false},"author":1,"featured_media":0,"parent":0,"menu_order":0,"comment_status":"closed","ping_status":"closed","template":"single-four.php","meta":[],"acf":[],"yoast_head":"<!-- This site is optimized with the Yoast SEO plugin v19.4 - https:\/\/yoast.com\/wordpress\/plugins\/seo\/ -->\n<title>Urlaub Orkney Inseln: Sehensw\u00fcrdigkeiten, Geschichte und Unterkunft - Urlaub &amp; Reisen<\/title>\n<meta name=\"robots\" content=\"index, follow, max-snippet:-1, max-image-preview:large, max-video-preview:-1\" \/>\n<link rel=\"canonical\" href=\"https:\/\/www.urlaubcornwall.de\/blog\/urlaub-inseln-orkney-sehenswuerdigkeiten-geschichte-und-unterkunft\/\" \/>\n<meta property=\"og:locale\" content=\"en_US\" \/>\n<meta property=\"og:type\" content=\"article\" \/>\n<meta property=\"og:title\" content=\"Urlaub Orkney Inseln: Sehensw\u00fcrdigkeiten, Geschichte und Unterkunft - Urlaub &amp; Reisen\" \/>\n<meta property=\"og:description\" content=\"Orkney befindet sich vor der Nordk\u00fcste Schottlands; es besteht aus 70, \u00fcberwiegend unbewohnten Inseln. Orkney ist ein atemberaubend sch\u00f6ner Ort mit vielen alten Monumenten, einer einzigartigen Landschaft und Kultur und einer erstaunlichen Vielfalt an Tierleben. Es gibt t\u00e4glich Flugverbindungen nach Kirkwall, Orkney von Edinburgh, Glasgow, Aberdeen, Inverness, London und Sumburgh auf den Shetlands aus.&nbsp; Sie [&hellip;]\" \/>\n<meta property=\"og:url\" content=\"https:\/\/www.urlaubcornwall.de\/blog\/urlaub-inseln-orkney-sehenswuerdigkeiten-geschichte-und-unterkunft\/\" \/>\n<meta property=\"og:site_name\" content=\"Urlaub &amp; Reisen\" \/>\n<meta property=\"article:modified_time\" content=\"2024-05-29T14:20:54+00:00\" \/>\n<meta property=\"og:image\" content=\"https:\/\/www.urlaubcornwall.de\/blog\/wp-content\/uploads\/2024\/03\/orkney.jpg\" \/>\n<meta name=\"twitter:card\" content=\"summary\" \/>\n<meta name=\"twitter:label1\" content=\"Est. reading time\" \/>\n\t<meta name=\"twitter:data1\" content=\"4 minutes\" \/>\n<script type=\"application\/ld+json\" class=\"yoast-schema-graph\">{\"@context\":\"https:\/\/schema.org\",\"@graph\":[{\"@type\":\"WebSite\",\"@id\":\"https:\/\/www.urlaubcornwall.de\/blog\/#website\",\"url\":\"https:\/\/www.urlaubcornwall.de\/blog\/\",\"name\":\"Urlaub &amp; Reisen\",\"description\":\"Urlaub, Reisen, Cornwall und S\u00fcdengland: eine perfekte Kombination\",\"potentialAction\":[{\"@type\":\"SearchAction\",\"target\":{\"@type\":\"EntryPoint\",\"urlTemplate\":\"https:\/\/www.urlaubcornwall.de\/blog\/?s={search_term_string}\"},\"query-input\":\"required name=search_term_string\"}],\"inLanguage\":\"en-US\"},{\"@type\":\"WebPage\",\"@id\":\"https:\/\/www.urlaubcornwall.de\/blog\/urlaub-inseln-orkney-sehenswuerdigkeiten-geschichte-und-unterkunft\/\",\"url\":\"https:\/\/www.urlaubcornwall.de\/blog\/urlaub-inseln-orkney-sehenswuerdigkeiten-geschichte-und-unterkunft\/\",\"name\":\"Urlaub Orkney Inseln: Sehensw\u00fcrdigkeiten, Geschichte und Unterkunft - Urlaub &amp; Reisen\",\"isPartOf\":{\"@id\":\"https:\/\/www.urlaubcornwall.de\/blog\/#website\"},\"datePublished\":\"2016-11-19T11:34:39+00:00\",\"dateModified\":\"2024-05-29T14:20:54+00:00\",\"breadcrumb\":{\"@id\":\"https:\/\/www.urlaubcornwall.de\/blog\/urlaub-inseln-orkney-sehenswuerdigkeiten-geschichte-und-unterkunft\/#breadcrumb\"},\"inLanguage\":\"en-US\",\"potentialAction\":[{\"@type\":\"ReadAction\",\"target\":[\"https:\/\/www.urlaubcornwall.de\/blog\/urlaub-inseln-orkney-sehenswuerdigkeiten-geschichte-und-unterkunft\/\"]}]},{\"@type\":\"BreadcrumbList\",\"@id\":\"https:\/\/www.urlaubcornwall.de\/blog\/urlaub-inseln-orkney-sehenswuerdigkeiten-geschichte-und-unterkunft\/#breadcrumb\",\"itemListElement\":[{\"@type\":\"ListItem\",\"position\":1,\"name\":\"Home\",\"item\":\"https:\/\/www.urlaubcornwall.de\/blog\/\"},{\"@type\":\"ListItem\",\"position\":2,\"name\":\"Urlaub Orkney Inseln: Sehensw\u00fcrdigkeiten, Geschichte und Unterkunft\"}]}]}<\/script>\n<!-- \/ Yoast SEO plugin. -->","yoast_head_json":{"title":"Urlaub Orkney Inseln: Sehensw\u00fcrdigkeiten, Geschichte und Unterkunft - Urlaub &amp; Reisen","robots":{"index":"index","follow":"follow","max-snippet":"max-snippet:-1","max-image-preview":"max-image-preview:large","max-video-preview":"max-video-preview:-1"},"canonical":"https:\/\/www.urlaubcornwall.de\/blog\/urlaub-inseln-orkney-sehenswuerdigkeiten-geschichte-und-unterkunft\/","og_locale":"en_US","og_type":"article","og_title":"Urlaub Orkney Inseln: Sehensw\u00fcrdigkeiten, Geschichte und Unterkunft - Urlaub &amp; Reisen","og_description":"Orkney befindet sich vor der Nordk\u00fcste Schottlands; es besteht aus 70, \u00fcberwiegend unbewohnten Inseln. Orkney ist ein atemberaubend sch\u00f6ner Ort mit vielen alten Monumenten, einer einzigartigen Landschaft und Kultur und einer erstaunlichen Vielfalt an Tierleben. Es gibt t\u00e4glich Flugverbindungen nach Kirkwall, Orkney von Edinburgh, Glasgow, Aberdeen, Inverness, London und Sumburgh auf den Shetlands aus.&nbsp; Sie [&hellip;]","og_url":"https:\/\/www.urlaubcornwall.de\/blog\/urlaub-inseln-orkney-sehenswuerdigkeiten-geschichte-und-unterkunft\/","og_site_name":"Urlaub &amp; Reisen","article_modified_time":"2024-05-29T14:20:54+00:00","og_image":[{"url":"https:\/\/www.urlaubcornwall.de\/blog\/wp-content\/uploads\/2024\/03\/orkney.jpg"}],"twitter_card":"summary","twitter_misc":{"Est. reading time":"4 minutes"},"schema":{"@context":"https:\/\/schema.org","@graph":[{"@type":"WebSite","@id":"https:\/\/www.urlaubcornwall.de\/blog\/#website","url":"https:\/\/www.urlaubcornwall.de\/blog\/","name":"Urlaub &amp; Reisen","description":"Urlaub, Reisen, Cornwall und S\u00fcdengland: eine perfekte Kombination","potentialAction":[{"@type":"SearchAction","target":{"@type":"EntryPoint","urlTemplate":"https:\/\/www.urlaubcornwall.de\/blog\/?s={search_term_string}"},"query-input":"required name=search_term_string"}],"inLanguage":"en-US"},{"@type":"WebPage","@id":"https:\/\/www.urlaubcornwall.de\/blog\/urlaub-inseln-orkney-sehenswuerdigkeiten-geschichte-und-unterkunft\/","url":"https:\/\/www.urlaubcornwall.de\/blog\/urlaub-inseln-orkney-sehenswuerdigkeiten-geschichte-und-unterkunft\/","name":"Urlaub Orkney Inseln: Sehensw\u00fcrdigkeiten, Geschichte und Unterkunft - Urlaub &amp; Reisen","isPartOf":{"@id":"https:\/\/www.urlaubcornwall.de\/blog\/#website"},"datePublished":"2016-11-19T11:34:39+00:00","dateModified":"2024-05-29T14:20:54+00:00","breadcrumb":{"@id":"https:\/\/www.urlaubcornwall.de\/blog\/urlaub-inseln-orkney-sehenswuerdigkeiten-geschichte-und-unterkunft\/#breadcrumb"},"inLanguage":"en-US","potentialAction":[{"@type":"ReadAction","target":["https:\/\/www.urlaubcornwall.de\/blog\/urlaub-inseln-orkney-sehenswuerdigkeiten-geschichte-und-unterkunft\/"]}]},{"@type":"BreadcrumbList","@id":"https:\/\/www.urlaubcornwall.de\/blog\/urlaub-inseln-orkney-sehenswuerdigkeiten-geschichte-und-unterkunft\/#breadcrumb","itemListElement":[{"@type":"ListItem","position":1,"name":"Home","item":"https:\/\/www.urlaubcornwall.de\/blog\/"},{"@type":"ListItem","position":2,"name":"Urlaub Orkney Inseln: Sehensw\u00fcrdigkeiten, Geschichte und Unterkunft"}]}]}},"_links":{"self":[{"href":"https:\/\/www.urlaubcornwall.de\/blog\/wp-json\/wp\/v2\/pages\/25430"}],"collection":[{"href":"https:\/\/www.urlaubcornwall.de\/blog\/wp-json\/wp\/v2\/pages"}],"about":[{"href":"https:\/\/www.urlaubcornwall.de\/blog\/wp-json\/wp\/v2\/types\/page"}],"author":[{"embeddable":true,"href":"https:\/\/www.urlaubcornwall.de\/blog\/wp-json\/wp\/v2\/users\/1"}],"replies":[{"embeddable":true,"href":"https:\/\/www.urlaubcornwall.de\/blog\/wp-json\/wp\/v2\/comments?post=25430"}],"version-history":[{"count":14,"href":"https:\/\/www.urlaubcornwall.de\/blog\/wp-json\/wp\/v2\/pages\/25430\/revisions"}],"predecessor-version":[{"id":50695,"href":"https:\/\/www.urlaubcornwall.de\/blog\/wp-json\/wp\/v2\/pages\/25430\/revisions\/50695"}],"wp:attachment":[{"href":"https:\/\/www.urlaubcornwall.de\/blog\/wp-json\/wp\/v2\/media?parent=25430"}],"curies":[{"name":"wp","href":"https:\/\/api.w.org\/{rel}","templated":true}]}}