{"id":25420,"date":"2016-11-19T10:31:15","date_gmt":"2016-11-19T10:31:15","guid":{"rendered":"https:\/\/www.urlaubcornwall.de\/blog\/?page_id=25420"},"modified":"2024-05-01T14:20:59","modified_gmt":"2024-05-01T14:20:59","slug":"urlaub-loch-lomond-und-der-trossachs-nationalpark-sehenswuerdigkeiten-und-unterkunft","status":"publish","type":"page","link":"https:\/\/www.urlaubcornwall.de\/blog\/urlaub-loch-lomond-und-der-trossachs-nationalpark-sehenswuerdigkeiten-und-unterkunft\/","title":{"rendered":"Urlaub Loch Lomond und der Trossachs Nationalpark: Sehensw\u00fcrdigkeiten und Unterkunft"},"content":{"rendered":"<p><img loading=\"lazy\" class=\"aligncenter size-full wp-image-48465\" src=\"https:\/\/www.urlaubcornwall.de\/blog\/wp-content\/uploads\/2024\/03\/loch-lomond.jpg\" alt=\"loch lomond\" width=\"750\" height=\"500\" srcset=\"https:\/\/www.urlaubcornwall.de\/blog\/wp-content\/uploads\/2024\/03\/loch-lomond.jpg 750w, https:\/\/www.urlaubcornwall.de\/blog\/wp-content\/uploads\/2024\/03\/loch-lomond-300x200.jpg 300w\" sizes=\"(max-width: 750px) 100vw, 750px\" \/><\/p>\n<p>Loch Lomond ist einer der wundersch\u00f6nsten und ikonischen <a href=\"https:\/\/www.urlaubcornwall.de\/reiseziel\/schottland.php\">Orte Schottlands<\/a>. Loch Lomond ist lediglich ungef\u00e4hr eine Autostunde von Glasgow und zwei Stunden von Edinburgh entfernt. Das Ufer von Loch Lomond ist 153km lang und mit 70 Quadratkilometern die gr\u00f6\u00dfte Wasserfl\u00e4che der britischen Inseln, und die Umgebung ist eine H\u00fcgellandschaft mit charmanten D\u00f6rfern, in denen es eine Menge zu sehen und zu tun gibt.<\/p>\n<p>Das <a href=\"https:\/\/www.urlaubcornwall.de\/ferienhaeuser-fewos\/sco\/suedschottland\/loch-lomond.html\">Loch Lomond Nationale Naturreservat<\/a> verl\u00e4uft teilweise das bewaldete Ufer des Sees entlang; das Reservat beherbergt eine Vielfalt an Tierleben, einschlie\u00dflich Fischadler und Wild. Sie k\u00f6nnen von Balmaha aus eine F\u00e4hre nehmen zur Insel Inchcailloch in der Mitte des Loch Lomond; die Insel ist \u00fcbers\u00e4t mit Wildblumen und beherberg Wild und zahlreiche V\u00f6gel.<\/p>\n<div class=\"snippet\"> <a class=\"featured-item\" href=\" https:\/\/www.urlaubcornwall.de\/blog\/rundreisen-schottland\/\"> <span class=\"image-holder\" style=\"background-image: url(' https:\/\/www.urlaubcornwall.de\/blog\/wp-content\/uploads\/2019\/01\/urlaub-schottland-highlands.jpg ');\"><\/span> <span class=\"featured-content\"> \n<h2 class=\"featured-title\">Rundreise durch Schottland: mit dem Auto bereisen <\/h2>\n<p class=\"featured-body\">Urlaub in Schottland haben etwas f\u00fcr jeden Geschmack zu bieten \u2013 herrliche Sonnenunterg\u00e4nge \u00fcber magischen Inseln, wundersch\u00f6ne und dramatische K\u00fcstenstriche, tiefe, verborgene T\u00e4ler und eine unglaubliche Landschaft&#8230;<\/p>\n<\/span> <span class=\"featured-link-holder\"> <span class=\"featured-extra-info\"> \n<p>Ready Made Touren<\/p>\n<\/span> \n<p class=\"featured-link\">DETAILS<\/p>\n<\/span> <\/a><\/div>\n<p>Auf dem Loch Lomond k\u00f6nnen Sie eine Schiffsfahrt machen, vorbei am Ben Lomond und den 30 Inseln des Sees. Wenn Sie an der Insel Inchconnachan vorbeikommen, halten Sie Ausschau nach der Kolonie von Wallabys, die hier seit den 1940ern leben. Sie k\u00f6nnen auch Kajaks, Jet-Skis und Windsurfausstattung mieten oder angeln gehen. Loch Lomond Shores ist ein wundersch\u00f6n gelegenes Einkaufsgebiet am S\u00fcdufer von Loch Lomond.<\/p>\n<p><script async src=\"https:\/\/pagead2.googlesyndication.com\/pagead\/js\/adsbygoogle.js?client=ca-pub-3901089389175725\"\n     crossorigin=\"anonymous\"><\/script><br \/>\n<!-- New UC --><br \/>\n<ins class=\"adsbygoogle\"\n     style=\"display:block\"\n     data-ad-client=\"ca-pub-3901089389175725\"\n     data-ad-slot=\"8080314818\"\n     data-ad-format=\"auto\"\n     data-full-width-responsive=\"true\"><\/ins><br \/>\n<script>\n     (adsbygoogle = window.adsbygoogle || []).push({});\n<\/script><\/p>\n<p><img loading=\"lazy\" class=\"aligncenter size-full wp-image-25422\" src=\"https:\/\/www.urlaubcornwall.de\/blog\/wp-content\/uploads\/2016\/11\/trossachs-urlaub-schottland.jpg\" alt=\"trossachs urlaub schottland\" height=\"379\" width=\"746\" srcset=\"https:\/\/www.urlaubcornwall.de\/blog\/wp-content\/uploads\/2016\/11\/trossachs-urlaub-schottland.jpg 746w, https:\/\/www.urlaubcornwall.de\/blog\/wp-content\/uploads\/2016\/11\/trossachs-urlaub-schottland-300x152.jpg 300w\" sizes=\"(max-width: 746px) 100vw, 746px\" \/><\/p>\n<p><strong>Die Trossachs:<\/strong> Mit den Trossachs ist h\u00e4ufig \u2018The Highlands in miniature\u2019 gemeint, und das Gebiet hat Sir Walter Scott dazu inspiriert, zwei seiner gro\u00dfartigsten Werke zu schreiben; \u201eRob Roy\u201c und \u201eThe Lady of the Lake\u201c. &nbsp;Viele andere Dichter und Schriftsteller wie Wordsworth und Coleridge wurden von der Landschaft der Seen und H\u00fcgel inspiriert.<\/p>\n<p>Aberfoyle ist ein charmantes und beliebtes Touristendorf an den Ufern des Flusses Forth im Queen Elizabeth Forest Park, welcher Teil des Loch Lomond und Trossachs Nationalparks ist. Aberfoyle ist eine ideale Ausgangsbasis, um die Gegend zu erkunden; Sie k\u00f6nnen die Geschichte der Gegend und Natursch\u00f6nheit im Trossachs Discovery Zentrum kennenlernen. Am Scottish Wool Zentrum erfahren Sie zu jedem Aspekt der Wolle etwas, vom Schafesch\u00e4ren und Weben bis hin zu Hands on- Demonstrationen des Spinnens und Arbeitens mit H\u00fctehunden.<\/p>\n<div class=\"snippet\"> <a class=\"featured-item\" href=\" https:\/\/www.urlaubcornwall.de\/ferienhaeuser\/schottland.php\"> <span class=\"image-holder\" style=\"background-image: url(' https:\/\/www.urlaubcornwall.de\/blog\/wp-content\/uploads\/2019\/01\/urlaub-schottland-highlands-1.jpg ');\"><\/span> <span class=\"featured-content\"> \n<h2 class=\"featured-title\">Bei uns finden Sie Ferienh\u00e4user in Schottland zum Verlieben!<\/h2>\n<p class=\"featured-body\">Untenstehend finden Sie eine Auswahl an Ferienh\u00e4usern in Schottland. Hier finden Sie pers\u00f6nlich inspizierte Cottages entlang der schottischen K\u00fcste, in den schottischen Highlands und auf den Inseln&#8230;..<\/p>\n<\/span> <span class=\"featured-link-holder\"> <span class=\"featured-extra-info\"> \n<p>F\u00fcr Paare, Familien &#038; Gruppen<\/p>\n<\/span> \n<p class=\"featured-link\">DETAILS<\/p>\n<\/span> <\/a><\/div>\n<p>Loch Katrine ist ein spektakul\u00e4rer, 13km langer S\u00fc\u00dfwassersee in den Trossachs und versorgt seit mehr als 150 Jahren <a href=\"https:\/\/www.urlaubcornwall.de\/blog\/urlaub-in-glasgow-sehenswuerdigkeiten-geschichte-und-unterkunft\/\">Glasgow<\/a> mit S\u00fc\u00dfwasser. Die Sch\u00f6nheit des Sees inspirierte Sir Walter Scott zum Gedicht \u201eThe Lady of the Lake\u201c, nachdem er die Gegend 1810 besucht hatte. Rob Roy MacGregor, der ber\u00fchmte Volksheld, wurde im Glengyle House am Nordufer des Loch Katrine geboren und ist bei Balquhidder bestattet. The Trossachs ist auch bekannt als Rob Roy Country, und das Touristeninformationszentrum in Callander hei\u00dft \u2018The Rob Roy and Trossachs Visitor Centre\u2019. Sie k\u00f6nnen R\u00e4der mieten und um den See herum fahren oder das historische Dampfschiff SS Sir Walter Scott nehmen f\u00fcr eine Schiffsfahrt den See hinauf und hinunter.<\/p>\n<p style=\"text-align: center;\">UrlaubCornwall.de hat seinen Firmensitz in Cornwall in S\u00fcdwestengland und bietet Kunden im Deutsch sprechenden Europa Hilfe im Erstellen der perfekten Urlaubserfahrung hier. Wir haben ein Team Deutsch sprechender Experten, so dass wir eine <a href=\"https:\/\/www.urlaubcornwall.de\/rundreisen\/grossbritannien.php\">individuelle Urlaub in Gro\u00dfbritannien<\/a>.<\/p>\n","protected":false},"excerpt":{"rendered":"<p>Loch Lomond ist einer der wundersch\u00f6nsten und ikonischen Orte Schottlands. Loch Lomond ist lediglich ungef\u00e4hr eine Autostunde von Glasgow und zwei Stunden von Edinburgh entfernt. Das Ufer von Loch Lomond ist 153km lang und mit 70 Quadratkilometern die gr\u00f6\u00dfte Wasserfl\u00e4che der britischen Inseln, und die Umgebung ist eine H\u00fcgellandschaft mit charmanten D\u00f6rfern, in denen es [&hellip;]<\/p>\n","protected":false},"author":1,"featured_media":0,"parent":0,"menu_order":0,"comment_status":"closed","ping_status":"closed","template":"single-four.php","meta":[],"acf":[],"yoast_head":"<!-- This site is optimized with the Yoast SEO plugin v19.4 - https:\/\/yoast.com\/wordpress\/plugins\/seo\/ -->\n<title>Urlaub Loch Lomond und der Trossachs Nationalpark: Sehensw\u00fcrdigkeiten und Unterkunft - Urlaub &amp; Reisen<\/title>\n<meta name=\"robots\" content=\"index, follow, max-snippet:-1, max-image-preview:large, max-video-preview:-1\" \/>\n<link rel=\"canonical\" href=\"https:\/\/www.urlaubcornwall.de\/blog\/urlaub-loch-lomond-und-der-trossachs-nationalpark-sehenswuerdigkeiten-und-unterkunft\/\" \/>\n<meta property=\"og:locale\" content=\"en_US\" \/>\n<meta property=\"og:type\" content=\"article\" \/>\n<meta property=\"og:title\" content=\"Urlaub Loch Lomond und der Trossachs Nationalpark: Sehensw\u00fcrdigkeiten und Unterkunft - Urlaub &amp; Reisen\" \/>\n<meta property=\"og:description\" content=\"Loch Lomond ist einer der wundersch\u00f6nsten und ikonischen Orte Schottlands. Loch Lomond ist lediglich ungef\u00e4hr eine Autostunde von Glasgow und zwei Stunden von Edinburgh entfernt. Das Ufer von Loch Lomond ist 153km lang und mit 70 Quadratkilometern die gr\u00f6\u00dfte Wasserfl\u00e4che der britischen Inseln, und die Umgebung ist eine H\u00fcgellandschaft mit charmanten D\u00f6rfern, in denen es [&hellip;]\" \/>\n<meta property=\"og:url\" content=\"https:\/\/www.urlaubcornwall.de\/blog\/urlaub-loch-lomond-und-der-trossachs-nationalpark-sehenswuerdigkeiten-und-unterkunft\/\" \/>\n<meta property=\"og:site_name\" content=\"Urlaub &amp; Reisen\" \/>\n<meta property=\"article:modified_time\" content=\"2024-05-01T14:20:59+00:00\" \/>\n<meta property=\"og:image\" content=\"https:\/\/www.urlaubcornwall.de\/blog\/wp-content\/uploads\/2024\/03\/loch-lomond.jpg\" \/>\n<meta name=\"twitter:card\" content=\"summary\" \/>\n<meta name=\"twitter:label1\" content=\"Est. reading time\" \/>\n\t<meta name=\"twitter:data1\" content=\"3 minutes\" \/>\n<script type=\"application\/ld+json\" class=\"yoast-schema-graph\">{\"@context\":\"https:\/\/schema.org\",\"@graph\":[{\"@type\":\"WebSite\",\"@id\":\"https:\/\/www.urlaubcornwall.de\/blog\/#website\",\"url\":\"https:\/\/www.urlaubcornwall.de\/blog\/\",\"name\":\"Urlaub &amp; Reisen\",\"description\":\"Urlaub, Reisen, Cornwall und S\u00fcdengland: eine perfekte Kombination\",\"potentialAction\":[{\"@type\":\"SearchAction\",\"target\":{\"@type\":\"EntryPoint\",\"urlTemplate\":\"https:\/\/www.urlaubcornwall.de\/blog\/?s={search_term_string}\"},\"query-input\":\"required name=search_term_string\"}],\"inLanguage\":\"en-US\"},{\"@type\":\"WebPage\",\"@id\":\"https:\/\/www.urlaubcornwall.de\/blog\/urlaub-loch-lomond-und-der-trossachs-nationalpark-sehenswuerdigkeiten-und-unterkunft\/\",\"url\":\"https:\/\/www.urlaubcornwall.de\/blog\/urlaub-loch-lomond-und-der-trossachs-nationalpark-sehenswuerdigkeiten-und-unterkunft\/\",\"name\":\"Urlaub Loch Lomond und der Trossachs Nationalpark: Sehensw\u00fcrdigkeiten und Unterkunft - Urlaub &amp; Reisen\",\"isPartOf\":{\"@id\":\"https:\/\/www.urlaubcornwall.de\/blog\/#website\"},\"datePublished\":\"2016-11-19T10:31:15+00:00\",\"dateModified\":\"2024-05-01T14:20:59+00:00\",\"breadcrumb\":{\"@id\":\"https:\/\/www.urlaubcornwall.de\/blog\/urlaub-loch-lomond-und-der-trossachs-nationalpark-sehenswuerdigkeiten-und-unterkunft\/#breadcrumb\"},\"inLanguage\":\"en-US\",\"potentialAction\":[{\"@type\":\"ReadAction\",\"target\":[\"https:\/\/www.urlaubcornwall.de\/blog\/urlaub-loch-lomond-und-der-trossachs-nationalpark-sehenswuerdigkeiten-und-unterkunft\/\"]}]},{\"@type\":\"BreadcrumbList\",\"@id\":\"https:\/\/www.urlaubcornwall.de\/blog\/urlaub-loch-lomond-und-der-trossachs-nationalpark-sehenswuerdigkeiten-und-unterkunft\/#breadcrumb\",\"itemListElement\":[{\"@type\":\"ListItem\",\"position\":1,\"name\":\"Home\",\"item\":\"https:\/\/www.urlaubcornwall.de\/blog\/\"},{\"@type\":\"ListItem\",\"position\":2,\"name\":\"Urlaub Loch Lomond und der Trossachs Nationalpark: Sehensw\u00fcrdigkeiten und Unterkunft\"}]}]}<\/script>\n<!-- \/ Yoast SEO plugin. -->","yoast_head_json":{"title":"Urlaub Loch Lomond und der Trossachs Nationalpark: Sehensw\u00fcrdigkeiten und Unterkunft - Urlaub &amp; Reisen","robots":{"index":"index","follow":"follow","max-snippet":"max-snippet:-1","max-image-preview":"max-image-preview:large","max-video-preview":"max-video-preview:-1"},"canonical":"https:\/\/www.urlaubcornwall.de\/blog\/urlaub-loch-lomond-und-der-trossachs-nationalpark-sehenswuerdigkeiten-und-unterkunft\/","og_locale":"en_US","og_type":"article","og_title":"Urlaub Loch Lomond und der Trossachs Nationalpark: Sehensw\u00fcrdigkeiten und Unterkunft - Urlaub &amp; Reisen","og_description":"Loch Lomond ist einer der wundersch\u00f6nsten und ikonischen Orte Schottlands. Loch Lomond ist lediglich ungef\u00e4hr eine Autostunde von Glasgow und zwei Stunden von Edinburgh entfernt. Das Ufer von Loch Lomond ist 153km lang und mit 70 Quadratkilometern die gr\u00f6\u00dfte Wasserfl\u00e4che der britischen Inseln, und die Umgebung ist eine H\u00fcgellandschaft mit charmanten D\u00f6rfern, in denen es [&hellip;]","og_url":"https:\/\/www.urlaubcornwall.de\/blog\/urlaub-loch-lomond-und-der-trossachs-nationalpark-sehenswuerdigkeiten-und-unterkunft\/","og_site_name":"Urlaub &amp; Reisen","article_modified_time":"2024-05-01T14:20:59+00:00","og_image":[{"url":"https:\/\/www.urlaubcornwall.de\/blog\/wp-content\/uploads\/2024\/03\/loch-lomond.jpg"}],"twitter_card":"summary","twitter_misc":{"Est. reading time":"3 minutes"},"schema":{"@context":"https:\/\/schema.org","@graph":[{"@type":"WebSite","@id":"https:\/\/www.urlaubcornwall.de\/blog\/#website","url":"https:\/\/www.urlaubcornwall.de\/blog\/","name":"Urlaub &amp; Reisen","description":"Urlaub, Reisen, Cornwall und S\u00fcdengland: eine perfekte Kombination","potentialAction":[{"@type":"SearchAction","target":{"@type":"EntryPoint","urlTemplate":"https:\/\/www.urlaubcornwall.de\/blog\/?s={search_term_string}"},"query-input":"required name=search_term_string"}],"inLanguage":"en-US"},{"@type":"WebPage","@id":"https:\/\/www.urlaubcornwall.de\/blog\/urlaub-loch-lomond-und-der-trossachs-nationalpark-sehenswuerdigkeiten-und-unterkunft\/","url":"https:\/\/www.urlaubcornwall.de\/blog\/urlaub-loch-lomond-und-der-trossachs-nationalpark-sehenswuerdigkeiten-und-unterkunft\/","name":"Urlaub Loch Lomond und der Trossachs Nationalpark: Sehensw\u00fcrdigkeiten und Unterkunft - Urlaub &amp; Reisen","isPartOf":{"@id":"https:\/\/www.urlaubcornwall.de\/blog\/#website"},"datePublished":"2016-11-19T10:31:15+00:00","dateModified":"2024-05-01T14:20:59+00:00","breadcrumb":{"@id":"https:\/\/www.urlaubcornwall.de\/blog\/urlaub-loch-lomond-und-der-trossachs-nationalpark-sehenswuerdigkeiten-und-unterkunft\/#breadcrumb"},"inLanguage":"en-US","potentialAction":[{"@type":"ReadAction","target":["https:\/\/www.urlaubcornwall.de\/blog\/urlaub-loch-lomond-und-der-trossachs-nationalpark-sehenswuerdigkeiten-und-unterkunft\/"]}]},{"@type":"BreadcrumbList","@id":"https:\/\/www.urlaubcornwall.de\/blog\/urlaub-loch-lomond-und-der-trossachs-nationalpark-sehenswuerdigkeiten-und-unterkunft\/#breadcrumb","itemListElement":[{"@type":"ListItem","position":1,"name":"Home","item":"https:\/\/www.urlaubcornwall.de\/blog\/"},{"@type":"ListItem","position":2,"name":"Urlaub Loch Lomond und der Trossachs Nationalpark: Sehensw\u00fcrdigkeiten und Unterkunft"}]}]}},"_links":{"self":[{"href":"https:\/\/www.urlaubcornwall.de\/blog\/wp-json\/wp\/v2\/pages\/25420"}],"collection":[{"href":"https:\/\/www.urlaubcornwall.de\/blog\/wp-json\/wp\/v2\/pages"}],"about":[{"href":"https:\/\/www.urlaubcornwall.de\/blog\/wp-json\/wp\/v2\/types\/page"}],"author":[{"embeddable":true,"href":"https:\/\/www.urlaubcornwall.de\/blog\/wp-json\/wp\/v2\/users\/1"}],"replies":[{"embeddable":true,"href":"https:\/\/www.urlaubcornwall.de\/blog\/wp-json\/wp\/v2\/comments?post=25420"}],"version-history":[{"count":16,"href":"https:\/\/www.urlaubcornwall.de\/blog\/wp-json\/wp\/v2\/pages\/25420\/revisions"}],"predecessor-version":[{"id":50037,"href":"https:\/\/www.urlaubcornwall.de\/blog\/wp-json\/wp\/v2\/pages\/25420\/revisions\/50037"}],"wp:attachment":[{"href":"https:\/\/www.urlaubcornwall.de\/blog\/wp-json\/wp\/v2\/media?parent=25420"}],"curies":[{"name":"wp","href":"https:\/\/api.w.org\/{rel}","templated":true}]}}