{"id":25398,"date":"2016-11-18T15:12:55","date_gmt":"2016-11-18T15:12:55","guid":{"rendered":"https:\/\/www.urlaubcornwall.de\/blog\/?page_id=25398"},"modified":"2024-05-29T14:24:11","modified_gmt":"2024-05-29T14:24:11","slug":"urlaub-in-stirling-sehenswuerdigkeiten-geschichte-und-unterkunft","status":"publish","type":"page","link":"https:\/\/www.urlaubcornwall.de\/blog\/urlaub-in-stirling-sehenswuerdigkeiten-geschichte-und-unterkunft\/","title":{"rendered":"Urlaub in Stirling: Sehensw\u00fcrdigkeiten, Geschichte und Unterkunft"},"content":{"rendered":"<p>Jahrhundertelang war Stirling die Hauptstadt <a href=\"https:\/\/www.urlaubcornwall.de\/blog\/entdecken-sie-schottland-britanniens-spektakulaerster-landschaft\/\">Schottlands<\/a>, das strategische Tor der Highlands. Heute beherbergt Stirling eine Menge der Top-Touristenattraktionen Schottlands, und mit lediglich 97km Entfernung von den Flugh\u00e4fen <a href=\"https:\/\/www.urlaubcornwall.de\/blog\/urlaub-in-glasgow-sehenswuerdigkeiten-geschichte-und-unterkunft\/\">Glasgow<\/a> und <a href=\"https:\/\/www.urlaubcornwall.de\/blog\/reisetipps-fuer-edinburgh-unsere-top-10-sie-sie-sehen-und-erleben-sollten\/\">Edinburgh<\/a> ist es das Tor zu den Trossachs.<\/p>\n<p>Stirling Castle ist eine von Schottlands wichtigsten historischen St\u00e4tten; die Burg war bevorzugte Residenz der Stuart Monarchen, und hier wurde 1543 Mary, die K\u00f6nigin der Schotten, gekr\u00f6nt. Die Burg eignet sich fantastisch f\u00fcr einen Familienausflug. Sie treffen auf kost\u00fcmierte Charaktere in den Rollen von Leibw\u00e4chtern, Bediensteten und H\u00f6flingen. Eine gef\u00fchrte Tour mit kundigen Angestellten erweckt die ber\u00fcchtigten Charaktere und Geschichte der Burg zum Leben. Stirling Castle ist das ganze Jahr \u00fcber ge\u00f6ffnet.<\/p>\n<p><strong>Doune Castle:<\/strong> N\u00f6rdlich von Stirling, strategisch zwischen den Fl\u00fcssen Teith und Ardoch gelegen, ist Doune Castle; Diese Burg des 14. Jahrhunderts wurde als das Zuhause des Regenten Albany \u2018dem ungekr\u00f6nten K\u00f6nig Schottlands\u2019 erbaut. Die Ehrfurcht einfl\u00f6\u00dfende Burg mit ihrem 30m hohen Torhaus wurde in zahlreichen Filmen und Fernsehserien benutzt, einschlie\u00dflich in Outlander und Game of Thrones. Doune Castle ist das ganze Jahr \u00fcber ge\u00f6ffnet.<\/p>\n<div class=\"snippet\"> <a class=\"featured-item\" href=\" https:\/\/www.urlaubcornwall.de\/blog\/rundreisen-schottland\/\"> <span class=\"image-holder\" style=\"background-image: url(' https:\/\/www.urlaubcornwall.de\/blog\/wp-content\/uploads\/2019\/01\/urlaub-schottland-highlands.jpg ');\"><\/span> <span class=\"featured-content\"> \n<h2 class=\"featured-title\">Rundreise durch Schottland: mit dem Auto bereisen <\/h2>\n<p class=\"featured-body\">Urlaub in Schottland haben etwas f\u00fcr jeden Geschmack zu bieten \u2013 herrliche Sonnenunterg\u00e4nge \u00fcber magischen Inseln, wundersch\u00f6ne und dramatische K\u00fcstenstriche, tiefe, verborgene T\u00e4ler und eine unglaubliche Landschaft&#8230;<\/p>\n<\/span> <span class=\"featured-link-holder\"> <span class=\"featured-extra-info\"> \n<p>Ready Made Touren<\/p>\n<\/span> \n<p class=\"featured-link\">DETAILS<\/p>\n<\/span> <\/a><\/div>\n<p><strong>National Wallace Monument:<\/strong> Eines der charakteristischsten Wahrzeichen der Stirling Skyline ist das National Wallace Monument. Hier k\u00f6nnen Sie das Leben und Verm\u00e4chtnis von Sir William Wallace entdecken, Schottlands Nationalhelden, der \u00fcber K\u00f6nig Edward I bei der Schlacht an der Stirling Bridge 1297 triumphierte. &nbsp;Von der Spitze des Monuments haben Sie einen Panoramablick Richtung Loch Lomond, die Pentland Hills, den Firth of Forth and Fife. Das Monument ist von M\u00e4rz bis Ende Oktober ge\u00f6ffnet.<\/p>\n<p><script async src=\"https:\/\/pagead2.googlesyndication.com\/pagead\/js\/adsbygoogle.js?client=ca-pub-3901089389175725\"\n     crossorigin=\"anonymous\"><\/script><br \/>\n<!-- New UC --><br \/>\n<ins class=\"adsbygoogle\"\n     style=\"display:block\"\n     data-ad-client=\"ca-pub-3901089389175725\"\n     data-ad-slot=\"8080314818\"\n     data-ad-format=\"auto\"\n     data-full-width-responsive=\"true\"><\/ins><br \/>\n<script>\n     (adsbygoogle = window.adsbygoogle || []).push({});\n<\/script><\/p>\n<p><strong>Battle of Bannockburn:<\/strong> In der Schlacht von Bannockburn 1314 hat Robert, der Preu\u00dfe, Schottlands gro\u00dfartiger Kriegsk\u00f6nig, die englische Armee und K\u00f6nig Edward II besiegt.&nbsp; Im \u201eZentrum der Battle of Bannockburn\u201c k\u00f6nnen Sie dieses einschneidende Ereignis in der schottischen Geschichte mittels 3D Technik neu erleben. Besucher k\u00f6nnen mittelalterliche K\u00e4mpfe erforschen, das Kommando der Ritter und Soldaten in dieser ber\u00fchmten Schlacht auf einem virtuellen Schlachtfeld \u00fcbernehmen. Die Erfahrung ist authentisch wie auch atemberaubend. Das ganze Jahr \u00fcber haben Sie mit vorgebuchten Zeitfenstern Zugang.&nbsp;&nbsp;&nbsp;<\/p>\n<p><strong>Blair Drummond Safari- und Abenteuerpark:<\/strong> Innerhalb von 48ha wundersch\u00f6nen Waldlandes gelegen, bietet sich der Blair Drummond Safari- und Abenteuerpark f\u00fcr einen gro\u00dfartigen Familienausflug an.&nbsp; Es gibt eine Fahrt durch den Safaripark mit L\u00f6wen und Zebras; au\u00dferdem gibt es Giraffen und Elefanten. Machen Sie eine Bootsfahrt auf dem See, um Schimpansen zu sehen, begegnen Sie den Tieren der Pets Farm; Kinder werden auch den Abenteuerpark lieben mit seinem Piratenschiff und Zip Wire. Ge\u00f6ffnet von M\u00e4rz bis November, Hunde sind im Park nicht gestattet, doch sind Zwinger vorhanden.<\/p>\n<div class=\"snippet\"> <a class=\"featured-item\" href=\" https:\/\/www.urlaubcornwall.de\/ferienhaeuser\/schottland.php\"> <span class=\"image-holder\" style=\"background-image: url(' https:\/\/www.urlaubcornwall.de\/blog\/wp-content\/uploads\/2019\/01\/urlaub-schottland-highlands-1.jpg ');\"><\/span> <span class=\"featured-content\"> \n<h2 class=\"featured-title\">Bei uns finden Sie Ferienh\u00e4user in Schottland zum Verlieben!<\/h2>\n<p class=\"featured-body\">Untenstehend finden Sie eine Auswahl an Ferienh\u00e4usern in Schottland. Hier finden Sie pers\u00f6nlich inspizierte Cottages entlang der schottischen K\u00fcste, in den schottischen Highlands und auf den Inseln&#8230;..<\/p>\n<\/span> <span class=\"featured-link-holder\"> <span class=\"featured-extra-info\"> \n<p>F\u00fcr Paare, Familien &#038; Gruppen<\/p>\n<\/span> \n<p class=\"featured-link\">DETAILS<\/p>\n<\/span> <\/a><\/div>\n<p style=\"text-align: center;\">UrlaubCornwall.de hat seinen Firmensitz in Cornwall in S\u00fcdwestengland und bietet Kunden im Deutsch sprechenden Europa Hilfe im Erstellen der perfekten Urlaubserfahrung hier. Wir haben ein Team Deutsch sprechender Experten, so dass wir eine <a href=\"https:\/\/www.urlaubcornwall.de\/rundreisen\/grossbritannien.php\">individuelle Urlaub in Gro\u00dfbritannien<\/a>.<\/p>\n","protected":false},"excerpt":{"rendered":"<p>Jahrhundertelang war Stirling die Hauptstadt Schottlands, das strategische Tor der Highlands. Heute beherbergt Stirling eine Menge der Top-Touristenattraktionen Schottlands, und mit lediglich 97km Entfernung von den Flugh\u00e4fen Glasgow und Edinburgh ist es das Tor zu den Trossachs. Stirling Castle ist eine von Schottlands wichtigsten historischen St\u00e4tten; die Burg war bevorzugte Residenz der Stuart Monarchen, und [&hellip;]<\/p>\n","protected":false},"author":1,"featured_media":0,"parent":0,"menu_order":0,"comment_status":"closed","ping_status":"closed","template":"single-four.php","meta":[],"acf":[],"yoast_head":"<!-- This site is optimized with the Yoast SEO plugin v19.4 - https:\/\/yoast.com\/wordpress\/plugins\/seo\/ -->\n<title>Urlaub in Stirling: Sehensw\u00fcrdigkeiten, Geschichte und Unterkunft - Urlaub &amp; Reisen<\/title>\n<meta name=\"robots\" content=\"index, follow, max-snippet:-1, max-image-preview:large, max-video-preview:-1\" \/>\n<link rel=\"canonical\" href=\"https:\/\/www.urlaubcornwall.de\/blog\/urlaub-in-stirling-sehenswuerdigkeiten-geschichte-und-unterkunft\/\" \/>\n<meta property=\"og:locale\" content=\"en_US\" \/>\n<meta property=\"og:type\" content=\"article\" \/>\n<meta property=\"og:title\" content=\"Urlaub in Stirling: Sehensw\u00fcrdigkeiten, Geschichte und Unterkunft - Urlaub &amp; Reisen\" \/>\n<meta property=\"og:description\" content=\"Jahrhundertelang war Stirling die Hauptstadt Schottlands, das strategische Tor der Highlands. Heute beherbergt Stirling eine Menge der Top-Touristenattraktionen Schottlands, und mit lediglich 97km Entfernung von den Flugh\u00e4fen Glasgow und Edinburgh ist es das Tor zu den Trossachs. Stirling Castle ist eine von Schottlands wichtigsten historischen St\u00e4tten; die Burg war bevorzugte Residenz der Stuart Monarchen, und [&hellip;]\" \/>\n<meta property=\"og:url\" content=\"https:\/\/www.urlaubcornwall.de\/blog\/urlaub-in-stirling-sehenswuerdigkeiten-geschichte-und-unterkunft\/\" \/>\n<meta property=\"og:site_name\" content=\"Urlaub &amp; Reisen\" \/>\n<meta property=\"article:modified_time\" content=\"2024-05-29T14:24:11+00:00\" \/>\n<meta name=\"twitter:card\" content=\"summary\" \/>\n<meta name=\"twitter:label1\" content=\"Est. reading time\" \/>\n\t<meta name=\"twitter:data1\" content=\"3 minutes\" \/>\n<script type=\"application\/ld+json\" class=\"yoast-schema-graph\">{\"@context\":\"https:\/\/schema.org\",\"@graph\":[{\"@type\":\"WebSite\",\"@id\":\"https:\/\/www.urlaubcornwall.de\/blog\/#website\",\"url\":\"https:\/\/www.urlaubcornwall.de\/blog\/\",\"name\":\"Urlaub &amp; Reisen\",\"description\":\"Urlaub, Reisen, Cornwall und S\u00fcdengland: eine perfekte Kombination\",\"potentialAction\":[{\"@type\":\"SearchAction\",\"target\":{\"@type\":\"EntryPoint\",\"urlTemplate\":\"https:\/\/www.urlaubcornwall.de\/blog\/?s={search_term_string}\"},\"query-input\":\"required name=search_term_string\"}],\"inLanguage\":\"en-US\"},{\"@type\":\"WebPage\",\"@id\":\"https:\/\/www.urlaubcornwall.de\/blog\/urlaub-in-stirling-sehenswuerdigkeiten-geschichte-und-unterkunft\/\",\"url\":\"https:\/\/www.urlaubcornwall.de\/blog\/urlaub-in-stirling-sehenswuerdigkeiten-geschichte-und-unterkunft\/\",\"name\":\"Urlaub in Stirling: Sehensw\u00fcrdigkeiten, Geschichte und Unterkunft - Urlaub &amp; Reisen\",\"isPartOf\":{\"@id\":\"https:\/\/www.urlaubcornwall.de\/blog\/#website\"},\"datePublished\":\"2016-11-18T15:12:55+00:00\",\"dateModified\":\"2024-05-29T14:24:11+00:00\",\"breadcrumb\":{\"@id\":\"https:\/\/www.urlaubcornwall.de\/blog\/urlaub-in-stirling-sehenswuerdigkeiten-geschichte-und-unterkunft\/#breadcrumb\"},\"inLanguage\":\"en-US\",\"potentialAction\":[{\"@type\":\"ReadAction\",\"target\":[\"https:\/\/www.urlaubcornwall.de\/blog\/urlaub-in-stirling-sehenswuerdigkeiten-geschichte-und-unterkunft\/\"]}]},{\"@type\":\"BreadcrumbList\",\"@id\":\"https:\/\/www.urlaubcornwall.de\/blog\/urlaub-in-stirling-sehenswuerdigkeiten-geschichte-und-unterkunft\/#breadcrumb\",\"itemListElement\":[{\"@type\":\"ListItem\",\"position\":1,\"name\":\"Home\",\"item\":\"https:\/\/www.urlaubcornwall.de\/blog\/\"},{\"@type\":\"ListItem\",\"position\":2,\"name\":\"Urlaub in Stirling: Sehensw\u00fcrdigkeiten, Geschichte und Unterkunft\"}]}]}<\/script>\n<!-- \/ Yoast SEO plugin. -->","yoast_head_json":{"title":"Urlaub in Stirling: Sehensw\u00fcrdigkeiten, Geschichte und Unterkunft - Urlaub &amp; Reisen","robots":{"index":"index","follow":"follow","max-snippet":"max-snippet:-1","max-image-preview":"max-image-preview:large","max-video-preview":"max-video-preview:-1"},"canonical":"https:\/\/www.urlaubcornwall.de\/blog\/urlaub-in-stirling-sehenswuerdigkeiten-geschichte-und-unterkunft\/","og_locale":"en_US","og_type":"article","og_title":"Urlaub in Stirling: Sehensw\u00fcrdigkeiten, Geschichte und Unterkunft - Urlaub &amp; Reisen","og_description":"Jahrhundertelang war Stirling die Hauptstadt Schottlands, das strategische Tor der Highlands. Heute beherbergt Stirling eine Menge der Top-Touristenattraktionen Schottlands, und mit lediglich 97km Entfernung von den Flugh\u00e4fen Glasgow und Edinburgh ist es das Tor zu den Trossachs. Stirling Castle ist eine von Schottlands wichtigsten historischen St\u00e4tten; die Burg war bevorzugte Residenz der Stuart Monarchen, und [&hellip;]","og_url":"https:\/\/www.urlaubcornwall.de\/blog\/urlaub-in-stirling-sehenswuerdigkeiten-geschichte-und-unterkunft\/","og_site_name":"Urlaub &amp; Reisen","article_modified_time":"2024-05-29T14:24:11+00:00","twitter_card":"summary","twitter_misc":{"Est. reading time":"3 minutes"},"schema":{"@context":"https:\/\/schema.org","@graph":[{"@type":"WebSite","@id":"https:\/\/www.urlaubcornwall.de\/blog\/#website","url":"https:\/\/www.urlaubcornwall.de\/blog\/","name":"Urlaub &amp; Reisen","description":"Urlaub, Reisen, Cornwall und S\u00fcdengland: eine perfekte Kombination","potentialAction":[{"@type":"SearchAction","target":{"@type":"EntryPoint","urlTemplate":"https:\/\/www.urlaubcornwall.de\/blog\/?s={search_term_string}"},"query-input":"required name=search_term_string"}],"inLanguage":"en-US"},{"@type":"WebPage","@id":"https:\/\/www.urlaubcornwall.de\/blog\/urlaub-in-stirling-sehenswuerdigkeiten-geschichte-und-unterkunft\/","url":"https:\/\/www.urlaubcornwall.de\/blog\/urlaub-in-stirling-sehenswuerdigkeiten-geschichte-und-unterkunft\/","name":"Urlaub in Stirling: Sehensw\u00fcrdigkeiten, Geschichte und Unterkunft - Urlaub &amp; Reisen","isPartOf":{"@id":"https:\/\/www.urlaubcornwall.de\/blog\/#website"},"datePublished":"2016-11-18T15:12:55+00:00","dateModified":"2024-05-29T14:24:11+00:00","breadcrumb":{"@id":"https:\/\/www.urlaubcornwall.de\/blog\/urlaub-in-stirling-sehenswuerdigkeiten-geschichte-und-unterkunft\/#breadcrumb"},"inLanguage":"en-US","potentialAction":[{"@type":"ReadAction","target":["https:\/\/www.urlaubcornwall.de\/blog\/urlaub-in-stirling-sehenswuerdigkeiten-geschichte-und-unterkunft\/"]}]},{"@type":"BreadcrumbList","@id":"https:\/\/www.urlaubcornwall.de\/blog\/urlaub-in-stirling-sehenswuerdigkeiten-geschichte-und-unterkunft\/#breadcrumb","itemListElement":[{"@type":"ListItem","position":1,"name":"Home","item":"https:\/\/www.urlaubcornwall.de\/blog\/"},{"@type":"ListItem","position":2,"name":"Urlaub in Stirling: Sehensw\u00fcrdigkeiten, Geschichte und Unterkunft"}]}]}},"_links":{"self":[{"href":"https:\/\/www.urlaubcornwall.de\/blog\/wp-json\/wp\/v2\/pages\/25398"}],"collection":[{"href":"https:\/\/www.urlaubcornwall.de\/blog\/wp-json\/wp\/v2\/pages"}],"about":[{"href":"https:\/\/www.urlaubcornwall.de\/blog\/wp-json\/wp\/v2\/types\/page"}],"author":[{"embeddable":true,"href":"https:\/\/www.urlaubcornwall.de\/blog\/wp-json\/wp\/v2\/users\/1"}],"replies":[{"embeddable":true,"href":"https:\/\/www.urlaubcornwall.de\/blog\/wp-json\/wp\/v2\/comments?post=25398"}],"version-history":[{"count":11,"href":"https:\/\/www.urlaubcornwall.de\/blog\/wp-json\/wp\/v2\/pages\/25398\/revisions"}],"predecessor-version":[{"id":50697,"href":"https:\/\/www.urlaubcornwall.de\/blog\/wp-json\/wp\/v2\/pages\/25398\/revisions\/50697"}],"wp:attachment":[{"href":"https:\/\/www.urlaubcornwall.de\/blog\/wp-json\/wp\/v2\/media?parent=25398"}],"curies":[{"name":"wp","href":"https:\/\/api.w.org\/{rel}","templated":true}]}}