{"id":25363,"date":"2016-11-17T14:28:55","date_gmt":"2016-11-17T14:28:55","guid":{"rendered":"https:\/\/www.urlaubcornwall.de\/blog\/?page_id=25363"},"modified":"2021-08-09T08:04:54","modified_gmt":"2021-08-09T08:04:54","slug":"the-atlantic-hotel-auf-st-marys-scilly-inseln","status":"publish","type":"page","link":"https:\/\/www.urlaubcornwall.de\/blog\/the-atlantic-hotel-auf-st-marys-scilly-inseln\/","title":{"rendered":"The Atlantic Hotel auf St Mary`s, Scilly Inseln."},"content":{"rendered":"<p><img loading=\"lazy\" class=\"aligncenter size-full wp-image-25367\" src=\"https:\/\/www.urlaubcornwall.de\/blog\/wp-content\/uploads\/2016\/11\/atlantic-hotel-scilly-inseln-urlaub.jpg\" alt=\"atlantic-hotel-scilly-inseln-urlaub\" width=\"745\" height=\"420\" srcset=\"https:\/\/www.urlaubcornwall.de\/blog\/wp-content\/uploads\/2016\/11\/atlantic-hotel-scilly-inseln-urlaub.jpg 745w, https:\/\/www.urlaubcornwall.de\/blog\/wp-content\/uploads\/2016\/11\/atlantic-hotel-scilly-inseln-urlaub-300x169.jpg 300w\" sizes=\"(max-width: 745px) 100vw, 745px\" \/><\/p>\n<p><strong>Hotel am Meer Isles of Scilly<\/strong> &#8211; Das Tides Reach Restaurant mit seiner atemberaubenden Aussicht ist der perfekte Ort, um von der st\u00e4ndig wechselnden Speisekarte zu probieren. Die K\u00f6che nutzen Zutaten aus der Gegend, um Ihnen lokale und frisch zubereitete Gerichte anbieten zu k\u00f6nnen. Durch die g\u00fcnstige Lage d\u00fcrfen Sie sich auch auf leckere Fischspezialit\u00e4ten freuen. Auf der sonnigen Terrasse k\u00f6nnen Sie den besonderen Ausblick genie\u00dfen.<\/p>\n<p>Das <strong><a title=\"Atlantic Hotel\" href=\"https:\/\/www.booking.com\/hotel\/gb\/atlantic-st-marys.html?aid=1320750&#038;no_rooms=1&#038;group_adults=2&#038;room1=A%2CA\" rel=\"nofollow\">Atlantic Hotel<\/a> <\/strong>hat insgesamt 20 Zweibettzimmer mit Bad, von denen auch viele eine freie Sicht auf den Hafen und die K\u00fcste bieten. Es werden drei Zimmerkategorien (Standard, Sea View, Superior) angeboten, welche mit viel Liebe zum Detail m\u00f6bliert wurden. Jeder dieser R\u00e4ume ist mit Telefon, Radio, TV, Haartrockner und einer Tee-&amp; Kaffee-Station ausgestattet. Rauchen ist auf den Zimmern nicht erlaubt, kleine und gut erzogene Hunde sind jedoch gestattet. Au\u00dferdem gibt es kostenfreies WLAN im Erdgeschoss. Da man keine Autos mit auf die Insel nehmen darf, empfiehlt es sich zu Fu\u00df oder mit dem Fahrrad die Umgebung zu erkunden. Die Mitarbeiter des Hotels k\u00f6nnen Ihnen die besten Routen empfehlen, um die historisch wertvollen Orte, wie zum Beispiel den Harry\u2019s Wall zu entdecken.<\/p>\n<p style=\"text-align: center;\"><a class=\"tidycta\" href=\"https:\/\/www.booking.com\/hotel\/gb\/atlantic-st-marys.html?aid=1320750&#038;no_rooms=1&#038;group_adults=2&#038;room1=A%2CA\"rel=\"nofollow\">Verf\u00fcgbarkeit pr\u00fcfen Atlantic Hotel<\/a><\/p>\n<p><ins class=\"bookingaff\" data-aid=\"1713971\" data-target_aid=\"1713971\" data-prod=\"nsb\" data-width=\"100%\" data-height=\"auto\" data-dest_id=\"2738\" data-dest_type=\"region\"><br \/>\n    <!-- Anything inside will go away once widget is loaded. --><br \/>\n        <a href=\"\/\/www.booking.com?aid=1713971\"rel=\"nofollow\">Booking.com<\/a><br \/>\n<\/ins><br \/>\n<script type=\"text\/javascript\">\n    (function(d, sc, u) {\n      var s = d.createElement(sc), p = d.getElementsByTagName(sc)[0];\n      s.type = 'text\/javascript';\n      s.async = true;\n      s.src = u + '?v=' + (+new Date());\n      p.parentNode.insertBefore(s,p);\n      })(document, 'script', '\/\/aff.bstatic.com\/static\/affiliate_base\/js\/flexiproduct.js');\n<\/script><\/p>\n","protected":false},"excerpt":{"rendered":"<p>Hotel am Meer Isles of Scilly &#8211; Das Tides Reach Restaurant mit seiner atemberaubenden Aussicht ist der perfekte Ort, um von der st\u00e4ndig wechselnden Speisekarte zu probieren. Die K\u00f6che nutzen Zutaten aus der Gegend, um Ihnen lokale und frisch zubereitete Gerichte anbieten zu k\u00f6nnen. Durch die g\u00fcnstige Lage d\u00fcrfen Sie sich auch auf leckere Fischspezialit\u00e4ten [&hellip;]<\/p>\n","protected":false},"author":1,"featured_media":0,"parent":0,"menu_order":0,"comment_status":"closed","ping_status":"closed","template":"single-four.php","meta":[],"acf":[],"yoast_head":"<!-- This site is optimized with the Yoast SEO plugin v19.4 - https:\/\/yoast.com\/wordpress\/plugins\/seo\/ -->\n<title>The Atlantic Hotel auf St Mary`s, Scilly Inseln. - Urlaub &amp; Reisen<\/title>\n<meta name=\"robots\" content=\"index, follow, max-snippet:-1, max-image-preview:large, max-video-preview:-1\" \/>\n<link rel=\"canonical\" href=\"https:\/\/www.urlaubcornwall.de\/blog\/the-atlantic-hotel-auf-st-marys-scilly-inseln\/\" \/>\n<meta property=\"og:locale\" content=\"en_US\" \/>\n<meta property=\"og:type\" content=\"article\" \/>\n<meta property=\"og:title\" content=\"The Atlantic Hotel auf St Mary`s, Scilly Inseln. - Urlaub &amp; Reisen\" \/>\n<meta property=\"og:description\" content=\"Hotel am Meer Isles of Scilly &#8211; Das Tides Reach Restaurant mit seiner atemberaubenden Aussicht ist der perfekte Ort, um von der st\u00e4ndig wechselnden Speisekarte zu probieren. Die K\u00f6che nutzen Zutaten aus der Gegend, um Ihnen lokale und frisch zubereitete Gerichte anbieten zu k\u00f6nnen. Durch die g\u00fcnstige Lage d\u00fcrfen Sie sich auch auf leckere Fischspezialit\u00e4ten [&hellip;]\" \/>\n<meta property=\"og:url\" content=\"https:\/\/www.urlaubcornwall.de\/blog\/the-atlantic-hotel-auf-st-marys-scilly-inseln\/\" \/>\n<meta property=\"og:site_name\" content=\"Urlaub &amp; Reisen\" \/>\n<meta property=\"article:modified_time\" content=\"2021-08-09T08:04:54+00:00\" \/>\n<meta property=\"og:image\" content=\"https:\/\/www.urlaubcornwall.de\/blog\/wp-content\/uploads\/2016\/11\/atlantic-hotel-scilly-inseln-urlaub.jpg\" \/>\n<meta name=\"twitter:card\" content=\"summary\" \/>\n<meta name=\"twitter:label1\" content=\"Est. reading time\" \/>\n\t<meta name=\"twitter:data1\" content=\"1 minute\" \/>\n<script type=\"application\/ld+json\" class=\"yoast-schema-graph\">{\"@context\":\"https:\/\/schema.org\",\"@graph\":[{\"@type\":\"WebSite\",\"@id\":\"https:\/\/www.urlaubcornwall.de\/blog\/#website\",\"url\":\"https:\/\/www.urlaubcornwall.de\/blog\/\",\"name\":\"Urlaub &amp; Reisen\",\"description\":\"Urlaub, Reisen, Cornwall und S\u00fcdengland: eine perfekte Kombination\",\"potentialAction\":[{\"@type\":\"SearchAction\",\"target\":{\"@type\":\"EntryPoint\",\"urlTemplate\":\"https:\/\/www.urlaubcornwall.de\/blog\/?s={search_term_string}\"},\"query-input\":\"required name=search_term_string\"}],\"inLanguage\":\"en-US\"},{\"@type\":\"WebPage\",\"@id\":\"https:\/\/www.urlaubcornwall.de\/blog\/the-atlantic-hotel-auf-st-marys-scilly-inseln\/\",\"url\":\"https:\/\/www.urlaubcornwall.de\/blog\/the-atlantic-hotel-auf-st-marys-scilly-inseln\/\",\"name\":\"The Atlantic Hotel auf St Mary`s, Scilly Inseln. - Urlaub &amp; Reisen\",\"isPartOf\":{\"@id\":\"https:\/\/www.urlaubcornwall.de\/blog\/#website\"},\"datePublished\":\"2016-11-17T14:28:55+00:00\",\"dateModified\":\"2021-08-09T08:04:54+00:00\",\"breadcrumb\":{\"@id\":\"https:\/\/www.urlaubcornwall.de\/blog\/the-atlantic-hotel-auf-st-marys-scilly-inseln\/#breadcrumb\"},\"inLanguage\":\"en-US\",\"potentialAction\":[{\"@type\":\"ReadAction\",\"target\":[\"https:\/\/www.urlaubcornwall.de\/blog\/the-atlantic-hotel-auf-st-marys-scilly-inseln\/\"]}]},{\"@type\":\"BreadcrumbList\",\"@id\":\"https:\/\/www.urlaubcornwall.de\/blog\/the-atlantic-hotel-auf-st-marys-scilly-inseln\/#breadcrumb\",\"itemListElement\":[{\"@type\":\"ListItem\",\"position\":1,\"name\":\"Home\",\"item\":\"https:\/\/www.urlaubcornwall.de\/blog\/\"},{\"@type\":\"ListItem\",\"position\":2,\"name\":\"The Atlantic Hotel auf St Mary`s, Scilly Inseln.\"}]}]}<\/script>\n<!-- \/ Yoast SEO plugin. -->","yoast_head_json":{"title":"The Atlantic Hotel auf St Mary`s, Scilly Inseln. - Urlaub &amp; Reisen","robots":{"index":"index","follow":"follow","max-snippet":"max-snippet:-1","max-image-preview":"max-image-preview:large","max-video-preview":"max-video-preview:-1"},"canonical":"https:\/\/www.urlaubcornwall.de\/blog\/the-atlantic-hotel-auf-st-marys-scilly-inseln\/","og_locale":"en_US","og_type":"article","og_title":"The Atlantic Hotel auf St Mary`s, Scilly Inseln. - Urlaub &amp; Reisen","og_description":"Hotel am Meer Isles of Scilly &#8211; Das Tides Reach Restaurant mit seiner atemberaubenden Aussicht ist der perfekte Ort, um von der st\u00e4ndig wechselnden Speisekarte zu probieren. Die K\u00f6che nutzen Zutaten aus der Gegend, um Ihnen lokale und frisch zubereitete Gerichte anbieten zu k\u00f6nnen. Durch die g\u00fcnstige Lage d\u00fcrfen Sie sich auch auf leckere Fischspezialit\u00e4ten [&hellip;]","og_url":"https:\/\/www.urlaubcornwall.de\/blog\/the-atlantic-hotel-auf-st-marys-scilly-inseln\/","og_site_name":"Urlaub &amp; Reisen","article_modified_time":"2021-08-09T08:04:54+00:00","og_image":[{"url":"https:\/\/www.urlaubcornwall.de\/blog\/wp-content\/uploads\/2016\/11\/atlantic-hotel-scilly-inseln-urlaub.jpg"}],"twitter_card":"summary","twitter_misc":{"Est. reading time":"1 minute"},"schema":{"@context":"https:\/\/schema.org","@graph":[{"@type":"WebSite","@id":"https:\/\/www.urlaubcornwall.de\/blog\/#website","url":"https:\/\/www.urlaubcornwall.de\/blog\/","name":"Urlaub &amp; Reisen","description":"Urlaub, Reisen, Cornwall und S\u00fcdengland: eine perfekte Kombination","potentialAction":[{"@type":"SearchAction","target":{"@type":"EntryPoint","urlTemplate":"https:\/\/www.urlaubcornwall.de\/blog\/?s={search_term_string}"},"query-input":"required name=search_term_string"}],"inLanguage":"en-US"},{"@type":"WebPage","@id":"https:\/\/www.urlaubcornwall.de\/blog\/the-atlantic-hotel-auf-st-marys-scilly-inseln\/","url":"https:\/\/www.urlaubcornwall.de\/blog\/the-atlantic-hotel-auf-st-marys-scilly-inseln\/","name":"The Atlantic Hotel auf St Mary`s, Scilly Inseln. - Urlaub &amp; Reisen","isPartOf":{"@id":"https:\/\/www.urlaubcornwall.de\/blog\/#website"},"datePublished":"2016-11-17T14:28:55+00:00","dateModified":"2021-08-09T08:04:54+00:00","breadcrumb":{"@id":"https:\/\/www.urlaubcornwall.de\/blog\/the-atlantic-hotel-auf-st-marys-scilly-inseln\/#breadcrumb"},"inLanguage":"en-US","potentialAction":[{"@type":"ReadAction","target":["https:\/\/www.urlaubcornwall.de\/blog\/the-atlantic-hotel-auf-st-marys-scilly-inseln\/"]}]},{"@type":"BreadcrumbList","@id":"https:\/\/www.urlaubcornwall.de\/blog\/the-atlantic-hotel-auf-st-marys-scilly-inseln\/#breadcrumb","itemListElement":[{"@type":"ListItem","position":1,"name":"Home","item":"https:\/\/www.urlaubcornwall.de\/blog\/"},{"@type":"ListItem","position":2,"name":"The Atlantic Hotel auf St Mary`s, Scilly Inseln."}]}]}},"_links":{"self":[{"href":"https:\/\/www.urlaubcornwall.de\/blog\/wp-json\/wp\/v2\/pages\/25363"}],"collection":[{"href":"https:\/\/www.urlaubcornwall.de\/blog\/wp-json\/wp\/v2\/pages"}],"about":[{"href":"https:\/\/www.urlaubcornwall.de\/blog\/wp-json\/wp\/v2\/types\/page"}],"author":[{"embeddable":true,"href":"https:\/\/www.urlaubcornwall.de\/blog\/wp-json\/wp\/v2\/users\/1"}],"replies":[{"embeddable":true,"href":"https:\/\/www.urlaubcornwall.de\/blog\/wp-json\/wp\/v2\/comments?post=25363"}],"version-history":[{"count":18,"href":"https:\/\/www.urlaubcornwall.de\/blog\/wp-json\/wp\/v2\/pages\/25363\/revisions"}],"predecessor-version":[{"id":42141,"href":"https:\/\/www.urlaubcornwall.de\/blog\/wp-json\/wp\/v2\/pages\/25363\/revisions\/42141"}],"wp:attachment":[{"href":"https:\/\/www.urlaubcornwall.de\/blog\/wp-json\/wp\/v2\/media?parent=25363"}],"curies":[{"name":"wp","href":"https:\/\/api.w.org\/{rel}","templated":true}]}}