{"id":25356,"date":"2016-11-16T16:19:01","date_gmt":"2016-11-16T16:19:01","guid":{"rendered":"https:\/\/www.urlaubcornwall.de\/blog\/?page_id=25356"},"modified":"2024-05-29T12:40:03","modified_gmt":"2024-05-29T12:40:03","slug":"urlaub-insel-skye-sehenswuerdigkeiten-geschichte-und-unterkunft","status":"publish","type":"page","link":"https:\/\/www.urlaubcornwall.de\/blog\/urlaub-insel-skye-sehenswuerdigkeiten-geschichte-und-unterkunft\/","title":{"rendered":"Urlaub Isle of Skye: Sehensw\u00fcrdigkeiten, Geschichte und Unterkunft"},"content":{"rendered":"<p><img loading=\"lazy\" class=\"aligncenter size-full wp-image-22908\" src=\"https:\/\/www.urlaubcornwall.de\/blog\/wp-content\/uploads\/2016\/01\/urlaub-skye.jpg\" alt=\"urlaub insel skye\" height=\"362\" width=\"749\"\/><\/p>\n<p>Die gr\u00f6\u00dfte Insel der Inneren Hebriden, Isle of Skye, ist ein magischer Ort und Zuhause einiger von <a href=\"https:\/\/www.urlaubcornwall.de\/reiseziel\/schottland.php\">Schottlands<\/a> ikonischsten Landschaften. Die <a href=\"https:\/\/www.urlaubcornwall.de\/ferienhaeuser-fewos\/sco\/schottische-inseln\/schottische-inseln.html\">Landschaft auf Skye<\/a> ist eindrucksvoll mit ihren Bergen und dramatischer K\u00fcste, den Wasserf\u00e4llen, Str\u00e4nden, \u2018Fairy Pools\u2019 und heidebewachsenen Moorgebieten und hinterl\u00e4sst mit Sicherheit einen lang anhaltenden Eindruck. Die Insel Skye verf\u00fcgt au\u00dferdem \u00fcber eine reichhaltige Geschichte, die in pr\u00e4historische Zeiten zur\u00fcckreicht.<\/p>\n<p>Es gibt drei M\u00f6glichkeiten, wie Sie vom Festland nach Skye gelangen k\u00f6nnen; es gibt eine CalMac F\u00e4hre, die t\u00e4glich von Mallaig auf dem Festland nach Armadale im S\u00fcdwesten Skyes f\u00e4hrt; es gibt eine Stra\u00dfenbr\u00fccke vom Kyle of Lochalsh hin\u00fcber nach Kyleakin auf Skye oder eine F\u00e4hre von Glenelg aus auf dem Festland.<\/p>\n<p><strong>Dunvegan Castle:<\/strong> Auf einem Felsen erbaut in idyllischer Seelage, ist diese Burg mit quadratischen T\u00fcrmen, Dunvegan, die \u00e4lteste, durchgehend bewohnte Burg Schottlands. Es war mehr als 800 Jahre lang das Zuhause der F\u00fchrer des Clan MacLeod. Die Burg hat viele feine Sch\u00e4tze, der ber\u00fchmteste ist die Fairy Flag. Der Legende nach hat die Flagge, wenn sie w\u00e4hrend einer Schlacht entfaltet wird, magische Kr\u00e4fte, die es den MacLeods gestatten, ihre Feinde zu besiegen. Die G\u00e4rten von Dunvegan Castle bilden einen absoluten Kontrast zur Landschaft von Skye, ein verstecktes Juwel verschiedener Pflanzen, Waldlandschaften, glitzernden Pools und Wasserf\u00e4llen, die hinunter ins Meer flie\u00dfen. Burg und G\u00e4rten sind t\u00e4glich von April bis Oktober ge\u00f6ffnet.<\/p>\n<p><strong>Bootsfahrten und Inseltouren:<\/strong> Es werden auf Skye viele verschiedene Bootsfahrten und Inseltouren angeboten. Machen Sie eine Bootsfahrt, um die Papageientaucher- und Robbenkolonien zu sehen, Delfine, Otter, und zu einer bestimmten Jahreszeit k\u00f6nnen Sie Wale beobachten und Seeadler entdecken. Es gibt auch ein Boot mit Glasboden, das Ihnen einen fabelhaften Blick ins marine Leben gestattet. Es gibt Busfahrten um die Insel, die es Ihnen erm\u00f6glichen, die wundervolle Landschaft von Skye zu sehen, w\u00e4hrend Sie die Geschichte, Kultur und Mythen kennenlernen.<\/p>\n<p><strong>Wandern:<\/strong> Die Isle of Skye ist ein Paradies f\u00fcr Wanderer; mit Wanderwegen f\u00fcr die gesamte Familie. Wandern Sie entlang der dramatischen K\u00fcste, oder wenn Sie etwas mehr Herausforderung suchen, gibt es den Black Cuillin, einen der spektakul\u00e4rsten Berge Britanniens und einer der schwersten zu besteigen. Es gibt leichtere und k\u00fcrzere Strecken weiter unten, doch um den Gipfel zu erreichen, bedarf es der Bergkletterei.<\/p>\n<p><strong>Talisker Brennerei:<\/strong> Die einzige Brennerei auf der Isle of Skye ist die Talisker Brennerei und das Besucherzentrum am Ufer von Loch Harport mit dramatischem Blick auf die Cuillins. Die Brennerei ist das ganze Jahr \u00fcber f\u00fcr Touren und Geschmacksproben ge\u00f6ffnet.<\/p>\n<p><strong>Portree:<\/strong> Die Hauptstadt auf Skye ist Portree, um einen nat\u00fcrlichen Hafen herum gelegen, im Hintergrund H\u00fcgel. Es ist ein beliebter Urlaubsort und Fischerhafen. Es ist eine gro\u00dfartige Ausgangsbasis, um den Rest der Insel zu erkunden und hat alles, was ein Urlauber brauchen k\u00f6nnte.<\/p>\n<div class=\"snippet\"> <a class=\"featured-item\" href=\" https:\/\/www.urlaubcornwall.de\/ferienhaeuser\/schottland.php\"> <span class=\"image-holder\" style=\"background-image: url(' https:\/\/www.urlaubcornwall.de\/blog\/wp-content\/uploads\/2019\/01\/urlaub-schottland-highlands-1.jpg ');\"><\/span> <span class=\"featured-content\"> \n<h2 class=\"featured-title\">Bei uns finden Sie Ferienh\u00e4user in Schottland zum Verlieben!<\/h2>\n<p class=\"featured-body\">Untenstehend finden Sie eine Auswahl an Ferienh\u00e4usern in Schottland. Hier finden Sie pers\u00f6nlich inspizierte Cottages entlang der schottischen K\u00fcste, in den schottischen Highlands und auf den Inseln&#8230;..<\/p>\n<\/span> <span class=\"featured-link-holder\"> <span class=\"featured-extra-info\"> \n<p>F\u00fcr Paare, Familien &#038; Gruppen<\/p>\n<\/span> \n<p class=\"featured-link\">DETAILS<\/p>\n<\/span> <\/a><\/div>\n<p style=\"text-align: center;\">UrlaubCornwall.de hat seinen Firmensitz in Cornwall in S\u00fcdwestengland und bietet Kunden im Deutsch sprechenden Europa Hilfe im Erstellen der perfekten Urlaubserfahrung hier. Wir haben ein Team Deutsch sprechender Experten, so dass wir eine <a href=\"https:\/\/www.urlaubcornwall.de\/rundreisen\/grossbritannien.php\">individuelle Urlaub in Schottland<\/a>.<\/p>\n","protected":false},"excerpt":{"rendered":"<p>Die gr\u00f6\u00dfte Insel der Inneren Hebriden, Isle of Skye, ist ein magischer Ort und Zuhause einiger von Schottlands ikonischsten Landschaften. Die Landschaft auf Skye ist eindrucksvoll mit ihren Bergen und dramatischer K\u00fcste, den Wasserf\u00e4llen, Str\u00e4nden, \u2018Fairy Pools\u2019 und heidebewachsenen Moorgebieten und hinterl\u00e4sst mit Sicherheit einen lang anhaltenden Eindruck. Die Insel Skye verf\u00fcgt au\u00dferdem \u00fcber eine [&hellip;]<\/p>\n","protected":false},"author":1,"featured_media":0,"parent":0,"menu_order":0,"comment_status":"closed","ping_status":"closed","template":"single-four.php","meta":[],"acf":[],"yoast_head":"<!-- This site is optimized with the Yoast SEO plugin v19.4 - https:\/\/yoast.com\/wordpress\/plugins\/seo\/ -->\n<title>Urlaub Isle of Skye: Sehensw\u00fcrdigkeiten, Geschichte und Unterkunft - Urlaub &amp; Reisen<\/title>\n<meta name=\"robots\" content=\"index, follow, max-snippet:-1, max-image-preview:large, max-video-preview:-1\" \/>\n<link rel=\"canonical\" href=\"https:\/\/www.urlaubcornwall.de\/blog\/urlaub-insel-skye-sehenswuerdigkeiten-geschichte-und-unterkunft\/\" \/>\n<meta property=\"og:locale\" content=\"en_US\" \/>\n<meta property=\"og:type\" content=\"article\" \/>\n<meta property=\"og:title\" content=\"Urlaub Isle of Skye: Sehensw\u00fcrdigkeiten, Geschichte und Unterkunft - Urlaub &amp; Reisen\" \/>\n<meta property=\"og:description\" content=\"Die gr\u00f6\u00dfte Insel der Inneren Hebriden, Isle of Skye, ist ein magischer Ort und Zuhause einiger von Schottlands ikonischsten Landschaften. Die Landschaft auf Skye ist eindrucksvoll mit ihren Bergen und dramatischer K\u00fcste, den Wasserf\u00e4llen, Str\u00e4nden, \u2018Fairy Pools\u2019 und heidebewachsenen Moorgebieten und hinterl\u00e4sst mit Sicherheit einen lang anhaltenden Eindruck. Die Insel Skye verf\u00fcgt au\u00dferdem \u00fcber eine [&hellip;]\" \/>\n<meta property=\"og:url\" content=\"https:\/\/www.urlaubcornwall.de\/blog\/urlaub-insel-skye-sehenswuerdigkeiten-geschichte-und-unterkunft\/\" \/>\n<meta property=\"og:site_name\" content=\"Urlaub &amp; Reisen\" \/>\n<meta property=\"article:modified_time\" content=\"2024-05-29T12:40:03+00:00\" \/>\n<meta property=\"og:image\" content=\"https:\/\/www.urlaubcornwall.de\/blog\/wp-content\/uploads\/2016\/01\/urlaub-skye.jpg\" \/>\n<meta name=\"twitter:card\" content=\"summary\" \/>\n<meta name=\"twitter:label1\" content=\"Est. reading time\" \/>\n\t<meta name=\"twitter:data1\" content=\"3 minutes\" \/>\n<script type=\"application\/ld+json\" class=\"yoast-schema-graph\">{\"@context\":\"https:\/\/schema.org\",\"@graph\":[{\"@type\":\"WebSite\",\"@id\":\"https:\/\/www.urlaubcornwall.de\/blog\/#website\",\"url\":\"https:\/\/www.urlaubcornwall.de\/blog\/\",\"name\":\"Urlaub &amp; Reisen\",\"description\":\"Urlaub, Reisen, Cornwall und S\u00fcdengland: eine perfekte Kombination\",\"potentialAction\":[{\"@type\":\"SearchAction\",\"target\":{\"@type\":\"EntryPoint\",\"urlTemplate\":\"https:\/\/www.urlaubcornwall.de\/blog\/?s={search_term_string}\"},\"query-input\":\"required name=search_term_string\"}],\"inLanguage\":\"en-US\"},{\"@type\":\"WebPage\",\"@id\":\"https:\/\/www.urlaubcornwall.de\/blog\/urlaub-insel-skye-sehenswuerdigkeiten-geschichte-und-unterkunft\/\",\"url\":\"https:\/\/www.urlaubcornwall.de\/blog\/urlaub-insel-skye-sehenswuerdigkeiten-geschichte-und-unterkunft\/\",\"name\":\"Urlaub Isle of Skye: Sehensw\u00fcrdigkeiten, Geschichte und Unterkunft - Urlaub &amp; Reisen\",\"isPartOf\":{\"@id\":\"https:\/\/www.urlaubcornwall.de\/blog\/#website\"},\"datePublished\":\"2016-11-16T16:19:01+00:00\",\"dateModified\":\"2024-05-29T12:40:03+00:00\",\"breadcrumb\":{\"@id\":\"https:\/\/www.urlaubcornwall.de\/blog\/urlaub-insel-skye-sehenswuerdigkeiten-geschichte-und-unterkunft\/#breadcrumb\"},\"inLanguage\":\"en-US\",\"potentialAction\":[{\"@type\":\"ReadAction\",\"target\":[\"https:\/\/www.urlaubcornwall.de\/blog\/urlaub-insel-skye-sehenswuerdigkeiten-geschichte-und-unterkunft\/\"]}]},{\"@type\":\"BreadcrumbList\",\"@id\":\"https:\/\/www.urlaubcornwall.de\/blog\/urlaub-insel-skye-sehenswuerdigkeiten-geschichte-und-unterkunft\/#breadcrumb\",\"itemListElement\":[{\"@type\":\"ListItem\",\"position\":1,\"name\":\"Home\",\"item\":\"https:\/\/www.urlaubcornwall.de\/blog\/\"},{\"@type\":\"ListItem\",\"position\":2,\"name\":\"Urlaub Isle of Skye: Sehensw\u00fcrdigkeiten, Geschichte und Unterkunft\"}]}]}<\/script>\n<!-- \/ Yoast SEO plugin. -->","yoast_head_json":{"title":"Urlaub Isle of Skye: Sehensw\u00fcrdigkeiten, Geschichte und Unterkunft - Urlaub &amp; Reisen","robots":{"index":"index","follow":"follow","max-snippet":"max-snippet:-1","max-image-preview":"max-image-preview:large","max-video-preview":"max-video-preview:-1"},"canonical":"https:\/\/www.urlaubcornwall.de\/blog\/urlaub-insel-skye-sehenswuerdigkeiten-geschichte-und-unterkunft\/","og_locale":"en_US","og_type":"article","og_title":"Urlaub Isle of Skye: Sehensw\u00fcrdigkeiten, Geschichte und Unterkunft - Urlaub &amp; Reisen","og_description":"Die gr\u00f6\u00dfte Insel der Inneren Hebriden, Isle of Skye, ist ein magischer Ort und Zuhause einiger von Schottlands ikonischsten Landschaften. Die Landschaft auf Skye ist eindrucksvoll mit ihren Bergen und dramatischer K\u00fcste, den Wasserf\u00e4llen, Str\u00e4nden, \u2018Fairy Pools\u2019 und heidebewachsenen Moorgebieten und hinterl\u00e4sst mit Sicherheit einen lang anhaltenden Eindruck. Die Insel Skye verf\u00fcgt au\u00dferdem \u00fcber eine [&hellip;]","og_url":"https:\/\/www.urlaubcornwall.de\/blog\/urlaub-insel-skye-sehenswuerdigkeiten-geschichte-und-unterkunft\/","og_site_name":"Urlaub &amp; Reisen","article_modified_time":"2024-05-29T12:40:03+00:00","og_image":[{"url":"https:\/\/www.urlaubcornwall.de\/blog\/wp-content\/uploads\/2016\/01\/urlaub-skye.jpg"}],"twitter_card":"summary","twitter_misc":{"Est. reading time":"3 minutes"},"schema":{"@context":"https:\/\/schema.org","@graph":[{"@type":"WebSite","@id":"https:\/\/www.urlaubcornwall.de\/blog\/#website","url":"https:\/\/www.urlaubcornwall.de\/blog\/","name":"Urlaub &amp; Reisen","description":"Urlaub, Reisen, Cornwall und S\u00fcdengland: eine perfekte Kombination","potentialAction":[{"@type":"SearchAction","target":{"@type":"EntryPoint","urlTemplate":"https:\/\/www.urlaubcornwall.de\/blog\/?s={search_term_string}"},"query-input":"required name=search_term_string"}],"inLanguage":"en-US"},{"@type":"WebPage","@id":"https:\/\/www.urlaubcornwall.de\/blog\/urlaub-insel-skye-sehenswuerdigkeiten-geschichte-und-unterkunft\/","url":"https:\/\/www.urlaubcornwall.de\/blog\/urlaub-insel-skye-sehenswuerdigkeiten-geschichte-und-unterkunft\/","name":"Urlaub Isle of Skye: Sehensw\u00fcrdigkeiten, Geschichte und Unterkunft - Urlaub &amp; Reisen","isPartOf":{"@id":"https:\/\/www.urlaubcornwall.de\/blog\/#website"},"datePublished":"2016-11-16T16:19:01+00:00","dateModified":"2024-05-29T12:40:03+00:00","breadcrumb":{"@id":"https:\/\/www.urlaubcornwall.de\/blog\/urlaub-insel-skye-sehenswuerdigkeiten-geschichte-und-unterkunft\/#breadcrumb"},"inLanguage":"en-US","potentialAction":[{"@type":"ReadAction","target":["https:\/\/www.urlaubcornwall.de\/blog\/urlaub-insel-skye-sehenswuerdigkeiten-geschichte-und-unterkunft\/"]}]},{"@type":"BreadcrumbList","@id":"https:\/\/www.urlaubcornwall.de\/blog\/urlaub-insel-skye-sehenswuerdigkeiten-geschichte-und-unterkunft\/#breadcrumb","itemListElement":[{"@type":"ListItem","position":1,"name":"Home","item":"https:\/\/www.urlaubcornwall.de\/blog\/"},{"@type":"ListItem","position":2,"name":"Urlaub Isle of Skye: Sehensw\u00fcrdigkeiten, Geschichte und Unterkunft"}]}]}},"_links":{"self":[{"href":"https:\/\/www.urlaubcornwall.de\/blog\/wp-json\/wp\/v2\/pages\/25356"}],"collection":[{"href":"https:\/\/www.urlaubcornwall.de\/blog\/wp-json\/wp\/v2\/pages"}],"about":[{"href":"https:\/\/www.urlaubcornwall.de\/blog\/wp-json\/wp\/v2\/types\/page"}],"author":[{"embeddable":true,"href":"https:\/\/www.urlaubcornwall.de\/blog\/wp-json\/wp\/v2\/users\/1"}],"replies":[{"embeddable":true,"href":"https:\/\/www.urlaubcornwall.de\/blog\/wp-json\/wp\/v2\/comments?post=25356"}],"version-history":[{"count":18,"href":"https:\/\/www.urlaubcornwall.de\/blog\/wp-json\/wp\/v2\/pages\/25356\/revisions"}],"predecessor-version":[{"id":50662,"href":"https:\/\/www.urlaubcornwall.de\/blog\/wp-json\/wp\/v2\/pages\/25356\/revisions\/50662"}],"wp:attachment":[{"href":"https:\/\/www.urlaubcornwall.de\/blog\/wp-json\/wp\/v2\/media?parent=25356"}],"curies":[{"name":"wp","href":"https:\/\/api.w.org\/{rel}","templated":true}]}}