{"id":25254,"date":"2016-11-07T15:31:33","date_gmt":"2016-11-07T15:31:33","guid":{"rendered":"https:\/\/www.urlaubcornwall.de\/blog\/?page_id=25254"},"modified":"2024-05-29T12:53:23","modified_gmt":"2024-05-29T12:53:23","slug":"urlaub-dundee-unterkunft-sehenswuerdigkeiten-und-geschichte","status":"publish","type":"page","link":"https:\/\/www.urlaubcornwall.de\/blog\/urlaub-dundee-unterkunft-sehenswuerdigkeiten-und-geschichte\/","title":{"rendered":"Urlaub Dundee: Unterkunft, Sehensw\u00fcrdigkeiten und Geschichte"},"content":{"rendered":"<p>Dundee am Fluss Tay wurde bekannt aufgrund der Marmeladen, S\u00fc\u00dfwaren und der Herstellung von Juteprodukten und Fruchtkuchen. Dundee ist die viertgr\u00f6\u00dfte Stadt <a href=\"https:\/\/www.urlaubcornwall.de\/blog\/entdecken-sie-schottland-britanniens-spektakulaerster-landschaft\/\">Schottlands<\/a> und soll auch die sonnigste sein. Es gibt hier zwei sch\u00f6ne Br\u00fccken, die den Firth of Tay \u00fcberspannen, eine Eisenbahnbr\u00fccke, die in den 1880ern erbaut wurde und eine moderne Stra\u00dfenbr\u00fccke aus den 1960ern.<\/p>\n<p><strong>RRS Discovery:<\/strong> Am Discovery Point ist das Schiff, mit dem Kapit\u00e4n Scott in die Antarktis segelte; heute ein Museum. Dieses preisgekr\u00f6nte Museum erz\u00e4hlt die Geschichte der RRS Discovery. Captain Scott und seine mutige Truppe segelten 1901 von Dundee aus und kehrten1904 zur\u00fcck nach einer der heldenhaftesten Forschungsreisen. Das Schiff ist das ganze Jahr \u00fcber ge\u00f6ffnet und eignet sich hervorragend als herrlicher Tagesausflug f\u00fcr Familien.<\/p>\n<p><script async src=\"https:\/\/pagead2.googlesyndication.com\/pagead\/js\/adsbygoogle.js?client=ca-pub-3901089389175725\"\n     crossorigin=\"anonymous\"><\/script><br \/>\n<!-- New UC --><br \/>\n<ins class=\"adsbygoogle\"\n     style=\"display:block\"\n     data-ad-client=\"ca-pub-3901089389175725\"\n     data-ad-slot=\"8080314818\"\n     data-ad-format=\"auto\"\n     data-full-width-responsive=\"true\"><\/ins><br \/>\n<script>\n     (adsbygoogle = window.adsbygoogle || []).push({});\n<\/script><\/p>\n<p><strong>J M Barrie:<\/strong> N\u00f6rdlich von Dundee im Dorf Kirriemuir befindet sich das Haus, in dem der Schriftsteller J M Barrie 1860 geboren wurde. Er ist bekannt geworden durch seine Sch\u00f6pfung des \u2018Peter Pan\u2019.&nbsp; Er wuchs in einer kleinen Webergemeinde auf, und sein Haus ist heute ein Museum, das seine Lebensgeschichte erz\u00e4hlt. Das Haus wurde so wieder geschaffen, wie es gewesen war zu der Zeit, als J M Barrie ein Junge war.<\/p>\n<p><strong>Arbroath:<\/strong> Der K\u00fcste entlang von Dundee befindet sich die Stadt Arbroath, bekannt f\u00fcr ihre Arbroath Smokies. Ein Arbroath Smokie ist ein Schellfisch, der \u00fcber Hartholz ger\u00e4uchert wurde, indem ein ganz spezifischer Prozess angewendet wurde in der und um die Stadt Arbroath herum. Es ist eine wahrhaft regionale schottische Delikatesse und hat weltweit Anerkennung erlangt aufgrund ihrer Qualit\u00e4t und des einzigartigen Geschmacks. Die Stadt Arbroath wird dominiert von den gut erhaltenen Ruinen ihrer Abtei, die 1178 von Wilhelm, dem K\u00f6nig der Schotten, gegr\u00fcndet wurde, und der auch hier bestattet ist. Die Abtei wird in Verbindung gebracht mit der &nbsp;Erkl\u00e4rung von Arbroath 1320, die Schottlands Unabh\u00e4ngigkeit von England best\u00e4tigte.<\/p>\n<p><strong><a href=\"https:\/\/www.urlaubcornwall.de\/ferienhaeuser-fewos\/sco\/zentralschottland\/carnoustie.html\">Carnoustie<\/a>:<\/strong> Zwischen Dundee und Arbroath liegt Carnoustie. Die Stadt an der Angusk\u00fcste ist bekannt &nbsp;f\u00fcr ihren Meisterschaftsgolfplatz. Es gibt drei Golfpl\u00e4tze, und sie befinden sich alle unter den Top 50 Golfpl\u00e4tzen im UK und Irland. Der Championship Course war Gastgeber f\u00fcr sieben Open Championships. Neben Golf k\u00f6nnen Sie in der Bucht auch schwimmen, segeln, angeln und windsurfen.<\/p>\n<h1 style=\"text-align: center;\"><strong>Bei uns finden Sie Ferienh\u00e4user zum Verlieben \u2013 so einfach ist das!<\/strong><\/h1>\n<p style=\"text-align: center;\">UrlaubCornwall verf\u00fcgt Ferienh\u00e4user und Ferienwohnungen in Dundee und Tayside f\u00fcr Ihren <a href=\"https:\/\/www.urlaubcornwall.de\/blog\/urlaub-in-fort-william-sehenswuerdigkeiten-geschichte-und-unterkunft\/\">Urlaub in Schottland<\/a>. Unterk\u00fcnfte der Spitzenklasse f\u00fcr 2 Personen, Familien und Gruppen mit 4, 6, 8, 10 oder 12 G\u00e4sten.<\/p>\n<p style=\"text-align: center;\"><a class=\"tidycta\" href=\"https:\/\/www.urlaubcornwall.de\/ferienhaeuser-fewos\/sco\/zentralschottland\/zentralschottland.html\">Suche Ferienh\u00e4user Dundee<\/a><\/p>\n<p style=\"text-align: center;\">UrlaubCornwall.de hat eine einzigartige Sammlung <a href=\"https:\/\/www.urlaubcornwall.de\/ferienhaeuser\/schottland.php\">pers\u00f6nlich inspizierter Ferienh\u00e4user und Ferienwohnungen in Schottland<\/a> und nun auch im gesamten Gro\u00dfbritannien.<\/p>\n<p style=\"text-align: center;\">UrlaubCornwall.de hat seinen Firmensitz in Cornwall in S\u00fcdwestengland und bietet Kunden im Deutsch sprechenden Europa Hilfe im Erstellen der perfekten Urlaubserfahrung hier. Wir haben ein Team Deutsch sprechender Experten, so dass wir eine <a href=\"https:\/\/www.urlaubcornwall.de\/rundreisen\/grossbritannien.php\">individuelle Urlaub in Gro\u00dfbritannien<\/a>.<\/p>\n","protected":false},"excerpt":{"rendered":"<p>Dundee am Fluss Tay wurde bekannt aufgrund der Marmeladen, S\u00fc\u00dfwaren und der Herstellung von Juteprodukten und Fruchtkuchen. Dundee ist die viertgr\u00f6\u00dfte Stadt Schottlands und soll auch die sonnigste sein. Es gibt hier zwei sch\u00f6ne Br\u00fccken, die den Firth of Tay \u00fcberspannen, eine Eisenbahnbr\u00fccke, die in den 1880ern erbaut wurde und eine moderne Stra\u00dfenbr\u00fccke aus den [&hellip;]<\/p>\n","protected":false},"author":1,"featured_media":0,"parent":0,"menu_order":0,"comment_status":"closed","ping_status":"closed","template":"single-four.php","meta":[],"acf":[],"yoast_head":"<!-- This site is optimized with the Yoast SEO plugin v19.4 - https:\/\/yoast.com\/wordpress\/plugins\/seo\/ -->\n<title>Urlaub Dundee: Unterkunft, Sehensw\u00fcrdigkeiten und Geschichte - Urlaub &amp; Reisen<\/title>\n<meta name=\"robots\" content=\"index, follow, max-snippet:-1, max-image-preview:large, max-video-preview:-1\" \/>\n<link rel=\"canonical\" href=\"https:\/\/www.urlaubcornwall.de\/blog\/urlaub-dundee-unterkunft-sehenswuerdigkeiten-und-geschichte\/\" \/>\n<meta property=\"og:locale\" content=\"en_US\" \/>\n<meta property=\"og:type\" content=\"article\" \/>\n<meta property=\"og:title\" content=\"Urlaub Dundee: Unterkunft, Sehensw\u00fcrdigkeiten und Geschichte - Urlaub &amp; Reisen\" \/>\n<meta property=\"og:description\" content=\"Dundee am Fluss Tay wurde bekannt aufgrund der Marmeladen, S\u00fc\u00dfwaren und der Herstellung von Juteprodukten und Fruchtkuchen. Dundee ist die viertgr\u00f6\u00dfte Stadt Schottlands und soll auch die sonnigste sein. Es gibt hier zwei sch\u00f6ne Br\u00fccken, die den Firth of Tay \u00fcberspannen, eine Eisenbahnbr\u00fccke, die in den 1880ern erbaut wurde und eine moderne Stra\u00dfenbr\u00fccke aus den [&hellip;]\" \/>\n<meta property=\"og:url\" content=\"https:\/\/www.urlaubcornwall.de\/blog\/urlaub-dundee-unterkunft-sehenswuerdigkeiten-und-geschichte\/\" \/>\n<meta property=\"og:site_name\" content=\"Urlaub &amp; Reisen\" \/>\n<meta property=\"article:modified_time\" content=\"2024-05-29T12:53:23+00:00\" \/>\n<meta name=\"twitter:card\" content=\"summary\" \/>\n<meta name=\"twitter:label1\" content=\"Est. reading time\" \/>\n\t<meta name=\"twitter:data1\" content=\"3 minutes\" \/>\n<script type=\"application\/ld+json\" class=\"yoast-schema-graph\">{\"@context\":\"https:\/\/schema.org\",\"@graph\":[{\"@type\":\"WebSite\",\"@id\":\"https:\/\/www.urlaubcornwall.de\/blog\/#website\",\"url\":\"https:\/\/www.urlaubcornwall.de\/blog\/\",\"name\":\"Urlaub &amp; Reisen\",\"description\":\"Urlaub, Reisen, Cornwall und S\u00fcdengland: eine perfekte Kombination\",\"potentialAction\":[{\"@type\":\"SearchAction\",\"target\":{\"@type\":\"EntryPoint\",\"urlTemplate\":\"https:\/\/www.urlaubcornwall.de\/blog\/?s={search_term_string}\"},\"query-input\":\"required name=search_term_string\"}],\"inLanguage\":\"en-US\"},{\"@type\":\"WebPage\",\"@id\":\"https:\/\/www.urlaubcornwall.de\/blog\/urlaub-dundee-unterkunft-sehenswuerdigkeiten-und-geschichte\/\",\"url\":\"https:\/\/www.urlaubcornwall.de\/blog\/urlaub-dundee-unterkunft-sehenswuerdigkeiten-und-geschichte\/\",\"name\":\"Urlaub Dundee: Unterkunft, Sehensw\u00fcrdigkeiten und Geschichte - Urlaub &amp; Reisen\",\"isPartOf\":{\"@id\":\"https:\/\/www.urlaubcornwall.de\/blog\/#website\"},\"datePublished\":\"2016-11-07T15:31:33+00:00\",\"dateModified\":\"2024-05-29T12:53:23+00:00\",\"breadcrumb\":{\"@id\":\"https:\/\/www.urlaubcornwall.de\/blog\/urlaub-dundee-unterkunft-sehenswuerdigkeiten-und-geschichte\/#breadcrumb\"},\"inLanguage\":\"en-US\",\"potentialAction\":[{\"@type\":\"ReadAction\",\"target\":[\"https:\/\/www.urlaubcornwall.de\/blog\/urlaub-dundee-unterkunft-sehenswuerdigkeiten-und-geschichte\/\"]}]},{\"@type\":\"BreadcrumbList\",\"@id\":\"https:\/\/www.urlaubcornwall.de\/blog\/urlaub-dundee-unterkunft-sehenswuerdigkeiten-und-geschichte\/#breadcrumb\",\"itemListElement\":[{\"@type\":\"ListItem\",\"position\":1,\"name\":\"Home\",\"item\":\"https:\/\/www.urlaubcornwall.de\/blog\/\"},{\"@type\":\"ListItem\",\"position\":2,\"name\":\"Urlaub Dundee: Unterkunft, Sehensw\u00fcrdigkeiten und Geschichte\"}]}]}<\/script>\n<!-- \/ Yoast SEO plugin. -->","yoast_head_json":{"title":"Urlaub Dundee: Unterkunft, Sehensw\u00fcrdigkeiten und Geschichte - Urlaub &amp; Reisen","robots":{"index":"index","follow":"follow","max-snippet":"max-snippet:-1","max-image-preview":"max-image-preview:large","max-video-preview":"max-video-preview:-1"},"canonical":"https:\/\/www.urlaubcornwall.de\/blog\/urlaub-dundee-unterkunft-sehenswuerdigkeiten-und-geschichte\/","og_locale":"en_US","og_type":"article","og_title":"Urlaub Dundee: Unterkunft, Sehensw\u00fcrdigkeiten und Geschichte - Urlaub &amp; Reisen","og_description":"Dundee am Fluss Tay wurde bekannt aufgrund der Marmeladen, S\u00fc\u00dfwaren und der Herstellung von Juteprodukten und Fruchtkuchen. Dundee ist die viertgr\u00f6\u00dfte Stadt Schottlands und soll auch die sonnigste sein. Es gibt hier zwei sch\u00f6ne Br\u00fccken, die den Firth of Tay \u00fcberspannen, eine Eisenbahnbr\u00fccke, die in den 1880ern erbaut wurde und eine moderne Stra\u00dfenbr\u00fccke aus den [&hellip;]","og_url":"https:\/\/www.urlaubcornwall.de\/blog\/urlaub-dundee-unterkunft-sehenswuerdigkeiten-und-geschichte\/","og_site_name":"Urlaub &amp; Reisen","article_modified_time":"2024-05-29T12:53:23+00:00","twitter_card":"summary","twitter_misc":{"Est. reading time":"3 minutes"},"schema":{"@context":"https:\/\/schema.org","@graph":[{"@type":"WebSite","@id":"https:\/\/www.urlaubcornwall.de\/blog\/#website","url":"https:\/\/www.urlaubcornwall.de\/blog\/","name":"Urlaub &amp; Reisen","description":"Urlaub, Reisen, Cornwall und S\u00fcdengland: eine perfekte Kombination","potentialAction":[{"@type":"SearchAction","target":{"@type":"EntryPoint","urlTemplate":"https:\/\/www.urlaubcornwall.de\/blog\/?s={search_term_string}"},"query-input":"required name=search_term_string"}],"inLanguage":"en-US"},{"@type":"WebPage","@id":"https:\/\/www.urlaubcornwall.de\/blog\/urlaub-dundee-unterkunft-sehenswuerdigkeiten-und-geschichte\/","url":"https:\/\/www.urlaubcornwall.de\/blog\/urlaub-dundee-unterkunft-sehenswuerdigkeiten-und-geschichte\/","name":"Urlaub Dundee: Unterkunft, Sehensw\u00fcrdigkeiten und Geschichte - Urlaub &amp; Reisen","isPartOf":{"@id":"https:\/\/www.urlaubcornwall.de\/blog\/#website"},"datePublished":"2016-11-07T15:31:33+00:00","dateModified":"2024-05-29T12:53:23+00:00","breadcrumb":{"@id":"https:\/\/www.urlaubcornwall.de\/blog\/urlaub-dundee-unterkunft-sehenswuerdigkeiten-und-geschichte\/#breadcrumb"},"inLanguage":"en-US","potentialAction":[{"@type":"ReadAction","target":["https:\/\/www.urlaubcornwall.de\/blog\/urlaub-dundee-unterkunft-sehenswuerdigkeiten-und-geschichte\/"]}]},{"@type":"BreadcrumbList","@id":"https:\/\/www.urlaubcornwall.de\/blog\/urlaub-dundee-unterkunft-sehenswuerdigkeiten-und-geschichte\/#breadcrumb","itemListElement":[{"@type":"ListItem","position":1,"name":"Home","item":"https:\/\/www.urlaubcornwall.de\/blog\/"},{"@type":"ListItem","position":2,"name":"Urlaub Dundee: Unterkunft, Sehensw\u00fcrdigkeiten und Geschichte"}]}]}},"_links":{"self":[{"href":"https:\/\/www.urlaubcornwall.de\/blog\/wp-json\/wp\/v2\/pages\/25254"}],"collection":[{"href":"https:\/\/www.urlaubcornwall.de\/blog\/wp-json\/wp\/v2\/pages"}],"about":[{"href":"https:\/\/www.urlaubcornwall.de\/blog\/wp-json\/wp\/v2\/types\/page"}],"author":[{"embeddable":true,"href":"https:\/\/www.urlaubcornwall.de\/blog\/wp-json\/wp\/v2\/users\/1"}],"replies":[{"embeddable":true,"href":"https:\/\/www.urlaubcornwall.de\/blog\/wp-json\/wp\/v2\/comments?post=25254"}],"version-history":[{"count":10,"href":"https:\/\/www.urlaubcornwall.de\/blog\/wp-json\/wp\/v2\/pages\/25254\/revisions"}],"predecessor-version":[{"id":50668,"href":"https:\/\/www.urlaubcornwall.de\/blog\/wp-json\/wp\/v2\/pages\/25254\/revisions\/50668"}],"wp:attachment":[{"href":"https:\/\/www.urlaubcornwall.de\/blog\/wp-json\/wp\/v2\/media?parent=25254"}],"curies":[{"name":"wp","href":"https:\/\/api.w.org\/{rel}","templated":true}]}}