{"id":25232,"date":"2016-11-06T15:30:14","date_gmt":"2016-11-06T15:30:14","guid":{"rendered":"https:\/\/www.urlaubcornwall.de\/blog\/?page_id=25232"},"modified":"2024-05-29T12:58:03","modified_gmt":"2024-05-29T12:58:03","slug":"urlaub-in-aberdeen-die-granit-stadt-norden-schottlands","status":"publish","type":"page","link":"https:\/\/www.urlaubcornwall.de\/blog\/urlaub-in-aberdeen-die-granit-stadt-norden-schottlands\/","title":{"rendered":"Urlaub in Aberdeen: Die Granit-Stadt, Norden Schottlands"},"content":{"rendered":"<p><strong>Aberdeen: Sehensw\u00fcrdigkeiten, Unterkunft und Geschichte<\/strong> &#8211; Aberdeen ist <a href=\"https:\/\/www.urlaubcornwall.de\/reiseziel\/schottland.php\">Schottlands <\/a>drittgr\u00f6\u00dfte Stadt und befindet sich an der Nordostk\u00fcste. Sie wird \u2018Granitstadt\u2019 genannt aufgrund der grauen Granitgeb\u00e4ude, die das Zentrum dominieren, wobei das spektakul\u00e4rste das alte Marischal College ist mit seinen T\u00fcrmen des fr\u00fchen 20. Jahrhunderts und gegr\u00fcndet im Jahre 1593. &nbsp;Es ist das zweitgr\u00f6\u00dfte Granitgeb\u00e4ude der Welt, das gr\u00f6\u00dfte ist das Escorial in Spanien. \u00d6l und Fisch spielen am Reichtum der Stadt eine wichtige Rolle, und mit ihrem internationalen Flughafen und Bahnverbindungen ist die Stadt leicht erreichbar.<\/p>\n<p><strong>Die K\u00fcste: <\/strong>Aberdeen hat einen 3,2 km langen Sandstrand mit breiter Promenade im Hintergrund, und die K\u00fcste von Aberdeenshire verf\u00fcgt \u00fcber 265 km wundersch\u00f6ner Str\u00e4nde, dramatische Klippen, charmante Buchten und St\u00e4dte. St Cyrus, Montrose und Lunan Bay z\u00e4hlen zu den besten Str\u00e4nden von Schottlands Ostk\u00fcste. Je weiter Sie nach Norden gehen, umso dramatischer wird die Landschaft, die wohl bekannt ist f\u00fcr ihre wundersch\u00f6nen Sonnenunterg\u00e4nge. An der K\u00fcste befinden sich einige der besten Orte, um Naturleben zu beobachten, einschlie\u00dflich Wasserschildkr\u00f6ten, Robben, Delfine und Wale.<\/p>\n<p><script async src=\"https:\/\/pagead2.googlesyndication.com\/pagead\/js\/adsbygoogle.js?client=ca-pub-3901089389175725\"\n     crossorigin=\"anonymous\"><\/script><br \/>\n<!-- New UC --><br \/>\n<ins class=\"adsbygoogle\"\n     style=\"display:block\"\n     data-ad-client=\"ca-pub-3901089389175725\"\n     data-ad-slot=\"8080314818\"\n     data-ad-format=\"auto\"\n     data-full-width-responsive=\"true\"><\/ins><br \/>\n<script>\n     (adsbygoogle = window.adsbygoogle || []).push({});\n<\/script><\/p>\n<p><strong>Der Whiskypfad: <\/strong>Schottland ist weltweit bekannt f\u00fcr seine hervorragenden Malzwhiskys, und im Gebiet von Speyside bei Aberdeen befinden sich mehr als die H\u00e4lfte von Schottlands Malzwhiskybrennereien; h\u00e4ufig wird darauf Bezug genommen als \u2018Malzwhiskyland\u2019.<br \/>\nSchottland ist weltweit bekannt f\u00fcr seine hervorragenden Malzwhiskys, und im Gebiet von Speyside bei Aberdeen befinden sich mehr als die H\u00e4lfte von Schottlands Malzwhiskybrennereien; h\u00e4ufig wird darauf Bezug genommen als \u2018Malzwhiskyland\u2019. Das reine Hochlandwasser der Region bildet die Grundzutat neben gem\u00e4lzter Gerste. Der Whiskypfad ist eine ausgeschilderte Route von 112,7 km, w\u00e4hrend derer Sie sieben der weltbekannten arbeitenden Brennereien besuchen k\u00f6nnen, eine historische Brennerei und die faszinierende Speyside K\u00fcferei, wo F\u00e4sser und &nbsp;Tonnen hergestellt werden.<\/p>\n<div class=\"snippet\"> <a class=\"featured-item\" href=\" https:\/\/www.urlaubcornwall.de\/ferienhaeuser\/schottland.php\"> <span class=\"image-holder\" style=\"background-image: url(' https:\/\/www.urlaubcornwall.de\/blog\/wp-content\/uploads\/2019\/01\/urlaub-schottland-highlands-1.jpg ');\"><\/span> <span class=\"featured-content\"> \n<h2 class=\"featured-title\">Bei uns finden Sie Ferienh\u00e4user in Schottland zum Verlieben!<\/h2>\n<p class=\"featured-body\">Untenstehend finden Sie eine Auswahl an Ferienh\u00e4usern in Schottland. Hier finden Sie pers\u00f6nlich inspizierte Cottages entlang der schottischen K\u00fcste, in den schottischen Highlands und auf den Inseln&#8230;..<\/p>\n<\/span> <span class=\"featured-link-holder\"> <span class=\"featured-extra-info\"> \n<p>F\u00fcr Paare, Familien &#038; Gruppen<\/p>\n<\/span> \n<p class=\"featured-link\">DETAILS<\/p>\n<\/span> <\/a><\/div>\n<p><strong>Der Burgenpfad: <\/strong>Es gibt in Aberdeenshire mehr als 300 Burgen, Herrenh\u00e4user und Ruinen, so dass es nicht \u00fcberrascht, dass es bekannt ist als Schottlands Burgenland; dies sind unter anderem Dunnottar Castle, eine spektakul\u00e4re Ruinen einer Festung auf den Felsen, nahezu abgetrennt vom Festland in der N\u00e4he des Hafens von Stonehaven. Crathes Castle bei Banchory wurde auf einem Grundst\u00fcck errichtet, das Robert der Preu\u00dfe&nbsp; 1323 Alexander Burnett \u00fcbergab; die romantische Burg ist bekannt f\u00fcr ihre Gem\u00e4ldedecken, T\u00fcrme, T\u00fcrmchen und Geistergeschichten. Balmoral ist seit 1852 die ber\u00fchmte Sommerresidenz der K\u00f6niglichen Familie, als es von K\u00f6nigin Viktoria und ihrem Gemahl, Prinz Albert, gekauft wurde. Es befindet sich10,9 km \u00f6stlich von Braemar, und Balmoral ist noch immer im Privatbesitz der K\u00f6niglichen Familie, wenngleich vom 1.April bis 31. Juli f\u00fcr Besucher ge\u00f6ffnet.<\/p>\n<p><strong>Duff House: <\/strong>Duff House bei Banff wurde vom schottischen Architekten William Adam entworfen und ist eines von Schottlands wichtigsten H\u00e4usern und ein georgianisches Meisterwerk. Das Haus beherbergt eine fantastische Sammlung an Gem\u00e4lden und M\u00f6beln der Nationalgalerien Schottlands. Duff House befindet sich in herrlicher Lage mit formellen G\u00e4rten, Parkanlagen und Flussspazierwegen und ist das ganze Jahr \u00fcber ge\u00f6ffnet.<\/p>\n<div class=\"snippet\"> <a class=\"featured-item\" href=\" https:\/\/www.urlaubcornwall.de\/blog\/rundreisen-schottland\/\"> <span class=\"image-holder\" style=\"background-image: url(' https:\/\/www.urlaubcornwall.de\/blog\/wp-content\/uploads\/2019\/01\/urlaub-schottland-highlands.jpg ');\"><\/span> <span class=\"featured-content\"> \n<h2 class=\"featured-title\">Rundreise durch Schottland: mit dem Auto bereisen <\/h2>\n<p class=\"featured-body\">Urlaub in Schottland haben etwas f\u00fcr jeden Geschmack zu bieten \u2013 herrliche Sonnenunterg\u00e4nge \u00fcber magischen Inseln, wundersch\u00f6ne und dramatische K\u00fcstenstriche, tiefe, verborgene T\u00e4ler und eine unglaubliche Landschaft&#8230;<\/p>\n<\/span> <span class=\"featured-link-holder\"> <span class=\"featured-extra-info\"> \n<p>Ready Made Touren<\/p>\n<\/span> \n<p class=\"featured-link\">DETAILS<\/p>\n<\/span> <\/a><\/div>\n","protected":false},"excerpt":{"rendered":"<p>Aberdeen: Sehensw\u00fcrdigkeiten, Unterkunft und Geschichte &#8211; Aberdeen ist Schottlands drittgr\u00f6\u00dfte Stadt und befindet sich an der Nordostk\u00fcste. Sie wird \u2018Granitstadt\u2019 genannt aufgrund der grauen Granitgeb\u00e4ude, die das Zentrum dominieren, wobei das spektakul\u00e4rste das alte Marischal College ist mit seinen T\u00fcrmen des fr\u00fchen 20. Jahrhunderts und gegr\u00fcndet im Jahre 1593. &nbsp;Es ist das zweitgr\u00f6\u00dfte Granitgeb\u00e4ude der [&hellip;]<\/p>\n","protected":false},"author":1,"featured_media":0,"parent":0,"menu_order":0,"comment_status":"closed","ping_status":"closed","template":"single-four.php","meta":[],"acf":[],"yoast_head":"<!-- This site is optimized with the Yoast SEO plugin v19.4 - https:\/\/yoast.com\/wordpress\/plugins\/seo\/ -->\n<title>Urlaub in Aberdeen: Die Granit-Stadt, Norden Schottlands - Urlaub &amp; Reisen<\/title>\n<meta name=\"robots\" content=\"index, follow, max-snippet:-1, max-image-preview:large, max-video-preview:-1\" \/>\n<link rel=\"canonical\" href=\"https:\/\/www.urlaubcornwall.de\/blog\/urlaub-in-aberdeen-die-granit-stadt-norden-schottlands\/\" \/>\n<meta property=\"og:locale\" content=\"en_US\" \/>\n<meta property=\"og:type\" content=\"article\" \/>\n<meta property=\"og:title\" content=\"Urlaub in Aberdeen: Die Granit-Stadt, Norden Schottlands - Urlaub &amp; Reisen\" \/>\n<meta property=\"og:description\" content=\"Aberdeen: Sehensw\u00fcrdigkeiten, Unterkunft und Geschichte &#8211; Aberdeen ist Schottlands drittgr\u00f6\u00dfte Stadt und befindet sich an der Nordostk\u00fcste. Sie wird \u2018Granitstadt\u2019 genannt aufgrund der grauen Granitgeb\u00e4ude, die das Zentrum dominieren, wobei das spektakul\u00e4rste das alte Marischal College ist mit seinen T\u00fcrmen des fr\u00fchen 20. Jahrhunderts und gegr\u00fcndet im Jahre 1593. &nbsp;Es ist das zweitgr\u00f6\u00dfte Granitgeb\u00e4ude der [&hellip;]\" \/>\n<meta property=\"og:url\" content=\"https:\/\/www.urlaubcornwall.de\/blog\/urlaub-in-aberdeen-die-granit-stadt-norden-schottlands\/\" \/>\n<meta property=\"og:site_name\" content=\"Urlaub &amp; Reisen\" \/>\n<meta property=\"article:modified_time\" content=\"2024-05-29T12:58:03+00:00\" \/>\n<meta name=\"twitter:card\" content=\"summary\" \/>\n<meta name=\"twitter:label1\" content=\"Est. reading time\" \/>\n\t<meta name=\"twitter:data1\" content=\"3 minutes\" \/>\n<script type=\"application\/ld+json\" class=\"yoast-schema-graph\">{\"@context\":\"https:\/\/schema.org\",\"@graph\":[{\"@type\":\"WebSite\",\"@id\":\"https:\/\/www.urlaubcornwall.de\/blog\/#website\",\"url\":\"https:\/\/www.urlaubcornwall.de\/blog\/\",\"name\":\"Urlaub &amp; Reisen\",\"description\":\"Urlaub, Reisen, Cornwall und S\u00fcdengland: eine perfekte Kombination\",\"potentialAction\":[{\"@type\":\"SearchAction\",\"target\":{\"@type\":\"EntryPoint\",\"urlTemplate\":\"https:\/\/www.urlaubcornwall.de\/blog\/?s={search_term_string}\"},\"query-input\":\"required name=search_term_string\"}],\"inLanguage\":\"en-US\"},{\"@type\":\"WebPage\",\"@id\":\"https:\/\/www.urlaubcornwall.de\/blog\/urlaub-in-aberdeen-die-granit-stadt-norden-schottlands\/\",\"url\":\"https:\/\/www.urlaubcornwall.de\/blog\/urlaub-in-aberdeen-die-granit-stadt-norden-schottlands\/\",\"name\":\"Urlaub in Aberdeen: Die Granit-Stadt, Norden Schottlands - Urlaub &amp; Reisen\",\"isPartOf\":{\"@id\":\"https:\/\/www.urlaubcornwall.de\/blog\/#website\"},\"datePublished\":\"2016-11-06T15:30:14+00:00\",\"dateModified\":\"2024-05-29T12:58:03+00:00\",\"breadcrumb\":{\"@id\":\"https:\/\/www.urlaubcornwall.de\/blog\/urlaub-in-aberdeen-die-granit-stadt-norden-schottlands\/#breadcrumb\"},\"inLanguage\":\"en-US\",\"potentialAction\":[{\"@type\":\"ReadAction\",\"target\":[\"https:\/\/www.urlaubcornwall.de\/blog\/urlaub-in-aberdeen-die-granit-stadt-norden-schottlands\/\"]}]},{\"@type\":\"BreadcrumbList\",\"@id\":\"https:\/\/www.urlaubcornwall.de\/blog\/urlaub-in-aberdeen-die-granit-stadt-norden-schottlands\/#breadcrumb\",\"itemListElement\":[{\"@type\":\"ListItem\",\"position\":1,\"name\":\"Home\",\"item\":\"https:\/\/www.urlaubcornwall.de\/blog\/\"},{\"@type\":\"ListItem\",\"position\":2,\"name\":\"Urlaub in Aberdeen: Die Granit-Stadt, Norden Schottlands\"}]}]}<\/script>\n<!-- \/ Yoast SEO plugin. -->","yoast_head_json":{"title":"Urlaub in Aberdeen: Die Granit-Stadt, Norden Schottlands - Urlaub &amp; Reisen","robots":{"index":"index","follow":"follow","max-snippet":"max-snippet:-1","max-image-preview":"max-image-preview:large","max-video-preview":"max-video-preview:-1"},"canonical":"https:\/\/www.urlaubcornwall.de\/blog\/urlaub-in-aberdeen-die-granit-stadt-norden-schottlands\/","og_locale":"en_US","og_type":"article","og_title":"Urlaub in Aberdeen: Die Granit-Stadt, Norden Schottlands - Urlaub &amp; Reisen","og_description":"Aberdeen: Sehensw\u00fcrdigkeiten, Unterkunft und Geschichte &#8211; Aberdeen ist Schottlands drittgr\u00f6\u00dfte Stadt und befindet sich an der Nordostk\u00fcste. Sie wird \u2018Granitstadt\u2019 genannt aufgrund der grauen Granitgeb\u00e4ude, die das Zentrum dominieren, wobei das spektakul\u00e4rste das alte Marischal College ist mit seinen T\u00fcrmen des fr\u00fchen 20. Jahrhunderts und gegr\u00fcndet im Jahre 1593. &nbsp;Es ist das zweitgr\u00f6\u00dfte Granitgeb\u00e4ude der [&hellip;]","og_url":"https:\/\/www.urlaubcornwall.de\/blog\/urlaub-in-aberdeen-die-granit-stadt-norden-schottlands\/","og_site_name":"Urlaub &amp; Reisen","article_modified_time":"2024-05-29T12:58:03+00:00","twitter_card":"summary","twitter_misc":{"Est. reading time":"3 minutes"},"schema":{"@context":"https:\/\/schema.org","@graph":[{"@type":"WebSite","@id":"https:\/\/www.urlaubcornwall.de\/blog\/#website","url":"https:\/\/www.urlaubcornwall.de\/blog\/","name":"Urlaub &amp; Reisen","description":"Urlaub, Reisen, Cornwall und S\u00fcdengland: eine perfekte Kombination","potentialAction":[{"@type":"SearchAction","target":{"@type":"EntryPoint","urlTemplate":"https:\/\/www.urlaubcornwall.de\/blog\/?s={search_term_string}"},"query-input":"required name=search_term_string"}],"inLanguage":"en-US"},{"@type":"WebPage","@id":"https:\/\/www.urlaubcornwall.de\/blog\/urlaub-in-aberdeen-die-granit-stadt-norden-schottlands\/","url":"https:\/\/www.urlaubcornwall.de\/blog\/urlaub-in-aberdeen-die-granit-stadt-norden-schottlands\/","name":"Urlaub in Aberdeen: Die Granit-Stadt, Norden Schottlands - Urlaub &amp; Reisen","isPartOf":{"@id":"https:\/\/www.urlaubcornwall.de\/blog\/#website"},"datePublished":"2016-11-06T15:30:14+00:00","dateModified":"2024-05-29T12:58:03+00:00","breadcrumb":{"@id":"https:\/\/www.urlaubcornwall.de\/blog\/urlaub-in-aberdeen-die-granit-stadt-norden-schottlands\/#breadcrumb"},"inLanguage":"en-US","potentialAction":[{"@type":"ReadAction","target":["https:\/\/www.urlaubcornwall.de\/blog\/urlaub-in-aberdeen-die-granit-stadt-norden-schottlands\/"]}]},{"@type":"BreadcrumbList","@id":"https:\/\/www.urlaubcornwall.de\/blog\/urlaub-in-aberdeen-die-granit-stadt-norden-schottlands\/#breadcrumb","itemListElement":[{"@type":"ListItem","position":1,"name":"Home","item":"https:\/\/www.urlaubcornwall.de\/blog\/"},{"@type":"ListItem","position":2,"name":"Urlaub in Aberdeen: Die Granit-Stadt, Norden Schottlands"}]}]}},"_links":{"self":[{"href":"https:\/\/www.urlaubcornwall.de\/blog\/wp-json\/wp\/v2\/pages\/25232"}],"collection":[{"href":"https:\/\/www.urlaubcornwall.de\/blog\/wp-json\/wp\/v2\/pages"}],"about":[{"href":"https:\/\/www.urlaubcornwall.de\/blog\/wp-json\/wp\/v2\/types\/page"}],"author":[{"embeddable":true,"href":"https:\/\/www.urlaubcornwall.de\/blog\/wp-json\/wp\/v2\/users\/1"}],"replies":[{"embeddable":true,"href":"https:\/\/www.urlaubcornwall.de\/blog\/wp-json\/wp\/v2\/comments?post=25232"}],"version-history":[{"count":11,"href":"https:\/\/www.urlaubcornwall.de\/blog\/wp-json\/wp\/v2\/pages\/25232\/revisions"}],"predecessor-version":[{"id":50672,"href":"https:\/\/www.urlaubcornwall.de\/blog\/wp-json\/wp\/v2\/pages\/25232\/revisions\/50672"}],"wp:attachment":[{"href":"https:\/\/www.urlaubcornwall.de\/blog\/wp-json\/wp\/v2\/media?parent=25232"}],"curies":[{"name":"wp","href":"https:\/\/api.w.org\/{rel}","templated":true}]}}