{"id":25108,"date":"2016-10-22T14:25:27","date_gmt":"2016-10-22T14:25:27","guid":{"rendered":"https:\/\/www.urlaubcornwall.de\/blog\/?page_id=25108"},"modified":"2024-04-30T15:50:31","modified_gmt":"2024-04-30T15:50:31","slug":"urlaub-in-winchester-sehenswuerdigkeiten-unterkunft-und-geschichte","status":"publish","type":"page","link":"https:\/\/www.urlaubcornwall.de\/blog\/urlaub-in-winchester-sehenswuerdigkeiten-unterkunft-und-geschichte\/","title":{"rendered":"Urlaub in Winchester: Sehensw\u00fcrdigkeiten, Unterkunft und Geschichte"},"content":{"rendered":"<p><img loading=\"lazy\" class=\"aligncenter size-full wp-image-47862\" src=\"https:\/\/www.urlaubcornwall.de\/blog\/wp-content\/uploads\/2024\/03\/Winchester_cathedral.jpg\" alt=\"Winchester_cathedral\" width=\"750\" height=\"500\" srcset=\"https:\/\/www.urlaubcornwall.de\/blog\/wp-content\/uploads\/2024\/03\/Winchester_cathedral.jpg 750w, https:\/\/www.urlaubcornwall.de\/blog\/wp-content\/uploads\/2024\/03\/Winchester_cathedral-300x200.jpg 300w\" sizes=\"(max-width: 750px) 100vw, 750px\" \/><\/p>\n<p><a href=\"https:\/\/www.urlaubcornwall.de\/ferienhaeuser-fewos\/eng\/hampshire\/winchester.html\">Winchester in Hampshire<\/a> war einst die Hauptstadt <a href=\"http:\/\/www.urlaubcornwall.de\/reiseziel\/england.php\">Englands<\/a>, mit der Kathedrale als ihrem gr\u00f6\u00dften Stolz und mit 169,4m die l\u00e4ngste Europas. Winchester ist auch das Zuhause des bekannten Winchester College, der \u00e4ltesten Privatschule des UK und noch immer in den Originalgeb\u00e4uden beheimatet. Die Stadt befindet sich am westlichen Ende des <a href=\"https:\/\/www.urlaubcornwall.de\/ferienhaeuser-fewos\/eng\/hampshire\/hampshire.html\">South Downs Nationalparks<\/a> am Fluss Itchen. <\/p>\n<p>Der romantische Dichter John Keats hielt sich 1819 in Winchester auf, und es inspirierte ihn dazu, viele seiner Gedichte zu schreiben, einschlie\u00dflich \u201eAn den Herbst\u201c, w\u00e4hrend er eines Abends am Flussufer entlang spazierte. Heute l\u00e4sst es sich in der Stadt herrlich umher spazieren, umgeben von historischen St\u00e4tten und Architektur, und sie hat auch eine gro\u00dfe Bannbreite an Shops, Restaurants, Caf\u00e9s und Bars zu bieten.<\/p>\n<p><script async src=\"https:\/\/pagead2.googlesyndication.com\/pagead\/js\/adsbygoogle.js?client=ca-pub-3901089389175725\"\n     crossorigin=\"anonymous\"><\/script><br \/>\n<!-- New UC --><br \/>\n<ins class=\"adsbygoogle\"\n     style=\"display:block\"\n     data-ad-client=\"ca-pub-3901089389175725\"\n     data-ad-slot=\"8080314818\"\n     data-ad-format=\"auto\"\n     data-full-width-responsive=\"true\"><\/ins><br \/>\n<script>\n     (adsbygoogle = window.adsbygoogle || []).push({});\n<\/script><\/p>\n<p><strong>Winchester Cathedral:<\/strong> Die Kathedrale Winchester ist einer der atmosph\u00e4rischsten Orte des Landes inmitten gr\u00fcner Wiesen, umgeben von gereiften B\u00e4umen mit \u00fcber 1000j\u00e4hriger Geschichte. Die gr\u00f6\u00dfte gotische Kathedrale Europas hat Wandgem\u00e4lde aus dem 12. Jahrhundert, mittelalterliches Schnitzwerk und zeitgen\u00f6ssische Kunst.\u00a0 Jane Austen starb im Jahre 1817 in Winchester, ihre Beerdigung fand in der Kathedrale statt, und sie ist im Nordfl\u00fcgel begraben. Die Kathedrale ist Begr\u00e4bnisst\u00e4tte vieler s\u00e4chsischer K\u00f6nige. 2005 wurde die Winchester Kathedrale als Filmset in \u2018Da Vinci Code\u2019 benutzt.<\/p>\n<div class=\"snippet\"> <a class=\"featured-item\" href=\"https:\/\/www.urlaubcornwall.de\/ferienhaeuser\/suedengland.php\"> <span class=\"image-holder\" style=\"background-image: url('https:\/\/www.urlaubcornwall.de\/blog\/wp-content\/uploads\/2024\/03\/ferienhaus-england-cornwall.jpg');\"><\/span> <span class=\"featured-content\"> \n<h2 class=\"featured-title\">Ferienh\u00e4user in S\u00fcdengland<\/h2>\n<p class=\"featured-body\">Bei uns finden Sie Ferienh\u00e4user zum Verlieben &#8211; so einfach ist das! Dank seiner langen Geschichte, der reizvollen Landschaften und seinen vielen Attraktionen ist S\u00fcdengland ein wahres Mekka f\u00fcr Urlauber&#8230;..<\/p><\/span> <span class=\"featured-link-holder\"> <span class=\"featured-extra-info\"> \n<p>Pers\u00f6nlich inspizierter Ferienh\u00e4user<\/p>\n<\/span> \n<p class=\"featured-link\">DETAILS<\/p>\n<\/span> <\/a><\/div>\n<p><strong>Die gro\u00dfe Halle:<\/strong> Die gro\u00dfe Halle ist alles, was \u00fcbrig geblieben ist von der Burg Winchester; die Halle aus dem13. Jahrhundert war eine der gr\u00f6\u00dften und feinsten des UK und ist heute eines der feinsten Beispiele, die \u00fcbrig geblieben sind. In der gro\u00dfen Halle finden Sie den runden Tisch, der der Legende nach der Tisch sein soll, an dem K\u00f6nig Arthus und die Ritter der Tafelrunde Platz nahmen.<\/p>\n<p><strong>Die Stadtm\u00fchle:<\/strong> Im Herzen Winchesters befindet sich die vollkommen restaurierte arbeitende Wasserm\u00fchle. Sie wurde 1743 an der St\u00e4tte einer mittelalterlichen M\u00fchle errichtet. Angetrieben vom Fluss River Itchen ist die M\u00fchle wahrscheinlich die \u00e4lteste arbeitende Wasserm\u00fchle des UK. \u00a0Im Besitz des National Trust, ist sie das ganze Jahr \u00fcber t\u00e4glich ge\u00f6ffnet, und Sie k\u00f6nnen im Laden frisch gmahlenes Vollkornmehl kaufen.<\/p>\n<p><strong>Orte, die es in der N\u00e4he zu besuchen gibt&#8230;<\/strong><\/p>\n<p><a href=\"https:\/\/www.urlaubcornwall.de\/blog\/wp-content\/uploads\/2024\/03\/mottisfont-abbey-garten-rose.jpg\"><img loading=\"lazy\" src=\"https:\/\/www.urlaubcornwall.de\/blog\/wp-content\/uploads\/2024\/03\/mottisfont-abbey-garten-rose.jpg\" alt=\"garten rose\" width=\"747\" height=\"395\" class=\"alignnone size-full wp-image-47911\" srcset=\"https:\/\/www.urlaubcornwall.de\/blog\/wp-content\/uploads\/2024\/03\/mottisfont-abbey-garten-rose.jpg 747w, https:\/\/www.urlaubcornwall.de\/blog\/wp-content\/uploads\/2024\/03\/mottisfont-abbey-garten-rose-300x159.jpg 300w\" sizes=\"(max-width: 747px) 100vw, 747px\" \/><\/a><\/p>\n<p><strong>Hinton Ampner, Hampshire:<\/strong> Hinton Ampner ist ein elegantes Landhaus mit Garten bei Alresford in <a href=\"https:\/\/www.urlaubcornwall.de\/blog\/top-10-reisetipps-hampshire-die-sie-sehen-und-erleben-sollten\/\">Hampshire<\/a>. Die G\u00e4rten sind herrlich und die Kreation von Ralph Dutton, dessen Zuhause dies bis zu seinem Tode 1985 war. Das Haus ist nun im Besitz des National Trust. Die G\u00e4rten sind eine Mischung an formellen und informellen Bepflanzungen in einer Reihe von \u201eR\u00e4umen\u201c, der jeder seinen eigenen Stil hat. Im Sommer bl\u00fchen mehr als 90 verschiedene Rosensorten. Mit Panoramablick \u00fcber die South Downs ist dies ein idealer Ort, um zu entspannen und ein Picknick zu genie\u00dfen.<\/p>\n<p><img loading=\"lazy\" class=\"aligncenter size-full wp-image-19848\" src=\"https:\/\/www.urlaubcornwall.de\/blog\/wp-content\/uploads\/2015\/08\/jane-austin-house.jpg\" alt=\"jane austin chawton alton\" width=\"745\" height=\"375\" \/><\/p>\n<p><strong>Chawton:<\/strong> Das Dorf Chawton befindet sich 26km \u00f6stlich von Winchester. Jane Austen lebte die letzten 8 Jahre ihres Lebens im Dorf, und ihr Haus ist heute Museum; es ist das einzige ihrer H\u00e4user, das der \u00d6ffentlichkeit zug\u00e4nglich ist. Chawton House ist ein elisabethanisches Herrenhaus und war das Zuhause von Jane Austens Bruder, Edward Austen Knight, es beherbergt heute die Chawton House Bibliothek, ein weltbekanntes Zentrum zum Studium fr\u00fcher Schriftstellerinnen; die Bibliothek, sowie der wundersch\u00f6ne Mauergarten sind der \u00d6ffentlichkeit zug\u00e4nglich.<\/p>\n<p><strong>Mottisfont:<\/strong> bei Romsey in Hampshire ist ein romantisches Haus mit Garten in wundersch\u00f6ner Flusslage. Das Haus, das sich im Besitz des National Trust befindet, begann als mittelalterliche Abtei und wurde im 18. Jahrhundert in ein wundersch\u00f6nes Landhaus verwandelt. Der Garten ist das ganze Jahr \u00fcber entz\u00fcckend, mit Blumenteppichen im Fr\u00fchling, einem ummauerten Rosengarten mit der nationalen Sammlung altmodischer Rosen, am besten im Juni, gefolgt von den satten Herbstfarben und einem bunten Wintergarten.<\/p>\n<p><strong>Alresford:<\/strong> Die entz\u00fcckende Stadt Alresford mit ihrer georgianischen Broad Street befindet sich 15km \u00f6stlich von Winchester. Am Fluss Arle gelegen, ist Alresford bekannt als Zentrum der Wasserkressenzucht des UK und Zuhause der Mid Hants Dampfeisenbahn \u2013 bekannt als Wasserkresselinie, da die Hauptfracht einst Wasserkresse war, die in die M\u00e4rkte Londons gebracht wurde. Heute f\u00e4hrt die Dampfeisenbahn 16km durch die wundersch\u00f6ne Landschaft Hampshires zwischen der georgianischen Stadt Alresford und der Marktstadt Alton.<\/p>\n<div class=\"snippet\"> <a class=\"featured-item\" href=\"https:\/\/www.urlaubcornwall.de\/rundreisen\/cornwall-suedengland.php\"> <span class=\"image-holder\" style=\"background-image: url('https:\/\/www.urlaubcornwall.de\/blog\/wp-content\/uploads\/2019\/01\/DiTn0QVWsAIOgjG.jpg');\"><\/span> <span class=\"featured-content\"> \n<h2 class=\"featured-title\">Rundreisen &#038; Urlaub in S\u00fcdengland eine perfekte Kombination<\/h2>\n<p class=\"featured-body\">Die perfekte Reisem\u00f6glichkeit und erm\u00f6glicht es Ihnen, Entdeckungen zu machen und einen Urlaub im eigenen Schritttempo&#8230;.<\/p><\/span> <span class=\"featured-link-holder\"> <span class=\"featured-extra-info\"> \n<p>F\u00fcr Paare, Familien &#038; Gruppen<\/p>\n<\/span> \n<p class=\"featured-link\">DETAILS<\/p>\n<\/span> <\/a><\/div>\n<p><a href=\"http:\/\/www.urlaubcornwall.de\/\">UrlaubCornwall.de<\/a> ist ein in Cornwall ans\u00e4ssiges Unternehmen k\u00f6nnen wir uns mit 20 Jahren Erfahrung in der Organisation von Rundreisen durch <a href=\"https:\/\/www.urlaubcornwall.de\/blog\/top-10-reisetipps-hampshire-die-sie-sehen-und-erleben-sollten\/\">Hampshire<\/a>, S\u00fcdwest und S\u00fcdengland r\u00fchmen.<\/p>\n<p>Um Wichester in Ihre Rundreise durch S\u00fcdengland mit einzugliedern, stellen Sie Ihre <a href=\"http:\/\/www.urlaubcornwall.de\/anfrage.php\">Anfrage<\/a> hier oder w\u00e4hlen Sie ein Ferienhaus aus unserer besten Auswahl handverlesener und inspizierter H\u00e4user aus.<\/p>\n","protected":false},"excerpt":{"rendered":"<p>Winchester in Hampshire war einst die Hauptstadt Englands, mit der Kathedrale als ihrem gr\u00f6\u00dften Stolz und mit 169,4m die l\u00e4ngste Europas. Winchester ist auch das Zuhause des bekannten Winchester College, der \u00e4ltesten Privatschule des UK und noch immer in den Originalgeb\u00e4uden beheimatet. Die Stadt befindet sich am westlichen Ende des South Downs Nationalparks am Fluss [&hellip;]<\/p>\n","protected":false},"author":1,"featured_media":0,"parent":0,"menu_order":0,"comment_status":"closed","ping_status":"closed","template":"single-four.php","meta":[],"acf":[],"yoast_head":"<!-- This site is optimized with the Yoast SEO plugin v19.4 - https:\/\/yoast.com\/wordpress\/plugins\/seo\/ -->\n<title>Urlaub in Winchester: Sehensw\u00fcrdigkeiten, Unterkunft und Geschichte - Urlaub &amp; Reisen<\/title>\n<meta name=\"robots\" content=\"index, follow, max-snippet:-1, max-image-preview:large, max-video-preview:-1\" \/>\n<link rel=\"canonical\" href=\"https:\/\/www.urlaubcornwall.de\/blog\/urlaub-in-winchester-sehenswuerdigkeiten-unterkunft-und-geschichte\/\" \/>\n<meta property=\"og:locale\" content=\"en_US\" \/>\n<meta property=\"og:type\" content=\"article\" \/>\n<meta property=\"og:title\" content=\"Urlaub in Winchester: Sehensw\u00fcrdigkeiten, Unterkunft und Geschichte - Urlaub &amp; Reisen\" \/>\n<meta property=\"og:description\" content=\"Winchester in Hampshire war einst die Hauptstadt Englands, mit der Kathedrale als ihrem gr\u00f6\u00dften Stolz und mit 169,4m die l\u00e4ngste Europas. Winchester ist auch das Zuhause des bekannten Winchester College, der \u00e4ltesten Privatschule des UK und noch immer in den Originalgeb\u00e4uden beheimatet. Die Stadt befindet sich am westlichen Ende des South Downs Nationalparks am Fluss [&hellip;]\" \/>\n<meta property=\"og:url\" content=\"https:\/\/www.urlaubcornwall.de\/blog\/urlaub-in-winchester-sehenswuerdigkeiten-unterkunft-und-geschichte\/\" \/>\n<meta property=\"og:site_name\" content=\"Urlaub &amp; Reisen\" \/>\n<meta property=\"article:modified_time\" content=\"2024-04-30T15:50:31+00:00\" \/>\n<meta property=\"og:image\" content=\"https:\/\/www.urlaubcornwall.de\/blog\/wp-content\/uploads\/2024\/03\/Winchester_cathedral.jpg\" \/>\n<meta name=\"twitter:card\" content=\"summary\" \/>\n<meta name=\"twitter:label1\" content=\"Est. reading time\" \/>\n\t<meta name=\"twitter:data1\" content=\"4 minutes\" \/>\n<script type=\"application\/ld+json\" class=\"yoast-schema-graph\">{\"@context\":\"https:\/\/schema.org\",\"@graph\":[{\"@type\":\"WebSite\",\"@id\":\"https:\/\/www.urlaubcornwall.de\/blog\/#website\",\"url\":\"https:\/\/www.urlaubcornwall.de\/blog\/\",\"name\":\"Urlaub &amp; Reisen\",\"description\":\"Urlaub, Reisen, Cornwall und S\u00fcdengland: eine perfekte Kombination\",\"potentialAction\":[{\"@type\":\"SearchAction\",\"target\":{\"@type\":\"EntryPoint\",\"urlTemplate\":\"https:\/\/www.urlaubcornwall.de\/blog\/?s={search_term_string}\"},\"query-input\":\"required name=search_term_string\"}],\"inLanguage\":\"en-US\"},{\"@type\":\"WebPage\",\"@id\":\"https:\/\/www.urlaubcornwall.de\/blog\/urlaub-in-winchester-sehenswuerdigkeiten-unterkunft-und-geschichte\/\",\"url\":\"https:\/\/www.urlaubcornwall.de\/blog\/urlaub-in-winchester-sehenswuerdigkeiten-unterkunft-und-geschichte\/\",\"name\":\"Urlaub in Winchester: Sehensw\u00fcrdigkeiten, Unterkunft und Geschichte - Urlaub &amp; Reisen\",\"isPartOf\":{\"@id\":\"https:\/\/www.urlaubcornwall.de\/blog\/#website\"},\"datePublished\":\"2016-10-22T14:25:27+00:00\",\"dateModified\":\"2024-04-30T15:50:31+00:00\",\"breadcrumb\":{\"@id\":\"https:\/\/www.urlaubcornwall.de\/blog\/urlaub-in-winchester-sehenswuerdigkeiten-unterkunft-und-geschichte\/#breadcrumb\"},\"inLanguage\":\"en-US\",\"potentialAction\":[{\"@type\":\"ReadAction\",\"target\":[\"https:\/\/www.urlaubcornwall.de\/blog\/urlaub-in-winchester-sehenswuerdigkeiten-unterkunft-und-geschichte\/\"]}]},{\"@type\":\"BreadcrumbList\",\"@id\":\"https:\/\/www.urlaubcornwall.de\/blog\/urlaub-in-winchester-sehenswuerdigkeiten-unterkunft-und-geschichte\/#breadcrumb\",\"itemListElement\":[{\"@type\":\"ListItem\",\"position\":1,\"name\":\"Home\",\"item\":\"https:\/\/www.urlaubcornwall.de\/blog\/\"},{\"@type\":\"ListItem\",\"position\":2,\"name\":\"Urlaub in Winchester: Sehensw\u00fcrdigkeiten, Unterkunft und Geschichte\"}]}]}<\/script>\n<!-- \/ Yoast SEO plugin. -->","yoast_head_json":{"title":"Urlaub in Winchester: Sehensw\u00fcrdigkeiten, Unterkunft und Geschichte - Urlaub &amp; Reisen","robots":{"index":"index","follow":"follow","max-snippet":"max-snippet:-1","max-image-preview":"max-image-preview:large","max-video-preview":"max-video-preview:-1"},"canonical":"https:\/\/www.urlaubcornwall.de\/blog\/urlaub-in-winchester-sehenswuerdigkeiten-unterkunft-und-geschichte\/","og_locale":"en_US","og_type":"article","og_title":"Urlaub in Winchester: Sehensw\u00fcrdigkeiten, Unterkunft und Geschichte - Urlaub &amp; Reisen","og_description":"Winchester in Hampshire war einst die Hauptstadt Englands, mit der Kathedrale als ihrem gr\u00f6\u00dften Stolz und mit 169,4m die l\u00e4ngste Europas. Winchester ist auch das Zuhause des bekannten Winchester College, der \u00e4ltesten Privatschule des UK und noch immer in den Originalgeb\u00e4uden beheimatet. Die Stadt befindet sich am westlichen Ende des South Downs Nationalparks am Fluss [&hellip;]","og_url":"https:\/\/www.urlaubcornwall.de\/blog\/urlaub-in-winchester-sehenswuerdigkeiten-unterkunft-und-geschichte\/","og_site_name":"Urlaub &amp; Reisen","article_modified_time":"2024-04-30T15:50:31+00:00","og_image":[{"url":"https:\/\/www.urlaubcornwall.de\/blog\/wp-content\/uploads\/2024\/03\/Winchester_cathedral.jpg"}],"twitter_card":"summary","twitter_misc":{"Est. reading time":"4 minutes"},"schema":{"@context":"https:\/\/schema.org","@graph":[{"@type":"WebSite","@id":"https:\/\/www.urlaubcornwall.de\/blog\/#website","url":"https:\/\/www.urlaubcornwall.de\/blog\/","name":"Urlaub &amp; Reisen","description":"Urlaub, Reisen, Cornwall und S\u00fcdengland: eine perfekte Kombination","potentialAction":[{"@type":"SearchAction","target":{"@type":"EntryPoint","urlTemplate":"https:\/\/www.urlaubcornwall.de\/blog\/?s={search_term_string}"},"query-input":"required name=search_term_string"}],"inLanguage":"en-US"},{"@type":"WebPage","@id":"https:\/\/www.urlaubcornwall.de\/blog\/urlaub-in-winchester-sehenswuerdigkeiten-unterkunft-und-geschichte\/","url":"https:\/\/www.urlaubcornwall.de\/blog\/urlaub-in-winchester-sehenswuerdigkeiten-unterkunft-und-geschichte\/","name":"Urlaub in Winchester: Sehensw\u00fcrdigkeiten, Unterkunft und Geschichte - Urlaub &amp; Reisen","isPartOf":{"@id":"https:\/\/www.urlaubcornwall.de\/blog\/#website"},"datePublished":"2016-10-22T14:25:27+00:00","dateModified":"2024-04-30T15:50:31+00:00","breadcrumb":{"@id":"https:\/\/www.urlaubcornwall.de\/blog\/urlaub-in-winchester-sehenswuerdigkeiten-unterkunft-und-geschichte\/#breadcrumb"},"inLanguage":"en-US","potentialAction":[{"@type":"ReadAction","target":["https:\/\/www.urlaubcornwall.de\/blog\/urlaub-in-winchester-sehenswuerdigkeiten-unterkunft-und-geschichte\/"]}]},{"@type":"BreadcrumbList","@id":"https:\/\/www.urlaubcornwall.de\/blog\/urlaub-in-winchester-sehenswuerdigkeiten-unterkunft-und-geschichte\/#breadcrumb","itemListElement":[{"@type":"ListItem","position":1,"name":"Home","item":"https:\/\/www.urlaubcornwall.de\/blog\/"},{"@type":"ListItem","position":2,"name":"Urlaub in Winchester: Sehensw\u00fcrdigkeiten, Unterkunft und Geschichte"}]}]}},"_links":{"self":[{"href":"https:\/\/www.urlaubcornwall.de\/blog\/wp-json\/wp\/v2\/pages\/25108"}],"collection":[{"href":"https:\/\/www.urlaubcornwall.de\/blog\/wp-json\/wp\/v2\/pages"}],"about":[{"href":"https:\/\/www.urlaubcornwall.de\/blog\/wp-json\/wp\/v2\/types\/page"}],"author":[{"embeddable":true,"href":"https:\/\/www.urlaubcornwall.de\/blog\/wp-json\/wp\/v2\/users\/1"}],"replies":[{"embeddable":true,"href":"https:\/\/www.urlaubcornwall.de\/blog\/wp-json\/wp\/v2\/comments?post=25108"}],"version-history":[{"count":11,"href":"https:\/\/www.urlaubcornwall.de\/blog\/wp-json\/wp\/v2\/pages\/25108\/revisions"}],"predecessor-version":[{"id":50022,"href":"https:\/\/www.urlaubcornwall.de\/blog\/wp-json\/wp\/v2\/pages\/25108\/revisions\/50022"}],"wp:attachment":[{"href":"https:\/\/www.urlaubcornwall.de\/blog\/wp-json\/wp\/v2\/media?parent=25108"}],"curies":[{"name":"wp","href":"https:\/\/api.w.org\/{rel}","templated":true}]}}