{"id":25041,"date":"2016-09-18T13:27:57","date_gmt":"2016-09-18T13:27:57","guid":{"rendered":"https:\/\/www.urlaubcornwall.de\/blog\/?page_id=25041"},"modified":"2024-05-29T12:34:15","modified_gmt":"2024-05-29T12:34:15","slug":"sprachurlaub-in-england-englisch-lernen","status":"publish","type":"page","link":"https:\/\/www.urlaubcornwall.de\/blog\/sprachurlaub-in-england-englisch-lernen\/","title":{"rendered":"Sprachurlaub in England: Englisch lernen."},"content":{"rendered":"<p><img loading=\"lazy\" class=\"aligncenter size-full wp-image-24295\" src=\"https:\/\/www.urlaubcornwall.de\/blog\/wp-content\/uploads\/2016\/05\/rundreise-england.jpg\" alt=\"sprachreise england\" width=\"744\" height=\"402\" srcset=\"https:\/\/www.urlaubcornwall.de\/blog\/wp-content\/uploads\/2016\/05\/rundreise-england.jpg 744w, https:\/\/www.urlaubcornwall.de\/blog\/wp-content\/uploads\/2016\/05\/rundreise-england-300x162.jpg 300w\" sizes=\"(max-width: 744px) 100vw, 744px\" \/><\/p>\n<p>England geh\u00f6rt zu den beliebtesten Reisezielen f\u00fcr eine Sprachreise. Sie k\u00f6nnen deren Hauptstadt London besuchen und ein Foto vor der London Bridge machen oder den Kopf der Queen im Buckingham Palace betrachten. Erleben Sie die ber\u00fchmten Universit\u00e4tsst\u00e4dte Oxford oder Cambridge oder geschichtstr\u00e4chtige St\u00e4dte wie Warwick. Ein Kurzbesuch zum legend\u00e4ren Stonehenge oder dem faszinierenden Eden Project in Cornwall ist ebenfalls sehr empfehlenswert.<\/p>\n<p>Entdecken Sie in den <a href=\"http:\/\/www.urlaubcornwall.de\/sprachreisen.php\">Sprachferien in England<\/a> Klippen und Sandstr\u00e4nde, die fantastische Felsen- und Berglandschaft mit tiefen Seen. Finden Sie \u00dcberreste r\u00f6mischer Kultur und viele \u00f6rtliche Schl\u00f6sser vor. Sie erweitern Ihren Horizont und erleben einige der zahlreichen Attraktionen in England.<\/p>\n<p>Tauchen Sie in einen Sprachkurs ein w\u00e4hrend Sie die englische Kultur, Br\u00e4uche und Traditionen, vom Fahren auf der rechten Seite bis zum Nachmittagstee, kennenlernen. Probieren Sie einen der vielen gem\u00fctlichen Pubs aus um Kontakte zu den Muttersprachlern aufzubauen und das \u00f6rtliche Ale zu versuchen.<\/p>\n<p>Bei Ihrem <a href=\"http:\/\/www.urlaubcornwall.de\/sprachreisen.php\">Sprachurlaub<\/a> tauchen Sie in die Kultur Britanniens ein. Zus\u00e4tzlich zum Sprachkurs sammeln Sie viele bezaubernde Erfahrungen mit denen Sie die Englischkenntnisse verbessern.<\/p>\n","protected":false},"excerpt":{"rendered":"<p>England geh\u00f6rt zu den beliebtesten Reisezielen f\u00fcr eine Sprachreise. Sie k\u00f6nnen deren Hauptstadt London besuchen und ein Foto vor der London Bridge machen oder den Kopf der Queen im Buckingham Palace betrachten. Erleben Sie die ber\u00fchmten Universit\u00e4tsst\u00e4dte Oxford oder Cambridge oder geschichtstr\u00e4chtige St\u00e4dte wie Warwick. Ein Kurzbesuch zum legend\u00e4ren Stonehenge oder dem faszinierenden Eden Project [&hellip;]<\/p>\n","protected":false},"author":1,"featured_media":0,"parent":0,"menu_order":0,"comment_status":"closed","ping_status":"closed","template":"single-four.php","meta":[],"acf":[],"yoast_head":"<!-- This site is optimized with the Yoast SEO plugin v19.4 - https:\/\/yoast.com\/wordpress\/plugins\/seo\/ -->\n<title>Sprachurlaub in England: Englisch lernen. - Urlaub &amp; Reisen<\/title>\n<meta name=\"robots\" content=\"index, follow, max-snippet:-1, max-image-preview:large, max-video-preview:-1\" \/>\n<link rel=\"canonical\" href=\"https:\/\/www.urlaubcornwall.de\/blog\/sprachurlaub-in-england-englisch-lernen\/\" \/>\n<meta property=\"og:locale\" content=\"en_US\" \/>\n<meta property=\"og:type\" content=\"article\" \/>\n<meta property=\"og:title\" content=\"Sprachurlaub in England: Englisch lernen. - Urlaub &amp; Reisen\" \/>\n<meta property=\"og:description\" content=\"England geh\u00f6rt zu den beliebtesten Reisezielen f\u00fcr eine Sprachreise. Sie k\u00f6nnen deren Hauptstadt London besuchen und ein Foto vor der London Bridge machen oder den Kopf der Queen im Buckingham Palace betrachten. Erleben Sie die ber\u00fchmten Universit\u00e4tsst\u00e4dte Oxford oder Cambridge oder geschichtstr\u00e4chtige St\u00e4dte wie Warwick. Ein Kurzbesuch zum legend\u00e4ren Stonehenge oder dem faszinierenden Eden Project [&hellip;]\" \/>\n<meta property=\"og:url\" content=\"https:\/\/www.urlaubcornwall.de\/blog\/sprachurlaub-in-england-englisch-lernen\/\" \/>\n<meta property=\"og:site_name\" content=\"Urlaub &amp; Reisen\" \/>\n<meta property=\"article:modified_time\" content=\"2024-05-29T12:34:15+00:00\" \/>\n<meta property=\"og:image\" content=\"https:\/\/www.urlaubcornwall.de\/blog\/wp-content\/uploads\/2016\/05\/rundreise-england.jpg\" \/>\n<meta name=\"twitter:card\" content=\"summary\" \/>\n<meta name=\"twitter:label1\" content=\"Est. reading time\" \/>\n\t<meta name=\"twitter:data1\" content=\"1 minute\" \/>\n<script type=\"application\/ld+json\" class=\"yoast-schema-graph\">{\"@context\":\"https:\/\/schema.org\",\"@graph\":[{\"@type\":\"WebSite\",\"@id\":\"https:\/\/www.urlaubcornwall.de\/blog\/#website\",\"url\":\"https:\/\/www.urlaubcornwall.de\/blog\/\",\"name\":\"Urlaub &amp; Reisen\",\"description\":\"Urlaub, Reisen, Cornwall und S\u00fcdengland: eine perfekte Kombination\",\"potentialAction\":[{\"@type\":\"SearchAction\",\"target\":{\"@type\":\"EntryPoint\",\"urlTemplate\":\"https:\/\/www.urlaubcornwall.de\/blog\/?s={search_term_string}\"},\"query-input\":\"required name=search_term_string\"}],\"inLanguage\":\"en-US\"},{\"@type\":\"WebPage\",\"@id\":\"https:\/\/www.urlaubcornwall.de\/blog\/sprachurlaub-in-england-englisch-lernen\/\",\"url\":\"https:\/\/www.urlaubcornwall.de\/blog\/sprachurlaub-in-england-englisch-lernen\/\",\"name\":\"Sprachurlaub in England: Englisch lernen. - Urlaub &amp; Reisen\",\"isPartOf\":{\"@id\":\"https:\/\/www.urlaubcornwall.de\/blog\/#website\"},\"datePublished\":\"2016-09-18T13:27:57+00:00\",\"dateModified\":\"2024-05-29T12:34:15+00:00\",\"breadcrumb\":{\"@id\":\"https:\/\/www.urlaubcornwall.de\/blog\/sprachurlaub-in-england-englisch-lernen\/#breadcrumb\"},\"inLanguage\":\"en-US\",\"potentialAction\":[{\"@type\":\"ReadAction\",\"target\":[\"https:\/\/www.urlaubcornwall.de\/blog\/sprachurlaub-in-england-englisch-lernen\/\"]}]},{\"@type\":\"BreadcrumbList\",\"@id\":\"https:\/\/www.urlaubcornwall.de\/blog\/sprachurlaub-in-england-englisch-lernen\/#breadcrumb\",\"itemListElement\":[{\"@type\":\"ListItem\",\"position\":1,\"name\":\"Home\",\"item\":\"https:\/\/www.urlaubcornwall.de\/blog\/\"},{\"@type\":\"ListItem\",\"position\":2,\"name\":\"Sprachurlaub in England: Englisch lernen.\"}]}]}<\/script>\n<!-- \/ Yoast SEO plugin. -->","yoast_head_json":{"title":"Sprachurlaub in England: Englisch lernen. - Urlaub &amp; Reisen","robots":{"index":"index","follow":"follow","max-snippet":"max-snippet:-1","max-image-preview":"max-image-preview:large","max-video-preview":"max-video-preview:-1"},"canonical":"https:\/\/www.urlaubcornwall.de\/blog\/sprachurlaub-in-england-englisch-lernen\/","og_locale":"en_US","og_type":"article","og_title":"Sprachurlaub in England: Englisch lernen. - Urlaub &amp; Reisen","og_description":"England geh\u00f6rt zu den beliebtesten Reisezielen f\u00fcr eine Sprachreise. Sie k\u00f6nnen deren Hauptstadt London besuchen und ein Foto vor der London Bridge machen oder den Kopf der Queen im Buckingham Palace betrachten. Erleben Sie die ber\u00fchmten Universit\u00e4tsst\u00e4dte Oxford oder Cambridge oder geschichtstr\u00e4chtige St\u00e4dte wie Warwick. Ein Kurzbesuch zum legend\u00e4ren Stonehenge oder dem faszinierenden Eden Project [&hellip;]","og_url":"https:\/\/www.urlaubcornwall.de\/blog\/sprachurlaub-in-england-englisch-lernen\/","og_site_name":"Urlaub &amp; Reisen","article_modified_time":"2024-05-29T12:34:15+00:00","og_image":[{"url":"https:\/\/www.urlaubcornwall.de\/blog\/wp-content\/uploads\/2016\/05\/rundreise-england.jpg"}],"twitter_card":"summary","twitter_misc":{"Est. reading time":"1 minute"},"schema":{"@context":"https:\/\/schema.org","@graph":[{"@type":"WebSite","@id":"https:\/\/www.urlaubcornwall.de\/blog\/#website","url":"https:\/\/www.urlaubcornwall.de\/blog\/","name":"Urlaub &amp; Reisen","description":"Urlaub, Reisen, Cornwall und S\u00fcdengland: eine perfekte Kombination","potentialAction":[{"@type":"SearchAction","target":{"@type":"EntryPoint","urlTemplate":"https:\/\/www.urlaubcornwall.de\/blog\/?s={search_term_string}"},"query-input":"required name=search_term_string"}],"inLanguage":"en-US"},{"@type":"WebPage","@id":"https:\/\/www.urlaubcornwall.de\/blog\/sprachurlaub-in-england-englisch-lernen\/","url":"https:\/\/www.urlaubcornwall.de\/blog\/sprachurlaub-in-england-englisch-lernen\/","name":"Sprachurlaub in England: Englisch lernen. - Urlaub &amp; Reisen","isPartOf":{"@id":"https:\/\/www.urlaubcornwall.de\/blog\/#website"},"datePublished":"2016-09-18T13:27:57+00:00","dateModified":"2024-05-29T12:34:15+00:00","breadcrumb":{"@id":"https:\/\/www.urlaubcornwall.de\/blog\/sprachurlaub-in-england-englisch-lernen\/#breadcrumb"},"inLanguage":"en-US","potentialAction":[{"@type":"ReadAction","target":["https:\/\/www.urlaubcornwall.de\/blog\/sprachurlaub-in-england-englisch-lernen\/"]}]},{"@type":"BreadcrumbList","@id":"https:\/\/www.urlaubcornwall.de\/blog\/sprachurlaub-in-england-englisch-lernen\/#breadcrumb","itemListElement":[{"@type":"ListItem","position":1,"name":"Home","item":"https:\/\/www.urlaubcornwall.de\/blog\/"},{"@type":"ListItem","position":2,"name":"Sprachurlaub in England: Englisch lernen."}]}]}},"_links":{"self":[{"href":"https:\/\/www.urlaubcornwall.de\/blog\/wp-json\/wp\/v2\/pages\/25041"}],"collection":[{"href":"https:\/\/www.urlaubcornwall.de\/blog\/wp-json\/wp\/v2\/pages"}],"about":[{"href":"https:\/\/www.urlaubcornwall.de\/blog\/wp-json\/wp\/v2\/types\/page"}],"author":[{"embeddable":true,"href":"https:\/\/www.urlaubcornwall.de\/blog\/wp-json\/wp\/v2\/users\/1"}],"replies":[{"embeddable":true,"href":"https:\/\/www.urlaubcornwall.de\/blog\/wp-json\/wp\/v2\/comments?post=25041"}],"version-history":[{"count":4,"href":"https:\/\/www.urlaubcornwall.de\/blog\/wp-json\/wp\/v2\/pages\/25041\/revisions"}],"predecessor-version":[{"id":50659,"href":"https:\/\/www.urlaubcornwall.de\/blog\/wp-json\/wp\/v2\/pages\/25041\/revisions\/50659"}],"wp:attachment":[{"href":"https:\/\/www.urlaubcornwall.de\/blog\/wp-json\/wp\/v2\/media?parent=25041"}],"curies":[{"name":"wp","href":"https:\/\/api.w.org\/{rel}","templated":true}]}}