{"id":24925,"date":"2016-08-09T10:30:25","date_gmt":"2016-08-09T10:30:25","guid":{"rendered":"https:\/\/www.urlaubcornwall.de\/blog\/?page_id=24925"},"modified":"2024-05-29T12:35:14","modified_gmt":"2024-05-29T12:35:14","slug":"the-man-engine-feiert-cornwalls-erbe-des-bergbaus","status":"publish","type":"page","link":"https:\/\/www.urlaubcornwall.de\/blog\/the-man-engine-feiert-cornwalls-erbe-des-bergbaus\/","title":{"rendered":"\u201eThe Man Engine\u201c feiert Cornwalls Erbe des Bergbaus."},"content":{"rendered":"<p><img loading=\"lazy\" class=\"aligncenter size-full wp-image-24926\" src=\"https:\/\/www.urlaubcornwall.de\/blog\/wp-content\/uploads\/2016\/08\/man-engine-cornwall.jpg\" alt=\"man engine cornwall\" width=\"745\" height=\"563\" srcset=\"https:\/\/www.urlaubcornwall.de\/blog\/wp-content\/uploads\/2016\/08\/man-engine-cornwall.jpg 745w, https:\/\/www.urlaubcornwall.de\/blog\/wp-content\/uploads\/2016\/08\/man-engine-cornwall-300x227.jpg 300w\" sizes=\"(max-width: 745px) 100vw, 745px\" \/><br \/>\nimage-credit-www.TheManEngine.org.uk<\/p>\n<p>Er traf schlie\u00dflich am 6. August in Cornwalls <a href=\"https:\/\/www.urlaubcornwall.de\/blog\/geevor-zinn-bergwerk\/\">Geevor Zinnbergwerk<\/a> ein, einer Weltkulturerbest\u00e4tte, nachdem er diesen Sommer 130 Meilen entlang der granitenen Wirbels\u00e4ule Cornwalls zur\u00fcckgelegt hatte. \u201eThe Man Engine\u201c mit seinen 10 Metern H\u00f6he wiegt nahezu 40 Tonnen und ist die gr\u00f6\u00dfte, verr\u00fcckteste mechanische Puppe, die je in Britannien gebaut wurde.<\/p>\n<p>Sie entspricht der Gr\u00f6\u00dfe eines Londoner Doppeldeckerbuses, wenn sie sich in einen riesigen Bergarbeiter verwandelt, der \u00fcber erwartungsvollen Menschenmassen thront. Sie ist Teil eines innovativen Projektes, das geschaffen wurde, um das zehnj\u00e4hrige Jubil\u00e4um von <a href=\"http:\/\/www.urlaubcornwall.de\/reiseziel\/cornwall.php\">Cornwalls<\/a> einzigartigen Landschaften zu feiern, die vom Bergbau gepr\u00e4gt und mit dem Status eines Weltkulturerbes ausgezeichnet wurden.<\/p>\n<p>Es erforderte monatelange Vorbereitung und f\u00fcr die &nbsp;Konstruktion harte Tage und N\u00e4chte mit H\u00e4mmern und Schwei\u00dfen an einem geheimen Ort irgendwo in Cornwall, bevor der Koloss dann enth\u00fcllt wurde.<\/p>\n<p>Hunderte von Stimmen sind erforderlich, um den \u2018Haka Balweyth\u2018(einen m\u00e4chtigen Bergbau Dialog) zu &nbsp;singen und zu rufen, um den \u201eMan Engine\u201c von seinem Schlaf aufzuwecken. Er ist zum einen Teil Dampfmotor, zum anderen feuerspeiender Roboter mit Hebeln, R\u00e4dern, Trichtern und B\u00e4lgen. Er rumpelt seinen Weg entlang, Kolben pumpend, bis zu den Klippen von Cornwalls fernem Westen anl\u00e4sslich des Finales.<\/p>\n<p><img loading=\"lazy\" class=\"aligncenter size-full wp-image-24928\" src=\"https:\/\/www.urlaubcornwall.de\/blog\/wp-content\/uploads\/2016\/08\/1-l.jpeg\" alt=\"\" width=\"745\" height=\"527\" srcset=\"https:\/\/www.urlaubcornwall.de\/blog\/wp-content\/uploads\/2016\/08\/1-l.jpeg 745w, https:\/\/www.urlaubcornwall.de\/blog\/wp-content\/uploads\/2016\/08\/1-l-300x212.jpeg 300w\" sizes=\"(max-width: 745px) 100vw, 745px\" \/><\/p>\n<p>Cornwalls Beitrag zum Bergbau der Welt beinhaltet Mineralien wie Kupfer, Zinn, Blei und Silber, die aus den Tiefen ausgegraben und in die Ferne und Weite exportiert wurden, bis hin zu den fachkundigen Bergarbeitern, die ihr cornisches Zuhause verlie\u00dfen, um ihr Gl\u00fcck andernorts zu machen und dabei Fachwissen und Arbeitskraft in die Bergwerke von Australien bis Mexiko brachten; nicht zu vergessen die gro\u00dfartigen cornischen Erfinder wie Trevithick und Davy, die Bergbau, Technik und Verkehr ver\u00e4nderten.<\/p>\n<p><img loading=\"lazy\" class=\"aligncenter size-full wp-image-24930\" src=\"https:\/\/www.urlaubcornwall.de\/blog\/wp-content\/uploads\/2016\/08\/cornwall-mining.jpg\" alt=\"cornwall mining\" width=\"745\" height=\"573\" srcset=\"https:\/\/www.urlaubcornwall.de\/blog\/wp-content\/uploads\/2016\/08\/cornwall-mining.jpg 745w, https:\/\/www.urlaubcornwall.de\/blog\/wp-content\/uploads\/2016\/08\/cornwall-mining-300x231.jpg 300w\" sizes=\"(max-width: 745px) 100vw, 745px\" \/><\/p>\n<p>Der urspr\u00fcngliche \u201eMan Engine\u201c, der zuerst im Jahre 1842 bei Lanner installiert wurde, half dabei, die Produktion zu steigern und die Reisezeit zu und von den Mineralvorkommen zur H\u00e4lfte zu reduzieren. Doch niemals bildete der Bergbau einen sicheren Arbeitsplatz, und viele haben im Laufe der Jahre ihr Leben gelassen. Dieses Projekt reflektiert sowohl die Erfolge als auch die Trag\u00f6dien cornischer Bergleute beim Bergen kostbarer Mineralien aus dem Untergrund.<\/p>\n<p>Die 130 Meilen lange Reise des \u201eMan Engines\u201c begann in Tavistock und besuchte die Hauptst\u00e4dte Cornwalls, einschlie\u00dflich Truro, Penzance, Liskeard; sowie Weltkulturerbest\u00e4tte wie Wheal Jane, Wheal Coates, Botallack und schlie\u00dflich Geevor. Er versetzte Massen von Besuchern und Einheimische in Erstaunen. Eine wahrhaft einzigartige cornische Erfahrung!<\/p>\n<p>Mehr dazu finden Sie unter <a href=\"http:\/\/www.TheManEngine.org.uk\">www.TheManEngine.org.uk<\/a><\/p>\n","protected":false},"excerpt":{"rendered":"<p>image-credit-www.TheManEngine.org.uk Er traf schlie\u00dflich am 6. August in Cornwalls Geevor Zinnbergwerk ein, einer Weltkulturerbest\u00e4tte, nachdem er diesen Sommer 130 Meilen entlang der granitenen Wirbels\u00e4ule Cornwalls zur\u00fcckgelegt hatte. \u201eThe Man Engine\u201c mit seinen 10 Metern H\u00f6he wiegt nahezu 40 Tonnen und ist die gr\u00f6\u00dfte, verr\u00fcckteste mechanische Puppe, die je in Britannien gebaut wurde. Sie entspricht der [&hellip;]<\/p>\n","protected":false},"author":1,"featured_media":0,"parent":0,"menu_order":0,"comment_status":"closed","ping_status":"closed","template":"single-four.php","meta":[],"acf":[],"yoast_head":"<!-- This site is optimized with the Yoast SEO plugin v19.4 - https:\/\/yoast.com\/wordpress\/plugins\/seo\/ -->\n<title>\u201eThe Man Engine\u201c feiert Cornwalls Erbe des Bergbaus. - Urlaub &amp; Reisen<\/title>\n<meta name=\"robots\" content=\"index, follow, max-snippet:-1, max-image-preview:large, max-video-preview:-1\" \/>\n<link rel=\"canonical\" href=\"https:\/\/www.urlaubcornwall.de\/blog\/the-man-engine-feiert-cornwalls-erbe-des-bergbaus\/\" \/>\n<meta property=\"og:locale\" content=\"en_US\" \/>\n<meta property=\"og:type\" content=\"article\" \/>\n<meta property=\"og:title\" content=\"\u201eThe Man Engine\u201c feiert Cornwalls Erbe des Bergbaus. - Urlaub &amp; Reisen\" \/>\n<meta property=\"og:description\" content=\"image-credit-www.TheManEngine.org.uk Er traf schlie\u00dflich am 6. August in Cornwalls Geevor Zinnbergwerk ein, einer Weltkulturerbest\u00e4tte, nachdem er diesen Sommer 130 Meilen entlang der granitenen Wirbels\u00e4ule Cornwalls zur\u00fcckgelegt hatte. \u201eThe Man Engine\u201c mit seinen 10 Metern H\u00f6he wiegt nahezu 40 Tonnen und ist die gr\u00f6\u00dfte, verr\u00fcckteste mechanische Puppe, die je in Britannien gebaut wurde. Sie entspricht der [&hellip;]\" \/>\n<meta property=\"og:url\" content=\"https:\/\/www.urlaubcornwall.de\/blog\/the-man-engine-feiert-cornwalls-erbe-des-bergbaus\/\" \/>\n<meta property=\"og:site_name\" content=\"Urlaub &amp; Reisen\" \/>\n<meta property=\"article:modified_time\" content=\"2024-05-29T12:35:14+00:00\" \/>\n<meta property=\"og:image\" content=\"https:\/\/www.urlaubcornwall.de\/blog\/wp-content\/uploads\/2016\/08\/man-engine-cornwall.jpg\" \/>\n<meta name=\"twitter:card\" content=\"summary\" \/>\n<meta name=\"twitter:label1\" content=\"Est. reading time\" \/>\n\t<meta name=\"twitter:data1\" content=\"3 minutes\" \/>\n<script type=\"application\/ld+json\" class=\"yoast-schema-graph\">{\"@context\":\"https:\/\/schema.org\",\"@graph\":[{\"@type\":\"WebSite\",\"@id\":\"https:\/\/www.urlaubcornwall.de\/blog\/#website\",\"url\":\"https:\/\/www.urlaubcornwall.de\/blog\/\",\"name\":\"Urlaub &amp; Reisen\",\"description\":\"Urlaub, Reisen, Cornwall und S\u00fcdengland: eine perfekte Kombination\",\"potentialAction\":[{\"@type\":\"SearchAction\",\"target\":{\"@type\":\"EntryPoint\",\"urlTemplate\":\"https:\/\/www.urlaubcornwall.de\/blog\/?s={search_term_string}\"},\"query-input\":\"required name=search_term_string\"}],\"inLanguage\":\"en-US\"},{\"@type\":\"WebPage\",\"@id\":\"https:\/\/www.urlaubcornwall.de\/blog\/the-man-engine-feiert-cornwalls-erbe-des-bergbaus\/\",\"url\":\"https:\/\/www.urlaubcornwall.de\/blog\/the-man-engine-feiert-cornwalls-erbe-des-bergbaus\/\",\"name\":\"\u201eThe Man Engine\u201c feiert Cornwalls Erbe des Bergbaus. - Urlaub &amp; Reisen\",\"isPartOf\":{\"@id\":\"https:\/\/www.urlaubcornwall.de\/blog\/#website\"},\"datePublished\":\"2016-08-09T10:30:25+00:00\",\"dateModified\":\"2024-05-29T12:35:14+00:00\",\"breadcrumb\":{\"@id\":\"https:\/\/www.urlaubcornwall.de\/blog\/the-man-engine-feiert-cornwalls-erbe-des-bergbaus\/#breadcrumb\"},\"inLanguage\":\"en-US\",\"potentialAction\":[{\"@type\":\"ReadAction\",\"target\":[\"https:\/\/www.urlaubcornwall.de\/blog\/the-man-engine-feiert-cornwalls-erbe-des-bergbaus\/\"]}]},{\"@type\":\"BreadcrumbList\",\"@id\":\"https:\/\/www.urlaubcornwall.de\/blog\/the-man-engine-feiert-cornwalls-erbe-des-bergbaus\/#breadcrumb\",\"itemListElement\":[{\"@type\":\"ListItem\",\"position\":1,\"name\":\"Home\",\"item\":\"https:\/\/www.urlaubcornwall.de\/blog\/\"},{\"@type\":\"ListItem\",\"position\":2,\"name\":\"\u201eThe Man Engine\u201c feiert Cornwalls Erbe des Bergbaus.\"}]}]}<\/script>\n<!-- \/ Yoast SEO plugin. -->","yoast_head_json":{"title":"\u201eThe Man Engine\u201c feiert Cornwalls Erbe des Bergbaus. - Urlaub &amp; Reisen","robots":{"index":"index","follow":"follow","max-snippet":"max-snippet:-1","max-image-preview":"max-image-preview:large","max-video-preview":"max-video-preview:-1"},"canonical":"https:\/\/www.urlaubcornwall.de\/blog\/the-man-engine-feiert-cornwalls-erbe-des-bergbaus\/","og_locale":"en_US","og_type":"article","og_title":"\u201eThe Man Engine\u201c feiert Cornwalls Erbe des Bergbaus. - Urlaub &amp; Reisen","og_description":"image-credit-www.TheManEngine.org.uk Er traf schlie\u00dflich am 6. August in Cornwalls Geevor Zinnbergwerk ein, einer Weltkulturerbest\u00e4tte, nachdem er diesen Sommer 130 Meilen entlang der granitenen Wirbels\u00e4ule Cornwalls zur\u00fcckgelegt hatte. \u201eThe Man Engine\u201c mit seinen 10 Metern H\u00f6he wiegt nahezu 40 Tonnen und ist die gr\u00f6\u00dfte, verr\u00fcckteste mechanische Puppe, die je in Britannien gebaut wurde. Sie entspricht der [&hellip;]","og_url":"https:\/\/www.urlaubcornwall.de\/blog\/the-man-engine-feiert-cornwalls-erbe-des-bergbaus\/","og_site_name":"Urlaub &amp; Reisen","article_modified_time":"2024-05-29T12:35:14+00:00","og_image":[{"url":"https:\/\/www.urlaubcornwall.de\/blog\/wp-content\/uploads\/2016\/08\/man-engine-cornwall.jpg"}],"twitter_card":"summary","twitter_misc":{"Est. reading time":"3 minutes"},"schema":{"@context":"https:\/\/schema.org","@graph":[{"@type":"WebSite","@id":"https:\/\/www.urlaubcornwall.de\/blog\/#website","url":"https:\/\/www.urlaubcornwall.de\/blog\/","name":"Urlaub &amp; Reisen","description":"Urlaub, Reisen, Cornwall und S\u00fcdengland: eine perfekte Kombination","potentialAction":[{"@type":"SearchAction","target":{"@type":"EntryPoint","urlTemplate":"https:\/\/www.urlaubcornwall.de\/blog\/?s={search_term_string}"},"query-input":"required name=search_term_string"}],"inLanguage":"en-US"},{"@type":"WebPage","@id":"https:\/\/www.urlaubcornwall.de\/blog\/the-man-engine-feiert-cornwalls-erbe-des-bergbaus\/","url":"https:\/\/www.urlaubcornwall.de\/blog\/the-man-engine-feiert-cornwalls-erbe-des-bergbaus\/","name":"\u201eThe Man Engine\u201c feiert Cornwalls Erbe des Bergbaus. - Urlaub &amp; Reisen","isPartOf":{"@id":"https:\/\/www.urlaubcornwall.de\/blog\/#website"},"datePublished":"2016-08-09T10:30:25+00:00","dateModified":"2024-05-29T12:35:14+00:00","breadcrumb":{"@id":"https:\/\/www.urlaubcornwall.de\/blog\/the-man-engine-feiert-cornwalls-erbe-des-bergbaus\/#breadcrumb"},"inLanguage":"en-US","potentialAction":[{"@type":"ReadAction","target":["https:\/\/www.urlaubcornwall.de\/blog\/the-man-engine-feiert-cornwalls-erbe-des-bergbaus\/"]}]},{"@type":"BreadcrumbList","@id":"https:\/\/www.urlaubcornwall.de\/blog\/the-man-engine-feiert-cornwalls-erbe-des-bergbaus\/#breadcrumb","itemListElement":[{"@type":"ListItem","position":1,"name":"Home","item":"https:\/\/www.urlaubcornwall.de\/blog\/"},{"@type":"ListItem","position":2,"name":"\u201eThe Man Engine\u201c feiert Cornwalls Erbe des Bergbaus."}]}]}},"_links":{"self":[{"href":"https:\/\/www.urlaubcornwall.de\/blog\/wp-json\/wp\/v2\/pages\/24925"}],"collection":[{"href":"https:\/\/www.urlaubcornwall.de\/blog\/wp-json\/wp\/v2\/pages"}],"about":[{"href":"https:\/\/www.urlaubcornwall.de\/blog\/wp-json\/wp\/v2\/types\/page"}],"author":[{"embeddable":true,"href":"https:\/\/www.urlaubcornwall.de\/blog\/wp-json\/wp\/v2\/users\/1"}],"replies":[{"embeddable":true,"href":"https:\/\/www.urlaubcornwall.de\/blog\/wp-json\/wp\/v2\/comments?post=24925"}],"version-history":[{"count":6,"href":"https:\/\/www.urlaubcornwall.de\/blog\/wp-json\/wp\/v2\/pages\/24925\/revisions"}],"predecessor-version":[{"id":50660,"href":"https:\/\/www.urlaubcornwall.de\/blog\/wp-json\/wp\/v2\/pages\/24925\/revisions\/50660"}],"wp:attachment":[{"href":"https:\/\/www.urlaubcornwall.de\/blog\/wp-json\/wp\/v2\/media?parent=24925"}],"curies":[{"name":"wp","href":"https:\/\/api.w.org\/{rel}","templated":true}]}}