{"id":24746,"date":"2016-07-03T10:51:48","date_gmt":"2016-07-03T10:51:48","guid":{"rendered":"https:\/\/www.urlaubcornwall.de\/blog\/?page_id=24746"},"modified":"2024-04-12T10:51:27","modified_gmt":"2024-04-12T10:51:27","slug":"abbotsbury-dorset-unterkunft-sehenswuerdigkeiten-und-geschichte","status":"publish","type":"page","link":"https:\/\/www.urlaubcornwall.de\/blog\/abbotsbury-dorset-unterkunft-sehenswuerdigkeiten-und-geschichte\/","title":{"rendered":"Abbotsbury, Dorset: Unterkunft, Sehensw\u00fcrdigkeiten und Geschichte"},"content":{"rendered":"<p><img loading=\"lazy\" class=\"aligncenter size-full wp-image-47880\" src=\"https:\/\/www.urlaubcornwall.de\/blog\/wp-content\/uploads\/2024\/03\/abbotsbury-dorset.jpg\" alt=\"abbotsbury-dorset\" width=\"750\" height=\"500\" srcset=\"https:\/\/www.urlaubcornwall.de\/blog\/wp-content\/uploads\/2024\/03\/abbotsbury-dorset.jpg 750w, https:\/\/www.urlaubcornwall.de\/blog\/wp-content\/uploads\/2024\/03\/abbotsbury-dorset-300x200.jpg 300w\" sizes=\"(max-width: 750px) 100vw, 750px\" \/><\/p>\n<p><a href=\"https:\/\/www.urlaubcornwall.de\/ferienhaeuser-fewos\/eng\/dorset\/abbotsbury.html\">Abbotsbury in Dorset<\/a> ist ein Dorf mit h\u00fcbschen, golden reetgedeckten H\u00e4usern in einem Tal besonderer Natursch\u00f6nheit. Dieses postkartensch\u00f6ne Dorf ist tief verankert in der Geschichte, umgeben von spektakul\u00e4rer Landschaft und hat dem Besucher viel zu bieten.<\/p>\n<p><strong>Abbotsbury Schwanenzucht:<\/strong> Der Abbotsbury Schwanenzucht liegt am Meer auf einer Lagune, die durch den Chesil Beach gesch\u00fctzt ist. Der Schwanenbereich, der seit mehr als 600 Jahren hier existiert, ist der einzige Ort der Welt, wo Sie zwischen einer Kolonie br\u00fctender stummer Schw\u00e4ne spazieren. Die Lage ist friedvoll und entz\u00fcckend; der mit Blumen umgrenzte Pfad, der einem Bach folgt, f\u00fchrt Sie zur Lagune, wo sich mehr als 600 Schw\u00e4ne versammeln. Die Schwanenzucht ist von M\u00e4rz bis Oktober t\u00e4glich ge\u00f6ffnet. Hunde sind nicht gestattet, da sie die Schw\u00e4ne ver\u00e4rgern k\u00f6nnten.<\/p>\n<p><strong>Abbotsbury Subtropische G\u00e4rten:<\/strong> Die &nbsp;Abbotsbury Subtropischen G\u00e4rten sind erwachsen aus einem ummauerten Kr\u00e4utergarten des 18. Jahrhunderts, 1765 gegr\u00fcndet von der Gr\u00e4fin von Ilminster f\u00fcr ihr nahegelegenes Schloss, und haben sich entwickelt zu einem 121 Quadratmeter gro\u00dfen Garten voller seltener exotischer Pflanzen. Der Garten ist eine Mischung an formellen und informellen Pflanzen. Er ist bekannt f\u00fcr seine Kamelien und Magnolien. Vom H\u00f6chstpunkt des Magnolienweges ergibt sich ein fantastischer Blick \u00fcber die Jurak\u00fcste Dorsets hinweg. Der Garten ist von Januar bis Mitte Dezember ge\u00f6ffnet und angeleinte Hunde sind willkommen.<\/p>\n<p><strong>St Catherines Kapelle:<\/strong> St Catherines Kapelle ist eine kleine Pilgerkapelle des 14. Jahrhunderts, die von den M\u00f6nchen der Abtei f\u00fcr private Gebete genutzt wurde. Die Abtei Abbotsbury wurde im 10. Jahrhundert gegr\u00fcndet und existierte mehr als 500 Jahre lang, bis sie w\u00e4hrend der Herrschaft von Heinrich VIII zerst\u00f6rt wurde. Das Gestein der Abtei wurde f\u00fcr zahlreiche Geb\u00e4ude des Dorfes benutzt. Die Kapelle befindet sich auf einem 80m hohen H\u00fcgel mit Blick \u00fcber den Chesil Beach und die Isle of Portland \u2013 der Blick ist fantastisch. Sie k\u00f6nnen die Kapelle t\u00e4glich zu Tageslichtzeiten erkunden.<\/p>\n<p><strong>&nbsp;Abbotsbury Abtei-Kinderfarm:<\/strong> Die Zehntscheuer, die zur Abbotsbury Abtei geh\u00f6rte, wurde um 1400 erbaut, misst 83m x 9,5 m und ist somit die weltgr\u00f6\u00dfte Zehntscheuer. Heute finden Sie dort die Abbotsbury Kinderfarm, ein gro\u00dfartiger Ort f\u00fcr kleine Kinder, um Tiere zu sehen und zu f\u00fcttern, auf Ponys zu reiten und in einem Innenspielbereich zu spielen.<\/p>\n<h2 style=\"text-align: center;\">Bei uns finden Sie Ferienh\u00e4user zum Verlieben; so einfach ist das!<\/h2>\n<p style=\"text-align: center;\"><a class=\"tidycta\" href=\"https:\/\/www.urlaubcornwall.de\/ferienhaeuser-fewos\/dorset.html\">Suche Ferienh\u00e4user Dorset &gt;<\/a><\/p>\n<p style=\"text-align: center;\">Pers\u00f6nlich inspizierte <a href=\"https:\/\/www.urlaubcornwall.de\/ferienhaeuser\/suedengland.php\">Ferienh\u00e4user und Ferienwohnungen in S\u00fcdengland<\/a> f\u00fcr Ihren Urlaub.<\/p>\n<p>Um Abbotsbury und Dorset in Ihre Rundreise durch S\u00fcdengland mit einzugliedern, stellen Sie Ihre <a href=\"http:\/\/www.urlaubcornwall.de\/anfrage.php\">Anfrage<\/a> hier.<\/p>\n","protected":false},"excerpt":{"rendered":"<p>Abbotsbury in Dorset ist ein Dorf mit h\u00fcbschen, golden reetgedeckten H\u00e4usern in einem Tal besonderer Natursch\u00f6nheit. Dieses postkartensch\u00f6ne Dorf ist tief verankert in der Geschichte, umgeben von spektakul\u00e4rer Landschaft und hat dem Besucher viel zu bieten. Abbotsbury Schwanenzucht: Der Abbotsbury Schwanenzucht liegt am Meer auf einer Lagune, die durch den Chesil Beach gesch\u00fctzt ist. Der [&hellip;]<\/p>\n","protected":false},"author":1,"featured_media":0,"parent":0,"menu_order":0,"comment_status":"closed","ping_status":"closed","template":"single-four.php","meta":[],"acf":[],"yoast_head":"<!-- This site is optimized with the Yoast SEO plugin v19.4 - https:\/\/yoast.com\/wordpress\/plugins\/seo\/ -->\n<title>Abbotsbury, Dorset: Unterkunft, Sehensw\u00fcrdigkeiten und Geschichte - Urlaub &amp; Reisen<\/title>\n<meta name=\"robots\" content=\"index, follow, max-snippet:-1, max-image-preview:large, max-video-preview:-1\" \/>\n<link rel=\"canonical\" href=\"https:\/\/www.urlaubcornwall.de\/blog\/abbotsbury-dorset-unterkunft-sehenswuerdigkeiten-und-geschichte\/\" \/>\n<meta property=\"og:locale\" content=\"en_US\" \/>\n<meta property=\"og:type\" content=\"article\" \/>\n<meta property=\"og:title\" content=\"Abbotsbury, Dorset: Unterkunft, Sehensw\u00fcrdigkeiten und Geschichte - Urlaub &amp; Reisen\" \/>\n<meta property=\"og:description\" content=\"Abbotsbury in Dorset ist ein Dorf mit h\u00fcbschen, golden reetgedeckten H\u00e4usern in einem Tal besonderer Natursch\u00f6nheit. Dieses postkartensch\u00f6ne Dorf ist tief verankert in der Geschichte, umgeben von spektakul\u00e4rer Landschaft und hat dem Besucher viel zu bieten. Abbotsbury Schwanenzucht: Der Abbotsbury Schwanenzucht liegt am Meer auf einer Lagune, die durch den Chesil Beach gesch\u00fctzt ist. Der [&hellip;]\" \/>\n<meta property=\"og:url\" content=\"https:\/\/www.urlaubcornwall.de\/blog\/abbotsbury-dorset-unterkunft-sehenswuerdigkeiten-und-geschichte\/\" \/>\n<meta property=\"og:site_name\" content=\"Urlaub &amp; Reisen\" \/>\n<meta property=\"article:modified_time\" content=\"2024-04-12T10:51:27+00:00\" \/>\n<meta property=\"og:image\" content=\"https:\/\/www.urlaubcornwall.de\/blog\/wp-content\/uploads\/2024\/03\/abbotsbury-dorset.jpg\" \/>\n<meta name=\"twitter:card\" content=\"summary\" \/>\n<meta name=\"twitter:label1\" content=\"Est. reading time\" \/>\n\t<meta name=\"twitter:data1\" content=\"2 minutes\" \/>\n<script type=\"application\/ld+json\" class=\"yoast-schema-graph\">{\"@context\":\"https:\/\/schema.org\",\"@graph\":[{\"@type\":\"WebSite\",\"@id\":\"https:\/\/www.urlaubcornwall.de\/blog\/#website\",\"url\":\"https:\/\/www.urlaubcornwall.de\/blog\/\",\"name\":\"Urlaub &amp; Reisen\",\"description\":\"Urlaub, Reisen, Cornwall und S\u00fcdengland: eine perfekte Kombination\",\"potentialAction\":[{\"@type\":\"SearchAction\",\"target\":{\"@type\":\"EntryPoint\",\"urlTemplate\":\"https:\/\/www.urlaubcornwall.de\/blog\/?s={search_term_string}\"},\"query-input\":\"required name=search_term_string\"}],\"inLanguage\":\"en-US\"},{\"@type\":\"WebPage\",\"@id\":\"https:\/\/www.urlaubcornwall.de\/blog\/abbotsbury-dorset-unterkunft-sehenswuerdigkeiten-und-geschichte\/\",\"url\":\"https:\/\/www.urlaubcornwall.de\/blog\/abbotsbury-dorset-unterkunft-sehenswuerdigkeiten-und-geschichte\/\",\"name\":\"Abbotsbury, Dorset: Unterkunft, Sehensw\u00fcrdigkeiten und Geschichte - Urlaub &amp; Reisen\",\"isPartOf\":{\"@id\":\"https:\/\/www.urlaubcornwall.de\/blog\/#website\"},\"datePublished\":\"2016-07-03T10:51:48+00:00\",\"dateModified\":\"2024-04-12T10:51:27+00:00\",\"breadcrumb\":{\"@id\":\"https:\/\/www.urlaubcornwall.de\/blog\/abbotsbury-dorset-unterkunft-sehenswuerdigkeiten-und-geschichte\/#breadcrumb\"},\"inLanguage\":\"en-US\",\"potentialAction\":[{\"@type\":\"ReadAction\",\"target\":[\"https:\/\/www.urlaubcornwall.de\/blog\/abbotsbury-dorset-unterkunft-sehenswuerdigkeiten-und-geschichte\/\"]}]},{\"@type\":\"BreadcrumbList\",\"@id\":\"https:\/\/www.urlaubcornwall.de\/blog\/abbotsbury-dorset-unterkunft-sehenswuerdigkeiten-und-geschichte\/#breadcrumb\",\"itemListElement\":[{\"@type\":\"ListItem\",\"position\":1,\"name\":\"Home\",\"item\":\"https:\/\/www.urlaubcornwall.de\/blog\/\"},{\"@type\":\"ListItem\",\"position\":2,\"name\":\"Abbotsbury, Dorset: Unterkunft, Sehensw\u00fcrdigkeiten und Geschichte\"}]}]}<\/script>\n<!-- \/ Yoast SEO plugin. -->","yoast_head_json":{"title":"Abbotsbury, Dorset: Unterkunft, Sehensw\u00fcrdigkeiten und Geschichte - Urlaub &amp; Reisen","robots":{"index":"index","follow":"follow","max-snippet":"max-snippet:-1","max-image-preview":"max-image-preview:large","max-video-preview":"max-video-preview:-1"},"canonical":"https:\/\/www.urlaubcornwall.de\/blog\/abbotsbury-dorset-unterkunft-sehenswuerdigkeiten-und-geschichte\/","og_locale":"en_US","og_type":"article","og_title":"Abbotsbury, Dorset: Unterkunft, Sehensw\u00fcrdigkeiten und Geschichte - Urlaub &amp; Reisen","og_description":"Abbotsbury in Dorset ist ein Dorf mit h\u00fcbschen, golden reetgedeckten H\u00e4usern in einem Tal besonderer Natursch\u00f6nheit. Dieses postkartensch\u00f6ne Dorf ist tief verankert in der Geschichte, umgeben von spektakul\u00e4rer Landschaft und hat dem Besucher viel zu bieten. Abbotsbury Schwanenzucht: Der Abbotsbury Schwanenzucht liegt am Meer auf einer Lagune, die durch den Chesil Beach gesch\u00fctzt ist. Der [&hellip;]","og_url":"https:\/\/www.urlaubcornwall.de\/blog\/abbotsbury-dorset-unterkunft-sehenswuerdigkeiten-und-geschichte\/","og_site_name":"Urlaub &amp; Reisen","article_modified_time":"2024-04-12T10:51:27+00:00","og_image":[{"url":"https:\/\/www.urlaubcornwall.de\/blog\/wp-content\/uploads\/2024\/03\/abbotsbury-dorset.jpg"}],"twitter_card":"summary","twitter_misc":{"Est. reading time":"2 minutes"},"schema":{"@context":"https:\/\/schema.org","@graph":[{"@type":"WebSite","@id":"https:\/\/www.urlaubcornwall.de\/blog\/#website","url":"https:\/\/www.urlaubcornwall.de\/blog\/","name":"Urlaub &amp; Reisen","description":"Urlaub, Reisen, Cornwall und S\u00fcdengland: eine perfekte Kombination","potentialAction":[{"@type":"SearchAction","target":{"@type":"EntryPoint","urlTemplate":"https:\/\/www.urlaubcornwall.de\/blog\/?s={search_term_string}"},"query-input":"required name=search_term_string"}],"inLanguage":"en-US"},{"@type":"WebPage","@id":"https:\/\/www.urlaubcornwall.de\/blog\/abbotsbury-dorset-unterkunft-sehenswuerdigkeiten-und-geschichte\/","url":"https:\/\/www.urlaubcornwall.de\/blog\/abbotsbury-dorset-unterkunft-sehenswuerdigkeiten-und-geschichte\/","name":"Abbotsbury, Dorset: Unterkunft, Sehensw\u00fcrdigkeiten und Geschichte - Urlaub &amp; Reisen","isPartOf":{"@id":"https:\/\/www.urlaubcornwall.de\/blog\/#website"},"datePublished":"2016-07-03T10:51:48+00:00","dateModified":"2024-04-12T10:51:27+00:00","breadcrumb":{"@id":"https:\/\/www.urlaubcornwall.de\/blog\/abbotsbury-dorset-unterkunft-sehenswuerdigkeiten-und-geschichte\/#breadcrumb"},"inLanguage":"en-US","potentialAction":[{"@type":"ReadAction","target":["https:\/\/www.urlaubcornwall.de\/blog\/abbotsbury-dorset-unterkunft-sehenswuerdigkeiten-und-geschichte\/"]}]},{"@type":"BreadcrumbList","@id":"https:\/\/www.urlaubcornwall.de\/blog\/abbotsbury-dorset-unterkunft-sehenswuerdigkeiten-und-geschichte\/#breadcrumb","itemListElement":[{"@type":"ListItem","position":1,"name":"Home","item":"https:\/\/www.urlaubcornwall.de\/blog\/"},{"@type":"ListItem","position":2,"name":"Abbotsbury, Dorset: Unterkunft, Sehensw\u00fcrdigkeiten und Geschichte"}]}]}},"_links":{"self":[{"href":"https:\/\/www.urlaubcornwall.de\/blog\/wp-json\/wp\/v2\/pages\/24746"}],"collection":[{"href":"https:\/\/www.urlaubcornwall.de\/blog\/wp-json\/wp\/v2\/pages"}],"about":[{"href":"https:\/\/www.urlaubcornwall.de\/blog\/wp-json\/wp\/v2\/types\/page"}],"author":[{"embeddable":true,"href":"https:\/\/www.urlaubcornwall.de\/blog\/wp-json\/wp\/v2\/users\/1"}],"replies":[{"embeddable":true,"href":"https:\/\/www.urlaubcornwall.de\/blog\/wp-json\/wp\/v2\/comments?post=24746"}],"version-history":[{"count":7,"href":"https:\/\/www.urlaubcornwall.de\/blog\/wp-json\/wp\/v2\/pages\/24746\/revisions"}],"predecessor-version":[{"id":49288,"href":"https:\/\/www.urlaubcornwall.de\/blog\/wp-json\/wp\/v2\/pages\/24746\/revisions\/49288"}],"wp:attachment":[{"href":"https:\/\/www.urlaubcornwall.de\/blog\/wp-json\/wp\/v2\/media?parent=24746"}],"curies":[{"name":"wp","href":"https:\/\/api.w.org\/{rel}","templated":true}]}}