{"id":24740,"date":"2016-07-02T16:05:17","date_gmt":"2016-07-02T16:05:17","guid":{"rendered":"https:\/\/www.urlaubcornwall.de\/blog\/?page_id=24740"},"modified":"2024-05-28T13:41:36","modified_gmt":"2024-05-28T13:41:36","slug":"urlaub-in-rye-sussex-sehenswuerdigkeiten-unterkunft-und-geschichte","status":"publish","type":"page","link":"https:\/\/www.urlaubcornwall.de\/blog\/urlaub-in-rye-sussex-sehenswuerdigkeiten-unterkunft-und-geschichte\/","title":{"rendered":"Urlaub in Rye, Sussex: Unterkunft, Sehensw\u00fcrdigkeiten und Geschichte"},"content":{"rendered":"<p><img loading=\"lazy\" class=\"aligncenter size-large wp-image-24741\" src=\"https:\/\/www.urlaubcornwall.de\/blog\/wp-content\/uploads\/2016\/07\/rye.jpg\" alt=\"rye\" width=\"740\" height=\"386\" srcset=\"https:\/\/www.urlaubcornwall.de\/blog\/wp-content\/uploads\/2016\/07\/rye.jpg 740w, https:\/\/www.urlaubcornwall.de\/blog\/wp-content\/uploads\/2016\/07\/rye-300x156.jpg 300w\" sizes=\"(max-width: 740px) 100vw, 740px\" \/><\/p>\n<p><a href=\"https:\/\/www.urlaubcornwall.de\/ferienhaeuser-fewos\/eng\/sussex\/rye.html\">Rye<\/a> ist genau so wie Sie sich eine mittelalterliche Stadt vorstellen. Sie betreten sie durch ein steinernes Tor, sie hat enge Pflasterstra\u00dfen mit einer feinen alten Kirche und Fachwerkgeb\u00e4uden. Urspr\u00fcnglich befand sich das Meer s\u00fcdlich von Rye, doch ist es heute mehr als 3km entfernt. Die Stadt ist noch immer an drei Seiten von Wasser umgeben, vom Fluss Rother im Osten, dem Fluss Tillingham im Westen und dem Royal Military Canal im S\u00fcden. Rye ist eine der malerischsten <a href=\"http:\/\/www.urlaubcornwall.de\/reiseziel\/sussex.php\">St\u00e4dte in Sussex<\/a> und bei Besuchern sehr beliebt.<\/p>\n<p><strong>Rye Harbour:<\/strong> <a href=\"https:\/\/www.urlaubcornwall.de\/ferienhaeuser-fewos\/eng\/sussex\/rye-harbour.html\">Rye Harbour<\/a> befindet sich 2,5km von Rye entfernt. Dieses kleine malerische Dorf und Fischerhafen ist auch eine St\u00e4tte besonderen wissenschaftlichen Interesses mit faszinierenden Spazierwegen entlang des Ufers; es ist ein herrlicher Ort, um V\u00f6gel zu beobachten, da 91 Vogelarten hier br\u00fcten.<\/p>\n<p><script async src=\"https:\/\/pagead2.googlesyndication.com\/pagead\/js\/adsbygoogle.js?client=ca-pub-3901089389175725\"\n     crossorigin=\"anonymous\"><\/script><br \/>\n<!-- New UC --><br \/>\n<ins class=\"adsbygoogle\"\n     style=\"display:block\"\n     data-ad-client=\"ca-pub-3901089389175725\"\n     data-ad-slot=\"8080314818\"\n     data-ad-format=\"auto\"\n     data-full-width-responsive=\"true\"><\/ins><br \/>\n<script>\n     (adsbygoogle = window.adsbygoogle || []).push({});\n<\/script><\/p>\n<p><strong>Rye Castle (The Ypres Tower):<\/strong> Ypres Tower wurde 1249 errichtet, um Rye vor Angriffen zu verteidigen. Es ist heute ein Museum voller \u00f6rtlicher Artefakten. Vom Balkon bietet sich ein Blick \u00fcber die Sumpfgebiete, und F\u00fchrer erkl\u00e4ren, was Sie sehen k\u00f6nnen. Der Turm ist das ganze Jahr \u00fcber t\u00e4glich ge\u00f6ffnet, au\u00dfer an Heilig Abend und am Weihnachtstag.<\/p>\n<p><strong>Rye T\u00f6pferei:<\/strong> Die <a href=\"http:\/\/www.ryepottery.co.uk\/\">Rye T\u00f6pferei<\/a> produziert seit 1793 handgearbeitete und handbemalte Produkte. Ihre Haushaltswaren und einzigartigen dekorativen St\u00fccke haben viele Auszeichnungen erhalten. Sie hat t\u00e4glich ge\u00f6ffnet, so dass Sie kommen und das reiche Angebot sehen k\u00f6nnen.<\/p>\n<p><strong>Winchelsea:<\/strong> Winchelsea ist ein h\u00fcbsches Sussex Dorf und war einst eine wichtige mittelalterliche Stadt und ein Hafen. Heute befindet es sich ruhig gelegen auf einem H\u00fcgel ein paar Kilometer vom Meer entfernt mit Blick \u00fcber das Sumpfgebiet und stimmungsvollen \u00dcberresten aus der Vergangenheit, der Kirche vom Hl. Thomas, dem M\u00e4rtyrer, mittelalterlichen Toren und breiten Stra\u00dfen. Es ist ein versteckt gelegenes Juwel, das durchaus eines Besuches wert ist.<\/p>\n<p><img loading=\"lazy\" class=\"aligncenter size-full wp-image-47888\" src=\"https:\/\/www.urlaubcornwall.de\/blog\/wp-content\/uploads\/2024\/03\/camber-sands.jpg\" alt=\"camber sands\" width=\"750\" height=\"563\" srcset=\"https:\/\/www.urlaubcornwall.de\/blog\/wp-content\/uploads\/2024\/03\/camber-sands.jpg 750w, https:\/\/www.urlaubcornwall.de\/blog\/wp-content\/uploads\/2024\/03\/camber-sands-300x225.jpg 300w\" sizes=\"(max-width: 750px) 100vw, 750px\" \/><\/p>\n<p><strong>Camber Sands:<\/strong> Camber Sands befindet sich \u00f6stlich von Rye. Dieser beliebte Sandstrand, der mehr als 11km lang ist, ist bekannt aufgrund seiner Sandd\u00fcnen. Die D\u00fcnen, die die einzigen in Ostsussex sind, bieten vielen Pflanzen und Tieren nat\u00fcrlichen Wohnraum; sie sind h\u00e4ufig in Film- und Fernsehdrehorten aufgetaucht und wurden in zahlreichen Liedern erw\u00e4hnt. Dies alles hat zu ihrem Ruhm beigetragen. Der Strand ist auch beliebt bei Kite-Surfern, die ihr eigenes, ihnen zugeteiltes Gebiet haben, um sie sicher von anderen Strandbesuchern fernzuhalten.<\/p>\n<h2 style=\"text-align: center;\"><strong>Bei uns finden Sie Ferienh\u00e4user zum Verlieben \u2013 so einfach ist das!<\/strong><\/h2>\n<p style=\"text-align: center;\">UrlaubCornwall verf\u00fcgt Ferienh\u00e4user und Ferienwohnungen f\u00fcr Ihren <a href=\"https:\/\/www.urlaubcornwall.de\/reiseziel\/suedengland.php\">Urlaub in Sudengland<\/a>. Unterk\u00fcnfte der Spitzenklasse f\u00fcr 2 Personen, Familien und Gruppen mit 4, 6, 8, 10 oder 12 G\u00e4sten.<\/p>\n<p style=\"text-align: center;\"><a class=\"tidycta\" href=\"https:\/\/www.urlaubcornwall.de\/ferienhaeuser-fewos\/eng\/sussex\/rye.html\">Suche Ferienh\u00e4user Rye<\/a><\/p>\n<p style=\"text-align: center;\"><a href=\"http:\/\/www.urlaubcornwall.de\/\">UrlaubCornwall.de<\/a> ist ein in Cornwall ans\u00e4ssiges Unternehmen k\u00f6nnen wir uns mit 20 Jahren Erfahrung in der Organisation von Rundreisen durch <a href=\"https:\/\/www.urlaubcornwall.de\/reiseziel\/sussex.php\">Sussex<\/a>, S\u00fcdwest und S\u00fcdengland r\u00fchmen.<\/p>\n<p style=\"text-align: center;\">Um Rye und Sussex in Ihre Rundreise durch S\u00fcdengland mit einzugliedern, stellen Sie Ihre <a href=\"https:\/\/www.urlaubcornwall.de\/reisebuchung.php\">Anfrage<\/a> hier.<\/p>\n","protected":false},"excerpt":{"rendered":"<p>Rye ist genau so wie Sie sich eine mittelalterliche Stadt vorstellen. Sie betreten sie durch ein steinernes Tor, sie hat enge Pflasterstra\u00dfen mit einer feinen alten Kirche und Fachwerkgeb\u00e4uden. Urspr\u00fcnglich befand sich das Meer s\u00fcdlich von Rye, doch ist es heute mehr als 3km entfernt. Die Stadt ist noch immer an drei Seiten von Wasser [&hellip;]<\/p>\n","protected":false},"author":1,"featured_media":0,"parent":0,"menu_order":0,"comment_status":"closed","ping_status":"closed","template":"single-four.php","meta":[],"acf":[],"yoast_head":"<!-- This site is optimized with the Yoast SEO plugin v19.4 - https:\/\/yoast.com\/wordpress\/plugins\/seo\/ -->\n<title>Urlaub in Rye, Sussex: Unterkunft, Sehensw\u00fcrdigkeiten und Geschichte - Urlaub &amp; Reisen<\/title>\n<meta name=\"robots\" content=\"index, follow, max-snippet:-1, max-image-preview:large, max-video-preview:-1\" \/>\n<link rel=\"canonical\" href=\"https:\/\/www.urlaubcornwall.de\/blog\/urlaub-in-rye-sussex-sehenswuerdigkeiten-unterkunft-und-geschichte\/\" \/>\n<meta property=\"og:locale\" content=\"en_US\" \/>\n<meta property=\"og:type\" content=\"article\" \/>\n<meta property=\"og:title\" content=\"Urlaub in Rye, Sussex: Unterkunft, Sehensw\u00fcrdigkeiten und Geschichte - Urlaub &amp; Reisen\" \/>\n<meta property=\"og:description\" content=\"Rye ist genau so wie Sie sich eine mittelalterliche Stadt vorstellen. Sie betreten sie durch ein steinernes Tor, sie hat enge Pflasterstra\u00dfen mit einer feinen alten Kirche und Fachwerkgeb\u00e4uden. Urspr\u00fcnglich befand sich das Meer s\u00fcdlich von Rye, doch ist es heute mehr als 3km entfernt. Die Stadt ist noch immer an drei Seiten von Wasser [&hellip;]\" \/>\n<meta property=\"og:url\" content=\"https:\/\/www.urlaubcornwall.de\/blog\/urlaub-in-rye-sussex-sehenswuerdigkeiten-unterkunft-und-geschichte\/\" \/>\n<meta property=\"og:site_name\" content=\"Urlaub &amp; Reisen\" \/>\n<meta property=\"article:modified_time\" content=\"2024-05-28T13:41:36+00:00\" \/>\n<meta property=\"og:image\" content=\"https:\/\/www.urlaubcornwall.de\/blog\/wp-content\/uploads\/2016\/07\/rye.jpg\" \/>\n<meta name=\"twitter:card\" content=\"summary\" \/>\n<meta name=\"twitter:label1\" content=\"Est. reading time\" \/>\n\t<meta name=\"twitter:data1\" content=\"3 minutes\" \/>\n<script type=\"application\/ld+json\" class=\"yoast-schema-graph\">{\"@context\":\"https:\/\/schema.org\",\"@graph\":[{\"@type\":\"WebSite\",\"@id\":\"https:\/\/www.urlaubcornwall.de\/blog\/#website\",\"url\":\"https:\/\/www.urlaubcornwall.de\/blog\/\",\"name\":\"Urlaub &amp; Reisen\",\"description\":\"Urlaub, Reisen, Cornwall und S\u00fcdengland: eine perfekte Kombination\",\"potentialAction\":[{\"@type\":\"SearchAction\",\"target\":{\"@type\":\"EntryPoint\",\"urlTemplate\":\"https:\/\/www.urlaubcornwall.de\/blog\/?s={search_term_string}\"},\"query-input\":\"required name=search_term_string\"}],\"inLanguage\":\"en-US\"},{\"@type\":\"WebPage\",\"@id\":\"https:\/\/www.urlaubcornwall.de\/blog\/urlaub-in-rye-sussex-sehenswuerdigkeiten-unterkunft-und-geschichte\/\",\"url\":\"https:\/\/www.urlaubcornwall.de\/blog\/urlaub-in-rye-sussex-sehenswuerdigkeiten-unterkunft-und-geschichte\/\",\"name\":\"Urlaub in Rye, Sussex: Unterkunft, Sehensw\u00fcrdigkeiten und Geschichte - Urlaub &amp; Reisen\",\"isPartOf\":{\"@id\":\"https:\/\/www.urlaubcornwall.de\/blog\/#website\"},\"datePublished\":\"2016-07-02T16:05:17+00:00\",\"dateModified\":\"2024-05-28T13:41:36+00:00\",\"breadcrumb\":{\"@id\":\"https:\/\/www.urlaubcornwall.de\/blog\/urlaub-in-rye-sussex-sehenswuerdigkeiten-unterkunft-und-geschichte\/#breadcrumb\"},\"inLanguage\":\"en-US\",\"potentialAction\":[{\"@type\":\"ReadAction\",\"target\":[\"https:\/\/www.urlaubcornwall.de\/blog\/urlaub-in-rye-sussex-sehenswuerdigkeiten-unterkunft-und-geschichte\/\"]}]},{\"@type\":\"BreadcrumbList\",\"@id\":\"https:\/\/www.urlaubcornwall.de\/blog\/urlaub-in-rye-sussex-sehenswuerdigkeiten-unterkunft-und-geschichte\/#breadcrumb\",\"itemListElement\":[{\"@type\":\"ListItem\",\"position\":1,\"name\":\"Home\",\"item\":\"https:\/\/www.urlaubcornwall.de\/blog\/\"},{\"@type\":\"ListItem\",\"position\":2,\"name\":\"Urlaub in Rye, Sussex: Unterkunft, Sehensw\u00fcrdigkeiten und Geschichte\"}]}]}<\/script>\n<!-- \/ Yoast SEO plugin. -->","yoast_head_json":{"title":"Urlaub in Rye, Sussex: Unterkunft, Sehensw\u00fcrdigkeiten und Geschichte - Urlaub &amp; Reisen","robots":{"index":"index","follow":"follow","max-snippet":"max-snippet:-1","max-image-preview":"max-image-preview:large","max-video-preview":"max-video-preview:-1"},"canonical":"https:\/\/www.urlaubcornwall.de\/blog\/urlaub-in-rye-sussex-sehenswuerdigkeiten-unterkunft-und-geschichte\/","og_locale":"en_US","og_type":"article","og_title":"Urlaub in Rye, Sussex: Unterkunft, Sehensw\u00fcrdigkeiten und Geschichte - Urlaub &amp; Reisen","og_description":"Rye ist genau so wie Sie sich eine mittelalterliche Stadt vorstellen. Sie betreten sie durch ein steinernes Tor, sie hat enge Pflasterstra\u00dfen mit einer feinen alten Kirche und Fachwerkgeb\u00e4uden. Urspr\u00fcnglich befand sich das Meer s\u00fcdlich von Rye, doch ist es heute mehr als 3km entfernt. Die Stadt ist noch immer an drei Seiten von Wasser [&hellip;]","og_url":"https:\/\/www.urlaubcornwall.de\/blog\/urlaub-in-rye-sussex-sehenswuerdigkeiten-unterkunft-und-geschichte\/","og_site_name":"Urlaub &amp; Reisen","article_modified_time":"2024-05-28T13:41:36+00:00","og_image":[{"url":"https:\/\/www.urlaubcornwall.de\/blog\/wp-content\/uploads\/2016\/07\/rye.jpg"}],"twitter_card":"summary","twitter_misc":{"Est. reading time":"3 minutes"},"schema":{"@context":"https:\/\/schema.org","@graph":[{"@type":"WebSite","@id":"https:\/\/www.urlaubcornwall.de\/blog\/#website","url":"https:\/\/www.urlaubcornwall.de\/blog\/","name":"Urlaub &amp; Reisen","description":"Urlaub, Reisen, Cornwall und S\u00fcdengland: eine perfekte Kombination","potentialAction":[{"@type":"SearchAction","target":{"@type":"EntryPoint","urlTemplate":"https:\/\/www.urlaubcornwall.de\/blog\/?s={search_term_string}"},"query-input":"required name=search_term_string"}],"inLanguage":"en-US"},{"@type":"WebPage","@id":"https:\/\/www.urlaubcornwall.de\/blog\/urlaub-in-rye-sussex-sehenswuerdigkeiten-unterkunft-und-geschichte\/","url":"https:\/\/www.urlaubcornwall.de\/blog\/urlaub-in-rye-sussex-sehenswuerdigkeiten-unterkunft-und-geschichte\/","name":"Urlaub in Rye, Sussex: Unterkunft, Sehensw\u00fcrdigkeiten und Geschichte - Urlaub &amp; Reisen","isPartOf":{"@id":"https:\/\/www.urlaubcornwall.de\/blog\/#website"},"datePublished":"2016-07-02T16:05:17+00:00","dateModified":"2024-05-28T13:41:36+00:00","breadcrumb":{"@id":"https:\/\/www.urlaubcornwall.de\/blog\/urlaub-in-rye-sussex-sehenswuerdigkeiten-unterkunft-und-geschichte\/#breadcrumb"},"inLanguage":"en-US","potentialAction":[{"@type":"ReadAction","target":["https:\/\/www.urlaubcornwall.de\/blog\/urlaub-in-rye-sussex-sehenswuerdigkeiten-unterkunft-und-geschichte\/"]}]},{"@type":"BreadcrumbList","@id":"https:\/\/www.urlaubcornwall.de\/blog\/urlaub-in-rye-sussex-sehenswuerdigkeiten-unterkunft-und-geschichte\/#breadcrumb","itemListElement":[{"@type":"ListItem","position":1,"name":"Home","item":"https:\/\/www.urlaubcornwall.de\/blog\/"},{"@type":"ListItem","position":2,"name":"Urlaub in Rye, Sussex: Unterkunft, Sehensw\u00fcrdigkeiten und Geschichte"}]}]}},"_links":{"self":[{"href":"https:\/\/www.urlaubcornwall.de\/blog\/wp-json\/wp\/v2\/pages\/24740"}],"collection":[{"href":"https:\/\/www.urlaubcornwall.de\/blog\/wp-json\/wp\/v2\/pages"}],"about":[{"href":"https:\/\/www.urlaubcornwall.de\/blog\/wp-json\/wp\/v2\/types\/page"}],"author":[{"embeddable":true,"href":"https:\/\/www.urlaubcornwall.de\/blog\/wp-json\/wp\/v2\/users\/1"}],"replies":[{"embeddable":true,"href":"https:\/\/www.urlaubcornwall.de\/blog\/wp-json\/wp\/v2\/comments?post=24740"}],"version-history":[{"count":17,"href":"https:\/\/www.urlaubcornwall.de\/blog\/wp-json\/wp\/v2\/pages\/24740\/revisions"}],"predecessor-version":[{"id":50413,"href":"https:\/\/www.urlaubcornwall.de\/blog\/wp-json\/wp\/v2\/pages\/24740\/revisions\/50413"}],"wp:attachment":[{"href":"https:\/\/www.urlaubcornwall.de\/blog\/wp-json\/wp\/v2\/media?parent=24740"}],"curies":[{"name":"wp","href":"https:\/\/api.w.org\/{rel}","templated":true}]}}