{"id":24713,"date":"2016-07-02T11:15:38","date_gmt":"2016-07-02T11:15:38","guid":{"rendered":"https:\/\/www.urlaubcornwall.de\/blog\/?page_id=24713"},"modified":"2024-05-28T14:29:10","modified_gmt":"2024-05-28T14:29:10","slug":"urlaub-in-battle-sussex-sehenswuerdigkeiten-unterkunft-und-geschichte","status":"publish","type":"page","link":"https:\/\/www.urlaubcornwall.de\/blog\/urlaub-in-battle-sussex-sehenswuerdigkeiten-unterkunft-und-geschichte\/","title":{"rendered":"Urlaub in Battle, Sussex: Unterkunft, Sehensw\u00fcrdigkeiten und Geschichte"},"content":{"rendered":"<h1><img loading=\"lazy\" class=\"aligncenter size-full wp-image-48055\" src=\"https:\/\/www.urlaubcornwall.de\/blog\/wp-content\/uploads\/2024\/03\/canterbury-cathedral-kent.jpg\" alt=\"\" width=\"750\" height=\"437\" srcset=\"https:\/\/www.urlaubcornwall.de\/blog\/wp-content\/uploads\/2024\/03\/canterbury-cathedral-kent.jpg 750w, https:\/\/www.urlaubcornwall.de\/blog\/wp-content\/uploads\/2024\/03\/canterbury-cathedral-kent-300x175.jpg 300w\" sizes=\"(max-width: 750px) 100vw, 750px\" \/>\n<p>Hier hat im Jahre 1066 Wilhelm der Eroberer den Sachsenk\u00f6nig Harold besiegt und damit den Verlauf der englischen Geschichte ge\u00e4ndert. Von der ber\u00fchmten Schlacht leitet sich auch der Name der Stadt her. <a href=\"https:\/\/www.urlaubcornwall.de\/ferienhaeuser-fewos\/eng\/sussex\/battle.html\">Diese attraktive Stadt<\/a> wuchs um die Abtei herum, die von Wilhelm dem Eroberer nach seinem Sieg erbaut wurde.<\/p>\n<p>Die Abtei Battle ist heute eine Ruine und die Schlachtfelder sind Weideland. English Heritage tr\u00e4gt Sorge daf\u00fcr, und es ist durchaus eines Besuches wert. Die Stadt hat einige feine georgianische Geb\u00e4ude entlang der High Street, und an der Spitze befindet sich das Abtei-Pf\u00f6rtnerhaus, das um 1338 erbaut wurde.<\/p>\n<p><strong>Sehensw\u00fcrdigkeiten in der N\u00e4he<\/strong><\/p>\n<p><img loading=\"lazy\" class=\"aligncenter size-full wp-image-24715\" src=\"https:\/\/www.urlaubcornwall.de\/blog\/wp-content\/uploads\/2016\/07\/batemans-sussex-sehensw\u00fcrdigkeiten.jpg\" alt=\"batemans sussex sehensw\u00fcrdigkeiten\" width=\"748\" height=\"473\"\/><\/p>\n<p><strong>Bateman\u2019s:<\/strong> In Burwash, East Sussex, liegt Bateman\u2019s, das Zuhause von Rudyard Kipling. Umgeben von der bewaldeten <a href=\"https:\/\/www.urlaubcornwall.de\/blog\/reiseziel-sussex\/\">Landschaft von Sussex<\/a> war dieses Haus aus dem 17. Jahrhundert mit seinem h\u00fcbschen Garten und mehreren Ar an Landschaft sein pers\u00f6nliches Paradies. Es ist im Besitz des National Trust und das ganze Jahr f\u00fcr Besucher ge\u00f6ffnet. Angeleinte Hunde sind im Garten erlaubt.<\/p>\n<div class=\"snippet\"> <a class=\"featured-item\" href=\"https:\/\/www.urlaubcornwall.de\/ferienhaeuser\/suedengland.php\"> <span class=\"image-holder\" style=\"background-image: url('https:\/\/www.urlaubcornwall.de\/blog\/wp-content\/uploads\/2018\/12\/ferienhaus-cornwall-mit-hund.jpg');\"><\/span> <span class=\"featured-content\"> \n<h2 class=\"featured-title\">Ferienh\u00e4user in Sussex &#038; S\u00fcdengland<\/h2>\n<p class=\"featured-body\">Bei uns finden Sie Ferienh\u00e4user zum Verlieben &#8211; so einfach ist das! Dank seiner langen Geschichte, der reizvollen Landschaften und seinen vielen Attraktionen ist S\u00fcdengland ein wahres Mekka f\u00fcr Urlauber&#8230;..<\/p><\/span> <span class=\"featured-link-holder\"> <span class=\"featured-extra-info\"> \n<p>Pers\u00f6nlich inspizierter Ferienh\u00e4user<\/p>\n<\/span> \n<p class=\"featured-link\">DETAILS<\/p>\n<\/span> <\/a><\/div>\n<p><strong>Die Kent- und Ostsussex Eisenbahnstrecke:<\/strong> Diese Dampfeisenbahnstrecke zieht sich \u00fcber mehr als 16km zwischen Tenterden in Kent und Bodiam in Ostsussex entlang. Es ist eine der feinsten l\u00e4ndlichen Dampfeisenbahnstrecken des Landes und eine gro\u00dfartige M\u00f6glichkeit, die St\u00e4dte und Landschaft um jede Haltestelle herum zu erkunden. In Tenterden gibt es Shops, Caf\u00e9s und eine der feinsten Pfarrkirchen Kents. Die Burg in Bodiam befindet sich lediglich einen kurzen Spaziergang von der Haltestelle entfernt.<\/p>\n<p><script async src=\"https:\/\/pagead2.googlesyndication.com\/pagead\/js\/adsbygoogle.js?client=ca-pub-3901089389175725\"\n     crossorigin=\"anonymous\"><\/script><br \/>\n<!-- New UC --><br \/>\n<ins class=\"adsbygoogle\"\n     style=\"display:block\"\n     data-ad-client=\"ca-pub-3901089389175725\"\n     data-ad-slot=\"8080314818\"\n     data-ad-format=\"auto\"\n     data-full-width-responsive=\"true\"><\/ins><br \/>\n<script>\n     (adsbygoogle = window.adsbygoogle || []).push({});\n<\/script><\/p>\n<p><img loading=\"lazy\" class=\"aligncenter size-full wp-image-47891\" src=\"https:\/\/www.urlaubcornwall.de\/blog\/wp-content\/uploads\/2024\/03\/schloss-bodiam.jpg\" alt=\"schloss bodiam\" width=\"750\" height=\"436\" srcset=\"https:\/\/www.urlaubcornwall.de\/blog\/wp-content\/uploads\/2024\/03\/schloss-bodiam.jpg 750w, https:\/\/www.urlaubcornwall.de\/blog\/wp-content\/uploads\/2024\/03\/schloss-bodiam-300x174.jpg 300w\" sizes=\"(max-width: 750px) 100vw, 750px\" \/><\/p>\n<p><strong>Bodiam Castle:<\/strong> Bei Robertsbridge, East Sussex, ist Bodiam Castle, eine Burg mit Wallgraben aus dem 14. Jahrhundert. Die Burg ist eine von Britanniens malerischsten und romantischsten Ruinen. Die Au\u00dfenmauern der Burg Bodiam sind \u00fcberwiegend intakt, doch die Innenr\u00e4ume sind Ruinen, die Platz bieten f\u00fcr Erkundungen und um ein Picknick zu genie\u00dfen. Sie befindet sich im Besitz des National Trust und ist das ganze Jahr \u00fcber t\u00e4glich ge\u00f6ffnet \u2013 au\u00dfer am Heiligen Abend und am Weihnachtstag.<\/p>\n<p><strong>Sedlescombe:<\/strong> Der organische Weingarten Sedlescombe ist Englands \u00e4ltester organischer Weingarten. Er wurde 1979 gegr\u00fcndet und hat seitdem Auszeichnungen erhalten. Es gibt Touren durch die Weing\u00e4rten, entweder im Alleingang oder mit einer Gruppe, sowie Spazierwege durch das alte englische Waldgebiet. Jeder Besuch endet mit einer Verkostung der Weine, Fruchts\u00e4fte, Lik\u00f6re und sogar einem Cream Tea (= Tee mit s\u00fc\u00dfem St\u00fcckchen).<\/p>\n<div class=\"snippet\"> <a class=\"featured-item\" href=\"https:\/\/www.urlaubcornwall.de\/rundreisen\/cornwall-suedengland.php\"> <span class=\"image-holder\" style=\"background-image: url('https:\/\/www.urlaubcornwall.de\/blog\/wp-content\/uploads\/2019\/01\/DiTn0QVWsAIOgjG.jpg');\"><\/span> <span class=\"featured-content\"> \n<h2 class=\"featured-title\">Rundreisen Sussex &#038; S\u00fcdengland eine perfekte Kombination<\/h2>\n<p class=\"featured-body\">Die perfekte Reisem\u00f6glichkeit und erm\u00f6glicht es Ihnen, Entdeckungen zu machen und einen Urlaub im eigenen Schritttempo&#8230;.<\/p><\/span> <span class=\"featured-link-holder\"> <span class=\"featured-extra-info\"> \n<p>F\u00fcr Paare, Familien &#038; Gruppen<\/p>\n<\/span> \n<p class=\"featured-link\">DETAILS<\/p>\n<\/span> <\/a><\/div>\n<p>Um Battle und Sussex in Ihre Rundreise durch S\u00fcdengland mit einzugliedern, stellen Sie Ihre <a href=\"http:\/\/www.urlaubcornwall.de\/anfrage.php\">Anfrage<\/a> hier oder w\u00e4hlen Sie ein Ferienhaus aus unserer besten Auswahl <a href=\"https:\/\/www.urlaubcornwall.de\/ferienhaeuser\/sussex.php\">handverlesener und inspizierter H\u00e4user<\/a> aus.<\/p>\n<\/h1>","protected":false},"excerpt":{"rendered":"<p>Hier hat im Jahre 1066 Wilhelm der Eroberer den Sachsenk\u00f6nig Harold besiegt und damit den Verlauf der englischen Geschichte ge\u00e4ndert. Von der ber\u00fchmten Schlacht leitet sich auch der Name der Stadt her. Diese attraktive Stadt wuchs um die Abtei herum, die von Wilhelm dem Eroberer nach seinem Sieg erbaut wurde. Die Abtei Battle ist heute [&hellip;]<\/p>\n","protected":false},"author":1,"featured_media":0,"parent":0,"menu_order":0,"comment_status":"closed","ping_status":"closed","template":"single-four.php","meta":[],"acf":[],"yoast_head":"<!-- This site is optimized with the Yoast SEO plugin v19.4 - https:\/\/yoast.com\/wordpress\/plugins\/seo\/ -->\n<title>Urlaub in Battle, Sussex: Unterkunft, Sehensw\u00fcrdigkeiten und Geschichte - Urlaub &amp; Reisen<\/title>\n<meta name=\"robots\" content=\"index, follow, max-snippet:-1, max-image-preview:large, max-video-preview:-1\" \/>\n<link rel=\"canonical\" href=\"https:\/\/www.urlaubcornwall.de\/blog\/urlaub-in-battle-sussex-sehenswuerdigkeiten-unterkunft-und-geschichte\/\" \/>\n<meta property=\"og:locale\" content=\"en_US\" \/>\n<meta property=\"og:type\" content=\"article\" \/>\n<meta property=\"og:title\" content=\"Urlaub in Battle, Sussex: Unterkunft, Sehensw\u00fcrdigkeiten und Geschichte - Urlaub &amp; Reisen\" \/>\n<meta property=\"og:description\" content=\"Hier hat im Jahre 1066 Wilhelm der Eroberer den Sachsenk\u00f6nig Harold besiegt und damit den Verlauf der englischen Geschichte ge\u00e4ndert. Von der ber\u00fchmten Schlacht leitet sich auch der Name der Stadt her. Diese attraktive Stadt wuchs um die Abtei herum, die von Wilhelm dem Eroberer nach seinem Sieg erbaut wurde. Die Abtei Battle ist heute [&hellip;]\" \/>\n<meta property=\"og:url\" content=\"https:\/\/www.urlaubcornwall.de\/blog\/urlaub-in-battle-sussex-sehenswuerdigkeiten-unterkunft-und-geschichte\/\" \/>\n<meta property=\"og:site_name\" content=\"Urlaub &amp; Reisen\" \/>\n<meta property=\"article:modified_time\" content=\"2024-05-28T14:29:10+00:00\" \/>\n<meta property=\"og:image\" content=\"https:\/\/www.urlaubcornwall.de\/blog\/wp-content\/uploads\/2024\/03\/canterbury-cathedral-kent.jpg\" \/>\n<meta name=\"twitter:card\" content=\"summary\" \/>\n<meta name=\"twitter:label1\" content=\"Est. reading time\" \/>\n\t<meta name=\"twitter:data1\" content=\"3 minutes\" \/>\n<script type=\"application\/ld+json\" class=\"yoast-schema-graph\">{\"@context\":\"https:\/\/schema.org\",\"@graph\":[{\"@type\":\"WebSite\",\"@id\":\"https:\/\/www.urlaubcornwall.de\/blog\/#website\",\"url\":\"https:\/\/www.urlaubcornwall.de\/blog\/\",\"name\":\"Urlaub &amp; Reisen\",\"description\":\"Urlaub, Reisen, Cornwall und S\u00fcdengland: eine perfekte Kombination\",\"potentialAction\":[{\"@type\":\"SearchAction\",\"target\":{\"@type\":\"EntryPoint\",\"urlTemplate\":\"https:\/\/www.urlaubcornwall.de\/blog\/?s={search_term_string}\"},\"query-input\":\"required name=search_term_string\"}],\"inLanguage\":\"en-US\"},{\"@type\":\"WebPage\",\"@id\":\"https:\/\/www.urlaubcornwall.de\/blog\/urlaub-in-battle-sussex-sehenswuerdigkeiten-unterkunft-und-geschichte\/\",\"url\":\"https:\/\/www.urlaubcornwall.de\/blog\/urlaub-in-battle-sussex-sehenswuerdigkeiten-unterkunft-und-geschichte\/\",\"name\":\"Urlaub in Battle, Sussex: Unterkunft, Sehensw\u00fcrdigkeiten und Geschichte - Urlaub &amp; Reisen\",\"isPartOf\":{\"@id\":\"https:\/\/www.urlaubcornwall.de\/blog\/#website\"},\"datePublished\":\"2016-07-02T11:15:38+00:00\",\"dateModified\":\"2024-05-28T14:29:10+00:00\",\"breadcrumb\":{\"@id\":\"https:\/\/www.urlaubcornwall.de\/blog\/urlaub-in-battle-sussex-sehenswuerdigkeiten-unterkunft-und-geschichte\/#breadcrumb\"},\"inLanguage\":\"en-US\",\"potentialAction\":[{\"@type\":\"ReadAction\",\"target\":[\"https:\/\/www.urlaubcornwall.de\/blog\/urlaub-in-battle-sussex-sehenswuerdigkeiten-unterkunft-und-geschichte\/\"]}]},{\"@type\":\"BreadcrumbList\",\"@id\":\"https:\/\/www.urlaubcornwall.de\/blog\/urlaub-in-battle-sussex-sehenswuerdigkeiten-unterkunft-und-geschichte\/#breadcrumb\",\"itemListElement\":[{\"@type\":\"ListItem\",\"position\":1,\"name\":\"Home\",\"item\":\"https:\/\/www.urlaubcornwall.de\/blog\/\"},{\"@type\":\"ListItem\",\"position\":2,\"name\":\"Urlaub in Battle, Sussex: Unterkunft, Sehensw\u00fcrdigkeiten und Geschichte\"}]}]}<\/script>\n<!-- \/ Yoast SEO plugin. -->","yoast_head_json":{"title":"Urlaub in Battle, Sussex: Unterkunft, Sehensw\u00fcrdigkeiten und Geschichte - Urlaub &amp; Reisen","robots":{"index":"index","follow":"follow","max-snippet":"max-snippet:-1","max-image-preview":"max-image-preview:large","max-video-preview":"max-video-preview:-1"},"canonical":"https:\/\/www.urlaubcornwall.de\/blog\/urlaub-in-battle-sussex-sehenswuerdigkeiten-unterkunft-und-geschichte\/","og_locale":"en_US","og_type":"article","og_title":"Urlaub in Battle, Sussex: Unterkunft, Sehensw\u00fcrdigkeiten und Geschichte - Urlaub &amp; Reisen","og_description":"Hier hat im Jahre 1066 Wilhelm der Eroberer den Sachsenk\u00f6nig Harold besiegt und damit den Verlauf der englischen Geschichte ge\u00e4ndert. Von der ber\u00fchmten Schlacht leitet sich auch der Name der Stadt her. Diese attraktive Stadt wuchs um die Abtei herum, die von Wilhelm dem Eroberer nach seinem Sieg erbaut wurde. Die Abtei Battle ist heute [&hellip;]","og_url":"https:\/\/www.urlaubcornwall.de\/blog\/urlaub-in-battle-sussex-sehenswuerdigkeiten-unterkunft-und-geschichte\/","og_site_name":"Urlaub &amp; Reisen","article_modified_time":"2024-05-28T14:29:10+00:00","og_image":[{"url":"https:\/\/www.urlaubcornwall.de\/blog\/wp-content\/uploads\/2024\/03\/canterbury-cathedral-kent.jpg"}],"twitter_card":"summary","twitter_misc":{"Est. reading time":"3 minutes"},"schema":{"@context":"https:\/\/schema.org","@graph":[{"@type":"WebSite","@id":"https:\/\/www.urlaubcornwall.de\/blog\/#website","url":"https:\/\/www.urlaubcornwall.de\/blog\/","name":"Urlaub &amp; Reisen","description":"Urlaub, Reisen, Cornwall und S\u00fcdengland: eine perfekte Kombination","potentialAction":[{"@type":"SearchAction","target":{"@type":"EntryPoint","urlTemplate":"https:\/\/www.urlaubcornwall.de\/blog\/?s={search_term_string}"},"query-input":"required name=search_term_string"}],"inLanguage":"en-US"},{"@type":"WebPage","@id":"https:\/\/www.urlaubcornwall.de\/blog\/urlaub-in-battle-sussex-sehenswuerdigkeiten-unterkunft-und-geschichte\/","url":"https:\/\/www.urlaubcornwall.de\/blog\/urlaub-in-battle-sussex-sehenswuerdigkeiten-unterkunft-und-geschichte\/","name":"Urlaub in Battle, Sussex: Unterkunft, Sehensw\u00fcrdigkeiten und Geschichte - Urlaub &amp; Reisen","isPartOf":{"@id":"https:\/\/www.urlaubcornwall.de\/blog\/#website"},"datePublished":"2016-07-02T11:15:38+00:00","dateModified":"2024-05-28T14:29:10+00:00","breadcrumb":{"@id":"https:\/\/www.urlaubcornwall.de\/blog\/urlaub-in-battle-sussex-sehenswuerdigkeiten-unterkunft-und-geschichte\/#breadcrumb"},"inLanguage":"en-US","potentialAction":[{"@type":"ReadAction","target":["https:\/\/www.urlaubcornwall.de\/blog\/urlaub-in-battle-sussex-sehenswuerdigkeiten-unterkunft-und-geschichte\/"]}]},{"@type":"BreadcrumbList","@id":"https:\/\/www.urlaubcornwall.de\/blog\/urlaub-in-battle-sussex-sehenswuerdigkeiten-unterkunft-und-geschichte\/#breadcrumb","itemListElement":[{"@type":"ListItem","position":1,"name":"Home","item":"https:\/\/www.urlaubcornwall.de\/blog\/"},{"@type":"ListItem","position":2,"name":"Urlaub in Battle, Sussex: Unterkunft, Sehensw\u00fcrdigkeiten und Geschichte"}]}]}},"_links":{"self":[{"href":"https:\/\/www.urlaubcornwall.de\/blog\/wp-json\/wp\/v2\/pages\/24713"}],"collection":[{"href":"https:\/\/www.urlaubcornwall.de\/blog\/wp-json\/wp\/v2\/pages"}],"about":[{"href":"https:\/\/www.urlaubcornwall.de\/blog\/wp-json\/wp\/v2\/types\/page"}],"author":[{"embeddable":true,"href":"https:\/\/www.urlaubcornwall.de\/blog\/wp-json\/wp\/v2\/users\/1"}],"replies":[{"embeddable":true,"href":"https:\/\/www.urlaubcornwall.de\/blog\/wp-json\/wp\/v2\/comments?post=24713"}],"version-history":[{"count":10,"href":"https:\/\/www.urlaubcornwall.de\/blog\/wp-json\/wp\/v2\/pages\/24713\/revisions"}],"predecessor-version":[{"id":50473,"href":"https:\/\/www.urlaubcornwall.de\/blog\/wp-json\/wp\/v2\/pages\/24713\/revisions\/50473"}],"wp:attachment":[{"href":"https:\/\/www.urlaubcornwall.de\/blog\/wp-json\/wp\/v2\/media?parent=24713"}],"curies":[{"name":"wp","href":"https:\/\/api.w.org\/{rel}","templated":true}]}}