{"id":24617,"date":"2016-06-21T09:43:26","date_gmt":"2016-06-21T09:43:26","guid":{"rendered":"https:\/\/www.urlaubcornwall.de\/blog\/?page_id=24617"},"modified":"2024-05-28T14:27:00","modified_gmt":"2024-05-28T14:27:00","slug":"tunbridge-wells-der-weald-von-kent-unterkunft-sehenswuerdigkeiten-und-geschichte","status":"publish","type":"page","link":"https:\/\/www.urlaubcornwall.de\/blog\/tunbridge-wells-der-weald-von-kent-unterkunft-sehenswuerdigkeiten-und-geschichte\/","title":{"rendered":"Tunbridge Wells &#038; der Weald von Kent: Unterkunft, Sehensw\u00fcrdigkeiten und Geschichte"},"content":{"rendered":"<p><a href=\"https:\/\/www.urlaubcornwall.de\/ferienhaeuser-fewos\/eng\/kent\/royal-tunbridge-wells.html\">Royal Tunbridge Wells<\/a> sah 1606 ihre Urspr\u00fcnge als Kurstadt, als die Heilquellen von Lord North entdeckt wurden; die Nachricht der Quellen verbreitete sich schnell, und Besucher kamen von \u00fcberall her, um sich an den Gew\u00e4ssern zu laben. Die Quelle befindet sich in den Pantiles, dem urspr\u00fcnglichen Teil der Stadt, einer Allee, gepflastert mit gebogenen Dachziegeln und mit hohen H\u00e4usern des 17. und 18. Jahrhunderts. Von Ostern bis September ist es m\u00f6glich, das Wasser der \u2018Chalybeate Quelle\u2019 zu probieren. Tunbridge Wells befindet sich eine 30min\u00fctige Zugfahrt von London entfernt, und bietet sich perfekt als Zwischenstation zwischen London und der K\u00fcste an.<\/p>\n<p style=\"text-align: left;\">Tunbridge Wells ist umgeben von einer gro\u00dfen Vielfalt an G\u00e4rten jeglicher Form und Gr\u00f6\u00dfe. Neben den ber\u00fchmten G\u00e4rten wie dem Sissinghurst Schlossgarten, Great Dixter und Batemans, warten einige weniger bekannte Juwelen darauf, entdeckt zu werden. G\u00e4rten, Schl\u00f6sser, Burgen und Herrenh\u00e4user in Kent<\/p>\n<h1 style=\"text-align: left;\"><strong>Bei uns finden Sie Ferienh\u00e4user in Kent zum Verlieben \u2013 so einfach ist das!<\/strong><\/h1>\n<p style=\"text-align: left;\"><a class=\"tidycta\" href=\"https:\/\/www.urlaubcornwall.de\/ferienhaeuser-fewos\/eng\/kent\/kent.html\">Suche Ferienh\u00e4user Kent<\/a><\/p>\n<p style=\"text-align: left;\">Um Tunbridge Wells und Kent in Ihre Rundreise durch S\u00fcdengland mit einzugliedern, stellen Sie Ihre <a href=\"http:\/\/www.urlaubcornwall.de\/anfrage.php\">Anfrage<\/a> hier oder w\u00e4hlen Sie ein Ferienhaus aus unserer besten Auswahl <a href=\"https:\/\/www.urlaubcornwall.de\/ferienhaueser\/kent.php\">handverlesener und inspizierter H\u00e4user<\/a> aus.<\/p>\n<p><script async src=\"https:\/\/pagead2.googlesyndication.com\/pagead\/js\/adsbygoogle.js?client=ca-pub-3901089389175725\"\n     crossorigin=\"anonymous\"><\/script><br \/>\n<!-- New UC --><br \/>\n<ins class=\"adsbygoogle\"\n     style=\"display:block\"\n     data-ad-client=\"ca-pub-3901089389175725\"\n     data-ad-slot=\"8080314818\"\n     data-ad-format=\"auto\"\n     data-full-width-responsive=\"true\"><\/ins><br \/>\n<script>\n     (adsbygoogle = window.adsbygoogle || []).push({});\n<\/script><\/p>\n","protected":false},"excerpt":{"rendered":"<p>Royal Tunbridge Wells sah 1606 ihre Urspr\u00fcnge als Kurstadt, als die Heilquellen von Lord North entdeckt wurden; die Nachricht der Quellen verbreitete sich schnell, und Besucher kamen von \u00fcberall her, um sich an den Gew\u00e4ssern zu laben. Die Quelle befindet sich in den Pantiles, dem urspr\u00fcnglichen Teil der Stadt, einer Allee, gepflastert mit gebogenen Dachziegeln [&hellip;]<\/p>\n","protected":false},"author":1,"featured_media":0,"parent":0,"menu_order":0,"comment_status":"closed","ping_status":"closed","template":"single-four.php","meta":[],"acf":[],"yoast_head":"<!-- This site is optimized with the Yoast SEO plugin v19.4 - https:\/\/yoast.com\/wordpress\/plugins\/seo\/ -->\n<title>Tunbridge Wells &amp; der Weald von Kent: Unterkunft, Sehensw\u00fcrdigkeiten und Geschichte - Urlaub &amp; Reisen<\/title>\n<meta name=\"robots\" content=\"index, follow, max-snippet:-1, max-image-preview:large, max-video-preview:-1\" \/>\n<link rel=\"canonical\" href=\"https:\/\/www.urlaubcornwall.de\/blog\/tunbridge-wells-der-weald-von-kent-unterkunft-sehenswuerdigkeiten-und-geschichte\/\" \/>\n<meta property=\"og:locale\" content=\"en_US\" \/>\n<meta property=\"og:type\" content=\"article\" \/>\n<meta property=\"og:title\" content=\"Tunbridge Wells &amp; der Weald von Kent: Unterkunft, Sehensw\u00fcrdigkeiten und Geschichte - Urlaub &amp; Reisen\" \/>\n<meta property=\"og:description\" content=\"Royal Tunbridge Wells sah 1606 ihre Urspr\u00fcnge als Kurstadt, als die Heilquellen von Lord North entdeckt wurden; die Nachricht der Quellen verbreitete sich schnell, und Besucher kamen von \u00fcberall her, um sich an den Gew\u00e4ssern zu laben. Die Quelle befindet sich in den Pantiles, dem urspr\u00fcnglichen Teil der Stadt, einer Allee, gepflastert mit gebogenen Dachziegeln [&hellip;]\" \/>\n<meta property=\"og:url\" content=\"https:\/\/www.urlaubcornwall.de\/blog\/tunbridge-wells-der-weald-von-kent-unterkunft-sehenswuerdigkeiten-und-geschichte\/\" \/>\n<meta property=\"og:site_name\" content=\"Urlaub &amp; Reisen\" \/>\n<meta property=\"article:modified_time\" content=\"2024-05-28T14:27:00+00:00\" \/>\n<meta name=\"twitter:card\" content=\"summary\" \/>\n<meta name=\"twitter:label1\" content=\"Est. reading time\" \/>\n\t<meta name=\"twitter:data1\" content=\"2 minutes\" \/>\n<script type=\"application\/ld+json\" class=\"yoast-schema-graph\">{\"@context\":\"https:\/\/schema.org\",\"@graph\":[{\"@type\":\"WebSite\",\"@id\":\"https:\/\/www.urlaubcornwall.de\/blog\/#website\",\"url\":\"https:\/\/www.urlaubcornwall.de\/blog\/\",\"name\":\"Urlaub &amp; Reisen\",\"description\":\"Urlaub, Reisen, Cornwall und S\u00fcdengland: eine perfekte Kombination\",\"potentialAction\":[{\"@type\":\"SearchAction\",\"target\":{\"@type\":\"EntryPoint\",\"urlTemplate\":\"https:\/\/www.urlaubcornwall.de\/blog\/?s={search_term_string}\"},\"query-input\":\"required name=search_term_string\"}],\"inLanguage\":\"en-US\"},{\"@type\":\"WebPage\",\"@id\":\"https:\/\/www.urlaubcornwall.de\/blog\/tunbridge-wells-der-weald-von-kent-unterkunft-sehenswuerdigkeiten-und-geschichte\/\",\"url\":\"https:\/\/www.urlaubcornwall.de\/blog\/tunbridge-wells-der-weald-von-kent-unterkunft-sehenswuerdigkeiten-und-geschichte\/\",\"name\":\"Tunbridge Wells & der Weald von Kent: Unterkunft, Sehensw\u00fcrdigkeiten und Geschichte - Urlaub &amp; Reisen\",\"isPartOf\":{\"@id\":\"https:\/\/www.urlaubcornwall.de\/blog\/#website\"},\"datePublished\":\"2016-06-21T09:43:26+00:00\",\"dateModified\":\"2024-05-28T14:27:00+00:00\",\"breadcrumb\":{\"@id\":\"https:\/\/www.urlaubcornwall.de\/blog\/tunbridge-wells-der-weald-von-kent-unterkunft-sehenswuerdigkeiten-und-geschichte\/#breadcrumb\"},\"inLanguage\":\"en-US\",\"potentialAction\":[{\"@type\":\"ReadAction\",\"target\":[\"https:\/\/www.urlaubcornwall.de\/blog\/tunbridge-wells-der-weald-von-kent-unterkunft-sehenswuerdigkeiten-und-geschichte\/\"]}]},{\"@type\":\"BreadcrumbList\",\"@id\":\"https:\/\/www.urlaubcornwall.de\/blog\/tunbridge-wells-der-weald-von-kent-unterkunft-sehenswuerdigkeiten-und-geschichte\/#breadcrumb\",\"itemListElement\":[{\"@type\":\"ListItem\",\"position\":1,\"name\":\"Home\",\"item\":\"https:\/\/www.urlaubcornwall.de\/blog\/\"},{\"@type\":\"ListItem\",\"position\":2,\"name\":\"Tunbridge Wells &#038; der Weald von Kent: Unterkunft, Sehensw\u00fcrdigkeiten und Geschichte\"}]}]}<\/script>\n<!-- \/ Yoast SEO plugin. -->","yoast_head_json":{"title":"Tunbridge Wells & der Weald von Kent: Unterkunft, Sehensw\u00fcrdigkeiten und Geschichte - Urlaub &amp; Reisen","robots":{"index":"index","follow":"follow","max-snippet":"max-snippet:-1","max-image-preview":"max-image-preview:large","max-video-preview":"max-video-preview:-1"},"canonical":"https:\/\/www.urlaubcornwall.de\/blog\/tunbridge-wells-der-weald-von-kent-unterkunft-sehenswuerdigkeiten-und-geschichte\/","og_locale":"en_US","og_type":"article","og_title":"Tunbridge Wells & der Weald von Kent: Unterkunft, Sehensw\u00fcrdigkeiten und Geschichte - Urlaub &amp; Reisen","og_description":"Royal Tunbridge Wells sah 1606 ihre Urspr\u00fcnge als Kurstadt, als die Heilquellen von Lord North entdeckt wurden; die Nachricht der Quellen verbreitete sich schnell, und Besucher kamen von \u00fcberall her, um sich an den Gew\u00e4ssern zu laben. Die Quelle befindet sich in den Pantiles, dem urspr\u00fcnglichen Teil der Stadt, einer Allee, gepflastert mit gebogenen Dachziegeln [&hellip;]","og_url":"https:\/\/www.urlaubcornwall.de\/blog\/tunbridge-wells-der-weald-von-kent-unterkunft-sehenswuerdigkeiten-und-geschichte\/","og_site_name":"Urlaub &amp; Reisen","article_modified_time":"2024-05-28T14:27:00+00:00","twitter_card":"summary","twitter_misc":{"Est. reading time":"2 minutes"},"schema":{"@context":"https:\/\/schema.org","@graph":[{"@type":"WebSite","@id":"https:\/\/www.urlaubcornwall.de\/blog\/#website","url":"https:\/\/www.urlaubcornwall.de\/blog\/","name":"Urlaub &amp; Reisen","description":"Urlaub, Reisen, Cornwall und S\u00fcdengland: eine perfekte Kombination","potentialAction":[{"@type":"SearchAction","target":{"@type":"EntryPoint","urlTemplate":"https:\/\/www.urlaubcornwall.de\/blog\/?s={search_term_string}"},"query-input":"required name=search_term_string"}],"inLanguage":"en-US"},{"@type":"WebPage","@id":"https:\/\/www.urlaubcornwall.de\/blog\/tunbridge-wells-der-weald-von-kent-unterkunft-sehenswuerdigkeiten-und-geschichte\/","url":"https:\/\/www.urlaubcornwall.de\/blog\/tunbridge-wells-der-weald-von-kent-unterkunft-sehenswuerdigkeiten-und-geschichte\/","name":"Tunbridge Wells & der Weald von Kent: Unterkunft, Sehensw\u00fcrdigkeiten und Geschichte - Urlaub &amp; Reisen","isPartOf":{"@id":"https:\/\/www.urlaubcornwall.de\/blog\/#website"},"datePublished":"2016-06-21T09:43:26+00:00","dateModified":"2024-05-28T14:27:00+00:00","breadcrumb":{"@id":"https:\/\/www.urlaubcornwall.de\/blog\/tunbridge-wells-der-weald-von-kent-unterkunft-sehenswuerdigkeiten-und-geschichte\/#breadcrumb"},"inLanguage":"en-US","potentialAction":[{"@type":"ReadAction","target":["https:\/\/www.urlaubcornwall.de\/blog\/tunbridge-wells-der-weald-von-kent-unterkunft-sehenswuerdigkeiten-und-geschichte\/"]}]},{"@type":"BreadcrumbList","@id":"https:\/\/www.urlaubcornwall.de\/blog\/tunbridge-wells-der-weald-von-kent-unterkunft-sehenswuerdigkeiten-und-geschichte\/#breadcrumb","itemListElement":[{"@type":"ListItem","position":1,"name":"Home","item":"https:\/\/www.urlaubcornwall.de\/blog\/"},{"@type":"ListItem","position":2,"name":"Tunbridge Wells &#038; der Weald von Kent: Unterkunft, Sehensw\u00fcrdigkeiten und Geschichte"}]}]}},"_links":{"self":[{"href":"https:\/\/www.urlaubcornwall.de\/blog\/wp-json\/wp\/v2\/pages\/24617"}],"collection":[{"href":"https:\/\/www.urlaubcornwall.de\/blog\/wp-json\/wp\/v2\/pages"}],"about":[{"href":"https:\/\/www.urlaubcornwall.de\/blog\/wp-json\/wp\/v2\/types\/page"}],"author":[{"embeddable":true,"href":"https:\/\/www.urlaubcornwall.de\/blog\/wp-json\/wp\/v2\/users\/1"}],"replies":[{"embeddable":true,"href":"https:\/\/www.urlaubcornwall.de\/blog\/wp-json\/wp\/v2\/comments?post=24617"}],"version-history":[{"count":9,"href":"https:\/\/www.urlaubcornwall.de\/blog\/wp-json\/wp\/v2\/pages\/24617\/revisions"}],"predecessor-version":[{"id":50470,"href":"https:\/\/www.urlaubcornwall.de\/blog\/wp-json\/wp\/v2\/pages\/24617\/revisions\/50470"}],"wp:attachment":[{"href":"https:\/\/www.urlaubcornwall.de\/blog\/wp-json\/wp\/v2\/media?parent=24617"}],"curies":[{"name":"wp","href":"https:\/\/api.w.org\/{rel}","templated":true}]}}